(368475,'t_3f2409c79b01556399341a2b06cd4b','a:7:{s:22:\"shipping_for_package_0\";s:92:\"a:2:{s:12:\"package_hash\";s:40:\"wc_ship_88ba3836bd81ca9e24d8fc37e3e267c7\";s:5:\"rates\";a:0:{}}\";s:25:\"previous_shipping_methods\";s:16:\"a:1:{i:0;a:0:{}}\";s:23:\"chosen_shipping_methods\";s:17:\"a:1:{i:0;s:0:\"\";}\";s:22:\"shipping_method_counts\";s:14:\"a:1:{i:0;i:0;}\";s:11:\"cart_totals\";s:393:\"a:15:{s:8:\"subtotal\";s:2:\"69\";s:12:\"subtotal_tax\";d:0;s:14:\"shipping_total\";s:1:\"0\";s:12:\"shipping_tax\";d:0;s:14:\"shipping_taxes\";a:0:{}s:14:\"discount_total\";d:0;s:12:\"discount_tax\";d:0;s:19:\"cart_contents_total\";s:2:\"69\";s:17:\"cart_contents_tax\";i:0;s:19:\"cart_contents_taxes\";a:0:{}s:9:\"fee_total\";s:1:\"0\";s:7:\"fee_tax\";d:0;s:9:\"fee_taxes\";a:0:{}s:5:\"total\";s:5:\"69.00\";s:9:\"total_tax\";d:0;}\";s:4:\"cart\";s:412:\"a:1:{s:32:\"0e139b17a92b2df7d6c3c840e51465fe\";a:11:{s:3:\"key\";s:32:\"0e139b17a92b2df7d6c3c840e51465fe\";s:10:\"product_id\";i:4266;s:12:\"variation_id\";i:0;s:9:\"variation\";a:0:{}s:8:\"quantity\";i:1;s:9:\"data_hash\";s:32:\"b5c1d5ca8bae6d4896cf1807cdf763f0\";s:13:\"line_tax_data\";a:2:{s:8:\"subtotal\";a:0:{}s:5:\"total\";a:0:{}}s:13:\"line_subtotal\";d:69;s:17:\"line_subtotal_tax\";d:0;s:10:\"line_total\";d:69;s:8:\"line_tax\";d:0;}}\";s:8:\"customer\";s:738:\"a:28:{s:2:\"id\";s:1:\"0\";s:13:\"date_modified\";s:0:\"\";s:10:\"first_name\";s:0:\"\";s:9:\"last_name\";s:0:\"\";s:7:\"company\";s:0:\"\";s:5:\"phone\";s:0:\"\";s:5:\"email\";s:0:\"\";s:7:\"address\";s:0:\"\";s:9:\"address_1\";s:0:\"\";s:9:\"address_2\";s:0:\"\";s:4:\"city\";s:0:\"\";s:5:\"state\";s:0:\"\";s:8:\"postcode\";s:0:\"\";s:7:\"country\";s:2:\"BE\";s:19:\"shipping_first_name\";s:0:\"\";s:18:\"shipping_last_name\";s:0:\"\";s:16:\"shipping_company\";s:0:\"\";s:14:\"shipping_phone\";s:0:\"\";s:16:\"shipping_address\";s:0:\"\";s:18:\"shipping_address_1\";s:0:\"\";s:18:\"shipping_address_2\";s:0:\"\";s:13:\"shipping_city\";s:0:\"\";s:14:\"shipping_state\";s:0:\"\";s:17:\"shipping_postcode\";s:0:\"\";s:16:\"shipping_country\";s:2:\"BE\";s:13:\"is_vat_exempt\";s:0:\"\";s:19:\"calculated_shipping\";s:0:\"\";s:9:\"meta_data\";a:0:{}}\";}',1755868092),(368476,'t_7993c7a7b33971132e8ace7822d7ac','a:7:{s:22:\"shipping_for_package_0\";s:92:\"a:2:{s:12:\"package_hash\";s:40:\"wc_ship_88ba3836bd81ca9e24d8fc37e3e267c7\";s:5:\"rates\";a:0:{}}\";s:25:\"previous_shipping_methods\";s:16:\"a:1:{i:0;a:0:{}}\";s:23:\"chosen_shipping_methods\";s:17:\"a:1:{i:0;s:0:\"\";}\";s:22:\"shipping_method_counts\";s:14:\"a:1:{i:0;i:0;}\";s:11:\"cart_totals\";s:393:\"a:15:{s:8:\"subtotal\";s:2:\"69\";s:12:\"subtotal_tax\";d:0;s:14:\"shipping_total\";s:1:\"0\";s:12:\"shipping_tax\";d:0;s:14:\"shipping_taxes\";a:0:{}s:14:\"discount_total\";d:0;s:12:\"discount_tax\";d:0;s:19:\"cart_contents_total\";s:2:\"69\";s:17:\"cart_contents_tax\";i:0;s:19:\"cart_contents_taxes\";a:0:{}s:9:\"fee_total\";s:1:\"0\";s:7:\"fee_tax\";d:0;s:9:\"fee_taxes\";a:0:{}s:5:\"total\";s:5:\"69.00\";s:9:\"total_tax\";d:0;}\";s:4:\"cart\";s:412:\"a:1:{s:32:\"0e139b17a92b2df7d6c3c840e51465fe\";a:11:{s:3:\"key\";s:32:\"0e139b17a92b2df7d6c3c840e51465fe\";s:10:\"product_id\";i:4266;s:12:\"variation_id\";i:0;s:9:\"variation\";a:0:{}s:8:\"quantity\";i:1;s:9:\"data_hash\";s:32:\"b5c1d5ca8bae6d4896cf1807cdf763f0\";s:13:\"line_tax_data\";a:2:{s:8:\"subtotal\";a:0:{}s:5:\"total\";a:0:{}}s:13:\"line_subtotal\";d:69;s:17:\"line_subtotal_tax\";d:0;s:10:\"line_total\";d:69;s:8:\"line_tax\";d:0;}}\";s:8:\"customer\";s:738:\"a:28:{s:2:\"id\";s:1:\"0\";s:13:\"date_modified\";s:0:\"\";s:10:\"first_name\";s:0:\"\";s:9:\"last_name\";s:0:\"\";s:7:\"company\";s:0:\"\";s:5:\"phone\";s:0:\"\";s:5:\"email\";s:0:\"\";s:7:\"address\";s:0:\"\";s:9:\"address_1\";s:0:\"\";s:9:\"address_2\";s:0:\"\";s:4:\"city\";s:0:\"\";s:5:\"state\";s:0:\"\";s:8:\"postcode\";s:0:\"\";s:7:\"country\";s:2:\"BE\";s:19:\"shipping_first_name\";s:0:\"\";s:18:\"shipping_last_name\";s:0:\"\";s:16:\"shipping_company\";s:0:\"\";s:14:\"shipping_phone\";s:0:\"\";s:16:\"shipping_address\";s:0:\"\";s:18:\"shipping_address_1\";s:0:\"\";s:18:\"shipping_address_2\";s:0:\"\";s:13:\"shipping_city\";s:0:\"\";s:14:\"shipping_state\";s:0:\"\";s:17:\"shipping_postcode\";s:0:\"\";s:16:\"shipping_country\";s:2:\"BE\";s:13:\"is_vat_exempt\";s:0:\"\";s:19:\"calculated_shipping\";s:0:\"\";s:9:\"meta_data\";a:0:{}}\";}',1755868280),(368477,'t_c541fa07a97fb9cfbdaa96da98e81f','a:7:{s:22:\"shipping_for_package_0\";s:92:\"a:2:{s:12:\"package_hash\";s:40:\"wc_ship_f2a34281a3510b84e640e45bfff1f9a1\";s:5:\"rates\";a:0:{}}\";s:25:\"previous_shipping_methods\";s:16:\"a:1:{i:0;a:0:{}}\";s:23:\"chosen_shipping_methods\";s:17:\"a:1:{i:0;s:0:\"\";}\";s:22:\"shipping_method_counts\";s:14:\"a:1:{i:0;i:0;}\";s:11:\"cart_totals\";s:396:\"a:15:{s:8:\"subtotal\";s:3:\"145\";s:12:\"subtotal_tax\";d:0;s:14:\"shipping_total\";s:1:\"0\";s:12:\"shipping_tax\";d:0;s:14:\"shipping_taxes\";a:0:{}s:14:\"discount_total\";d:0;s:12:\"discount_tax\";d:0;s:19:\"cart_contents_total\";s:3:\"145\";s:17:\"cart_contents_tax\";i:0;s:19:\"cart_contents_taxes\";a:0:{}s:9:\"fee_total\";s:1:\"0\";s:7:\"fee_tax\";d:0;s:9:\"fee_taxes\";a:0:{}s:5:\"total\";s:6:\"145.00\";s:9:\"total_tax\";d:0;}\";s:4:\"cart\";s:414:\"a:1:{s:32:\"13b919438259814cd5be8cb45877d577\";a:11:{s:3:\"key\";s:32:\"13b919438259814cd5be8cb45877d577\";s:10:\"product_id\";i:4177;s:12:\"variation_id\";i:0;s:9:\"variation\";a:0:{}s:8:\"quantity\";i:1;s:9:\"data_hash\";s:32:\"b5c1d5ca8bae6d4896cf1807cdf763f0\";s:13:\"line_tax_data\";a:2:{s:8:\"subtotal\";a:0:{}s:5:\"total\";a:0:{}}s:13:\"line_subtotal\";d:145;s:17:\"line_subtotal_tax\";d:0;s:10:\"line_total\";d:145;s:8:\"line_tax\";d:0;}}\";s:8:\"customer\";s:738:\"a:28:{s:2:\"id\";s:1:\"0\";s:13:\"date_modified\";s:0:\"\";s:10:\"first_name\";s:0:\"\";s:9:\"last_name\";s:0:\"\";s:7:\"company\";s:0:\"\";s:5:\"phone\";s:0:\"\";s:5:\"email\";s:0:\"\";s:7:\"address\";s:0:\"\";s:9:\"address_1\";s:0:\"\";s:9:\"address_2\";s:0:\"\";s:4:\"city\";s:0:\"\";s:5:\"state\";s:0:\"\";s:8:\"postcode\";s:0:\"\";s:7:\"country\";s:2:\"BE\";s:19:\"shipping_first_name\";s:0:\"\";s:18:\"shipping_last_name\";s:0:\"\";s:16:\"shipping_company\";s:0:\"\";s:14:\"shipping_phone\";s:0:\"\";s:16:\"shipping_address\";s:0:\"\";s:18:\"shipping_address_1\";s:0:\"\";s:18:\"shipping_address_2\";s:0:\"\";s:13:\"shipping_city\";s:0:\"\";s:14:\"shipping_state\";s:0:\"\";s:17:\"shipping_postcode\";s:0:\"\";s:16:\"shipping_country\";s:2:\"BE\";s:13:\"is_vat_exempt\";s:0:\"\";s:19:\"calculated_shipping\";s:0:\"\";s:9:\"meta_data\";a:0:{}}\";}',1755868549),(368478,'t_dffbc86fef1cbde3b367fe458ab264','a:7:{s:22:\"shipping_for_package_0\";s:92:\"a:2:{s:12:\"package_hash\";s:40:\"wc_ship_f2a34281a3510b84e640e45bfff1f9a1\";s:5:\"rates\";a:0:{}}\";s:25:\"previous_shipping_methods\";s:16:\"a:1:{i:0;a:0:{}}\";s:23:\"chosen_shipping_methods\";s:17:\"a:1:{i:0;s:0:\"\";}\";s:22:\"shipping_method_counts\";s:14:\"a:1:{i:0;i:0;}\";s:11:\"cart_totals\";s:396:\"a:15:{s:8:\"subtotal\";s:3:\"145\";s:12:\"subtotal_tax\";d:0;s:14:\"shipping_total\";s:1:\"0\";s:12:\"shipping_tax\";d:0;s:14:\"shipping_taxes\";a:0:{}s:14:\"discount_total\";d:0;s:12:\"discount_tax\";d:0;s:19:\"cart_contents_total\";s:3:\"145\";s:17:\"cart_contents_tax\";i:0;s:19:\"cart_contents_taxes\";a:0:{}s:9:\"fee_total\";s:1:\"0\";s:7:\"fee_tax\";d:0;s:9:\"fee_taxes\";a:0:{}s:5:\"total\";s:6:\"145.00\";s:9:\"total_tax\";d:0;}\";s:4:\"cart\";s:414:\"a:1:{s:32:\"13b919438259814cd5be8cb45877d577\";a:11:{s:3:\"key\";s:32:\"13b919438259814cd5be8cb45877d577\";s:10:\"product_id\";i:4177;s:12:\"variation_id\";i:0;s:9:\"variation\";a:0:{}s:8:\"quantity\";i:1;s:9:\"data_hash\";s:32:\"b5c1d5ca8bae6d4896cf1807cdf763f0\";s:13:\"line_tax_data\";a:2:{s:8:\"subtotal\";a:0:{}s:5:\"total\";a:0:{}}s:13:\"line_subtotal\";d:145;s:17:\"line_subtotal_tax\";d:0;s:10:\"line_total\";d:145;s:8:\"line_tax\";d:0;}}\";s:8:\"customer\";s:738:\"a:28:{s:2:\"id\";s:1:\"0\";s:13:\"date_modified\";s:0:\"\";s:10:\"first_name\";s:0:\"\";s:9:\"last_name\";s:0:\"\";s:7:\"company\";s:0:\"\";s:5:\"phone\";s:0:\"\";s:5:\"email\";s:0:\"\";s:7:\"address\";s:0:\"\";s:9:\"address_1\";s:0:\"\";s:9:\"address_2\";s:0:\"\";s:4:\"city\";s:0:\"\";s:5:\"state\";s:0:\"\";s:8:\"postcode\";s:0:\"\";s:7:\"country\";s:2:\"BE\";s:19:\"shipping_first_name\";s:0:\"\";s:18:\"shipping_last_name\";s:0:\"\";s:16:\"shipping_company\";s:0:\"\";s:14:\"shipping_phone\";s:0:\"\";s:16:\"shipping_address\";s:0:\"\";s:18:\"shipping_address_1\";s:0:\"\";s:18:\"shipping_address_2\";s:0:\"\";s:13:\"shipping_city\";s:0:\"\";s:14:\"shipping_state\";s:0:\"\";s:17:\"shipping_postcode\";s:0:\"\";s:16:\"shipping_country\";s:2:\"BE\";s:13:\"is_vat_exempt\";s:0:\"\";s:19:\"calculated_shipping\";s:0:\"\";s:9:\"meta_data\";a:0:{}}\";}',1755868551),(368479,'t_62b4794dd3e960b50e302b86b5ebd1','a:7:{s:22:\"shipping_for_package_0\";s:92:\"a:2:{s:12:\"package_hash\";s:40:\"wc_ship_f2a34281a3510b84e640e45bfff1f9a1\";s:5:\"rates\";a:0:{}}\";s:25:\"previous_shipping_methods\";s:16:\"a:1:{i:0;a:0:{}}\";s:23:\"chosen_shipping_methods\";s:17:\"a:1:{i:0;s:0:\"\";}\";s:22:\"shipping_method_counts\";s:14:\"a:1:{i:0;i:0;}\";s:11:\"cart_totals\";s:396:\"a:15:{s:8:\"subtotal\";s:3:\"145\";s:12:\"subtotal_tax\";d:0;s:14:\"shipping_total\";s:1:\"0\";s:12:\"shipping_tax\";d:0;s:14:\"shipping_taxes\";a:0:{}s:14:\"discount_total\";d:0;s:12:\"discount_tax\";d:0;s:19:\"cart_contents_total\";s:3:\"145\";s:17:\"cart_contents_tax\";i:0;s:19:\"cart_contents_taxes\";a:0:{}s:9:\"fee_total\";s:1:\"0\";s:7:\"fee_tax\";d:0;s:9:\"fee_taxes\";a:0:{}s:5:\"total\";s:6:\"145.00\";s:9:\"total_tax\";d:0;}\";s:4:\"cart\";s:414:\"a:1:{s:32:\"13b919438259814cd5be8cb45877d577\";a:11:{s:3:\"key\";s:32:\"13b919438259814cd5be8cb45877d577\";s:10:\"product_id\";i:4177;s:12:\"variation_id\";i:0;s:9:\"variation\";a:0:{}s:8:\"quantity\";i:1;s:9:\"data_hash\";s:32:\"b5c1d5ca8bae6d4896cf1807cdf763f0\";s:13:\"line_tax_data\";a:2:{s:8:\"subtotal\";a:0:{}s:5:\"total\";a:0:{}}s:13:\"line_subtotal\";d:145;s:17:\"line_subtotal_tax\";d:0;s:10:\"line_total\";d:145;s:8:\"line_tax\";d:0;}}\";s:8:\"customer\";s:738:\"a:28:{s:2:\"id\";s:1:\"0\";s:13:\"date_modified\";s:0:\"\";s:10:\"first_name\";s:0:\"\";s:9:\"last_name\";s:0:\"\";s:7:\"company\";s:0:\"\";s:5:\"phone\";s:0:\"\";s:5:\"email\";s:0:\"\";s:7:\"address\";s:0:\"\";s:9:\"address_1\";s:0:\"\";s:9:\"address_2\";s:0:\"\";s:4:\"city\";s:0:\"\";s:5:\"state\";s:0:\"\";s:8:\"postcode\";s:0:\"\";s:7:\"country\";s:2:\"BE\";s:19:\"shipping_first_name\";s:0:\"\";s:18:\"shipping_last_name\";s:0:\"\";s:16:\"shipping_company\";s:0:\"\";s:14:\"shipping_phone\";s:0:\"\";s:16:\"shipping_address\";s:0:\"\";s:18:\"shipping_address_1\";s:0:\"\";s:18:\"shipping_address_2\";s:0:\"\";s:13:\"shipping_city\";s:0:\"\";s:14:\"shipping_state\";s:0:\"\";s:17:\"shipping_postcode\";s:0:\"\";s:16:\"shipping_country\";s:2:\"BE\";s:13:\"is_vat_exempt\";s:0:\"\";s:19:\"calculated_shipping\";s:0:\"\";s:9:\"meta_data\";a:0:{}}\";}',1755868553),(368480,'t_0130e8c1e06fcdeddce9229ad97330','a:7:{s:22:\"shipping_for_package_0\";s:92:\"a:2:{s:12:\"package_hash\";s:40:\"wc_ship_f2a34281a3510b84e640e45bfff1f9a1\";s:5:\"rates\";a:0:{}}\";s:25:\"previous_shipping_methods\";s:16:\"a:1:{i:0;a:0:{}}\";s:23:\"chosen_shipping_methods\";s:17:\"a:1:{i:0;s:0:\"\";}\";s:22:\"shipping_method_counts\";s:14:\"a:1:{i:0;i:0;}\";s:11:\"cart_totals\";s:396:\"a:15:{s:8:\"subtotal\";s:3:\"145\";s:12:\"subtotal_tax\";d:0;s:14:\"shipping_total\";s:1:\"0\";s:12:\"shipping_tax\";d:0;s:14:\"shipping_taxes\";a:0:{}s:14:\"discount_total\";d:0;s:12:\"discount_tax\";d:0;s:19:\"cart_contents_total\";s:3:\"145\";s:17:\"cart_contents_tax\";i:0;s:19:\"cart_contents_taxes\";a:0:{}s:9:\"fee_total\";s:1:\"0\";s:7:\"fee_tax\";d:0;s:9:\"fee_taxes\";a:0:{}s:5:\"total\";s:6:\"145.00\";s:9:\"total_tax\";d:0;}\";s:4:\"cart\";s:414:\"a:1:{s:32:\"13b919438259814cd5be8cb45877d577\";a:11:{s:3:\"key\";s:32:\"13b919438259814cd5be8cb45877d577\";s:10:\"product_id\";i:4177;s:12:\"variation_id\";i:0;s:9:\"variation\";a:0:{}s:8:\"quantity\";i:1;s:9:\"data_hash\";s:32:\"b5c1d5ca8bae6d4896cf1807cdf763f0\";s:13:\"line_tax_data\";a:2:{s:8:\"subtotal\";a:0:{}s:5:\"total\";a:0:{}}s:13:\"line_subtotal\";d:145;s:17:\"line_subtotal_tax\";d:0;s:10:\"line_total\";d:145;s:8:\"line_tax\";d:0;}}\";s:8:\"customer\";s:738:\"a:28:{s:2:\"id\";s:1:\"0\";s:13:\"date_modified\";s:0:\"\";s:10:\"first_name\";s:0:\"\";s:9:\"last_name\";s:0:\"\";s:7:\"company\";s:0:\"\";s:5:\"phone\";s:0:\"\";s:5:\"email\";s:0:\"\";s:7:\"address\";s:0:\"\";s:9:\"address_1\";s:0:\"\";s:9:\"address_2\";s:0:\"\";s:4:\"city\";s:0:\"\";s:5:\"state\";s:0:\"\";s:8:\"postcode\";s:0:\"\";s:7:\"country\";s:2:\"BE\";s:19:\"shipping_first_name\";s:0:\"\";s:18:\"shipping_last_name\";s:0:\"\";s:16:\"shipping_company\";s:0:\"\";s:14:\"shipping_phone\";s:0:\"\";s:16:\"shipping_address\";s:0:\"\";s:18:\"shipping_address_1\";s:0:\"\";s:18:\"shipping_address_2\";s:0:\"\";s:13:\"shipping_city\";s:0:\"\";s:14:\"shipping_state\";s:0:\"\";s:17:\"shipping_postcode\";s:0:\"\";s:16:\"shipping_country\";s:2:\"BE\";s:13:\"is_vat_exempt\";s:0:\"\";s:19:\"calculated_shipping\";s:0:\"\";s:9:\"meta_data\";a:0:{}}\";}',1755868555),(368481,'t_5e5fc9883fb472e9b0651ce9e36e4e','a:7:{s:22:\"shipping_for_package_0\";s:92:\"a:2:{s:12:\"package_hash\";s:40:\"wc_ship_f2a34281a3510b84e640e45bfff1f9a1\";s:5:\"rates\";a:0:{}}\";s:25:\"previous_shipping_methods\";s:16:\"a:1:{i:0;a:0:{}}\";s:23:\"chosen_shipping_methods\";s:17:\"a:1:{i:0;s:0:\"\";}\";s:22:\"shipping_method_counts\";s:14:\"a:1:{i:0;i:0;}\";s:11:\"cart_totals\";s:396:\"a:15:{s:8:\"subtotal\";s:3:\"145\";s:12:\"subtotal_tax\";d:0;s:14:\"shipping_total\";s:1:\"0\";s:12:\"shipping_tax\";d:0;s:14:\"shipping_taxes\";a:0:{}s:14:\"discount_total\";d:0;s:12:\"discount_tax\";d:0;s:19:\"cart_contents_total\";s:3:\"145\";s:17:\"cart_contents_tax\";i:0;s:19:\"cart_contents_taxes\";a:0:{}s:9:\"fee_total\";s:1:\"0\";s:7:\"fee_tax\";d:0;s:9:\"fee_taxes\";a:0:{}s:5:\"total\";s:6:\"145.00\";s:9:\"total_tax\";d:0;}\";s:4:\"cart\";s:414:\"a:1:{s:32:\"13b919438259814cd5be8cb45877d577\";a:11:{s:3:\"key\";s:32:\"13b919438259814cd5be8cb45877d577\";s:10:\"product_id\";i:4177;s:12:\"variation_id\";i:0;s:9:\"variation\";a:0:{}s:8:\"quantity\";i:1;s:9:\"data_hash\";s:32:\"b5c1d5ca8bae6d4896cf1807cdf763f0\";s:13:\"line_tax_data\";a:2:{s:8:\"subtotal\";a:0:{}s:5:\"total\";a:0:{}}s:13:\"line_subtotal\";d:145;s:17:\"line_subtotal_tax\";d:0;s:10:\"line_total\";d:145;s:8:\"line_tax\";d:0;}}\";s:8:\"customer\";s:738:\"a:28:{s:2:\"id\";s:1:\"0\";s:13:\"date_modified\";s:0:\"\";s:10:\"first_name\";s:0:\"\";s:9:\"last_name\";s:0:\"\";s:7:\"company\";s:0:\"\";s:5:\"phone\";s:0:\"\";s:5:\"email\";s:0:\"\";s:7:\"address\";s:0:\"\";s:9:\"address_1\";s:0:\"\";s:9:\"address_2\";s:0:\"\";s:4:\"city\";s:0:\"\";s:5:\"state\";s:0:\"\";s:8:\"postcode\";s:0:\"\";s:7:\"country\";s:2:\"BE\";s:19:\"shipping_first_name\";s:0:\"\";s:18:\"shipping_last_name\";s:0:\"\";s:16:\"shipping_company\";s:0:\"\";s:14:\"shipping_phone\";s:0:\"\";s:16:\"shipping_address\";s:0:\"\";s:18:\"shipping_address_1\";s:0:\"\";s:18:\"shipping_address_2\";s:0:\"\";s:13:\"shipping_city\";s:0:\"\";s:14:\"shipping_state\";s:0:\"\";s:17:\"shipping_postcode\";s:0:\"\";s:16:\"shipping_country\";s:2:\"BE\";s:13:\"is_vat_exempt\";s:0:\"\";s:19:\"calculated_shipping\";s:0:\"\";s:9:\"meta_data\";a:0:{}}\";}',1755868556),(368482,'t_c8a8a7d41c472cc9e4f521192bd907','a:7:{s:22:\"shipping_for_package_0\";s:92:\"a:2:{s:12:\"package_hash\";s:40:\"wc_ship_f2a34281a3510b84e640e45bfff1f9a1\";s:5:\"rates\";a:0:{}}\";s:25:\"previous_shipping_methods\";s:16:\"a:1:{i:0;a:0:{}}\";s:23:\"chosen_shipping_methods\";s:17:\"a:1:{i:0;s:0:\"\";}\";s:22:\"shipping_method_counts\";s:14:\"a:1:{i:0;i:0;}\";s:11:\"cart_totals\";s:396:\"a:15:{s:8:\"subtotal\";s:3:\"145\";s:12:\"subtotal_tax\";d:0;s:14:\"shipping_total\";s:1:\"0\";s:12:\"shipping_tax\";d:0;s:14:\"shipping_taxes\";a:0:{}s:14:\"discount_total\";d:0;s:12:\"discount_tax\";d:0;s:19:\"cart_contents_total\";s:3:\"145\";s:17:\"cart_contents_tax\";i:0;s:19:\"cart_contents_taxes\";a:0:{}s:9:\"fee_total\";s:1:\"0\";s:7:\"fee_tax\";d:0;s:9:\"fee_taxes\";a:0:{}s:5:\"total\";s:6:\"145.00\";s:9:\"total_tax\";d:0;}\";s:4:\"cart\";s:414:\"a:1:{s:32:\"13b919438259814cd5be8cb45877d577\";a:11:{s:3:\"key\";s:32:\"13b919438259814cd5be8cb45877d577\";s:10:\"product_id\";i:4177;s:12:\"variation_id\";i:0;s:9:\"variation\";a:0:{}s:8:\"quantity\";i:1;s:9:\"data_hash\";s:32:\"b5c1d5ca8bae6d4896cf1807cdf763f0\";s:13:\"line_tax_data\";a:2:{s:8:\"subtotal\";a:0:{}s:5:\"total\";a:0:{}}s:13:\"line_subtotal\";d:145;s:17:\"line_subtotal_tax\";d:0;s:10:\"line_total\";d:145;s:8:\"line_tax\";d:0;}}\";s:8:\"customer\";s:738:\"a:28:{s:2:\"id\";s:1:\"0\";s:13:\"date_modified\";s:0:\"\";s:10:\"first_name\";s:0:\"\";s:9:\"last_name\";s:0:\"\";s:7:\"company\";s:0:\"\";s:5:\"phone\";s:0:\"\";s:5:\"email\";s:0:\"\";s:7:\"address\";s:0:\"\";s:9:\"address_1\";s:0:\"\";s:9:\"address_2\";s:0:\"\";s:4:\"city\";s:0:\"\";s:5:\"state\";s:0:\"\";s:8:\"postcode\";s:0:\"\";s:7:\"country\";s:2:\"BE\";s:19:\"shipping_first_name\";s:0:\"\";s:18:\"shipping_last_name\";s:0:\"\";s:16:\"shipping_company\";s:0:\"\";s:14:\"shipping_phone\";s:0:\"\";s:16:\"shipping_address\";s:0:\"\";s:18:\"shipping_address_1\";s:0:\"\";s:18:\"shipping_address_2\";s:0:\"\";s:13:\"shipping_city\";s:0:\"\";s:14:\"shipping_state\";s:0:\"\";s:17:\"shipping_postcode\";s:0:\"\";s:16:\"shipping_country\";s:2:\"BE\";s:13:\"is_vat_exempt\";s:0:\"\";s:19:\"calculated_shipping\";s:0:\"\";s:9:\"meta_data\";a:0:{}}\";}',1755868558),(368483,'t_5b3d65688bb9e7bab5e7e7e361752e','a:7:{s:22:\"shipping_for_package_0\";s:92:\"a:2:{s:12:\"package_hash\";s:40:\"wc_ship_f2a34281a3510b84e640e45bfff1f9a1\";s:5:\"rates\";a:0:{}}\";s:25:\"previous_shipping_methods\";s:16:\"a:1:{i:0;a:0:{}}\";s:23:\"chosen_shipping_methods\";s:17:\"a:1:{i:0;s:0:\"\";}\";s:22:\"shipping_method_counts\";s:14:\"a:1:{i:0;i:0;}\";s:11:\"cart_totals\";s:396:\"a:15:{s:8:\"subtotal\";s:3:\"145\";s:12:\"subtotal_tax\";d:0;s:14:\"shipping_total\";s:1:\"0\";s:12:\"shipping_tax\";d:0;s:14:\"shipping_taxes\";a:0:{}s:14:\"discount_total\";d:0;s:12:\"discount_tax\";d:0;s:19:\"cart_contents_total\";s:3:\"145\";s:17:\"cart_contents_tax\";i:0;s:19:\"cart_contents_taxes\";a:0:{}s:9:\"fee_total\";s:1:\"0\";s:7:\"fee_tax\";d:0;s:9:\"fee_taxes\";a:0:{}s:5:\"total\";s:6:\"145.00\";s:9:\"total_tax\";d:0;}\";s:4:\"cart\";s:414:\"a:1:{s:32:\"13b919438259814cd5be8cb45877d577\";a:11:{s:3:\"key\";s:32:\"13b919438259814cd5be8cb45877d577\";s:10:\"product_id\";i:4177;s:12:\"variation_id\";i:0;s:9:\"variation\";a:0:{}s:8:\"quantity\";i:1;s:9:\"data_hash\";s:32:\"b5c1d5ca8bae6d4896cf1807cdf763f0\";s:13:\"line_tax_data\";a:2:{s:8:\"subtotal\";a:0:{}s:5:\"total\";a:0:{}}s:13:\"line_subtotal\";d:145;s:17:\"line_subtotal_tax\";d:0;s:10:\"line_total\";d:145;s:8:\"line_tax\";d:0;}}\";s:8:\"customer\";s:738:\"a:28:{s:2:\"id\";s:1:\"0\";s:13:\"date_modified\";s:0:\"\";s:10:\"first_name\";s:0:\"\";s:9:\"last_name\";s:0:\"\";s:7:\"company\";s:0:\"\";s:5:\"phone\";s:0:\"\";s:5:\"email\";s:0:\"\";s:7:\"address\";s:0:\"\";s:9:\"address_1\";s:0:\"\";s:9:\"address_2\";s:0:\"\";s:4:\"city\";s:0:\"\";s:5:\"state\";s:0:\"\";s:8:\"postcode\";s:0:\"\";s:7:\"country\";s:2:\"BE\";s:19:\"shipping_first_name\";s:0:\"\";s:18:\"shipping_last_name\";s:0:\"\";s:16:\"shipping_company\";s:0:\"\";s:14:\"shipping_phone\";s:0:\"\";s:16:\"shipping_address\";s:0:\"\";s:18:\"shipping_address_1\";s:0:\"\";s:18:\"shipping_address_2\";s:0:\"\";s:13:\"shipping_city\";s:0:\"\";s:14:\"shipping_state\";s:0:\"\";s:17:\"shipping_postcode\";s:0:\"\";s:16:\"shipping_country\";s:2:\"BE\";s:13:\"is_vat_exempt\";s:0:\"\";s:19:\"calculated_shipping\";s:0:\"\";s:9:\"meta_data\";a:0:{}}\";}',1755868560),(368484,'t_f144cc2a0b75ce74ca412083ae41e9','a:7:{s:22:\"shipping_for_package_0\";s:92:\"a:2:{s:12:\"package_hash\";s:40:\"wc_ship_f2a34281a3510b84e640e45bfff1f9a1\";s:5:\"rates\";a:0:{}}\";s:25:\"previous_shipping_methods\";s:16:\"a:1:{i:0;a:0:{}}\";s:23:\"chosen_shipping_methods\";s:17:\"a:1:{i:0;s:0:\"\";}\";s:22:\"shipping_method_counts\";s:14:\"a:1:{i:0;i:0;}\";s:11:\"cart_totals\";s:396:\"a:15:{s:8:\"subtotal\";s:3:\"145\";s:12:\"subtotal_tax\";d:0;s:14:\"shipping_total\";s:1:\"0\";s:12:\"shipping_tax\";d:0;s:14:\"shipping_taxes\";a:0:{}s:14:\"discount_total\";d:0;s:12:\"discount_tax\";d:0;s:19:\"cart_contents_total\";s:3:\"145\";s:17:\"cart_contents_tax\";i:0;s:19:\"cart_contents_taxes\";a:0:{}s:9:\"fee_total\";s:1:\"0\";s:7:\"fee_tax\";d:0;s:9:\"fee_taxes\";a:0:{}s:5:\"total\";s:6:\"145.00\";s:9:\"total_tax\";d:0;}\";s:4:\"cart\";s:414:\"a:1:{s:32:\"13b919438259814cd5be8cb45877d577\";a:11:{s:3:\"key\";s:32:\"13b919438259814cd5be8cb45877d577\";s:10:\"product_id\";i:4177;s:12:\"variation_id\";i:0;s:9:\"variation\";a:0:{}s:8:\"quantity\";i:1;s:9:\"data_hash\";s:32:\"b5c1d5ca8bae6d4896cf1807cdf763f0\";s:13:\"line_tax_data\";a:2:{s:8:\"subtotal\";a:0:{}s:5:\"total\";a:0:{}}s:13:\"line_subtotal\";d:145;s:17:\"line_subtotal_tax\";d:0;s:10:\"line_total\";d:145;s:8:\"line_tax\";d:0;}}\";s:8:\"customer\";s:738:\"a:28:{s:2:\"id\";s:1:\"0\";s:13:\"date_modified\";s:0:\"\";s:10:\"first_name\";s:0:\"\";s:9:\"last_name\";s:0:\"\";s:7:\"company\";s:0:\"\";s:5:\"phone\";s:0:\"\";s:5:\"email\";s:0:\"\";s:7:\"address\";s:0:\"\";s:9:\"address_1\";s:0:\"\";s:9:\"address_2\";s:0:\"\";s:4:\"city\";s:0:\"\";s:5:\"state\";s:0:\"\";s:8:\"postcode\";s:0:\"\";s:7:\"country\";s:2:\"BE\";s:19:\"shipping_first_name\";s:0:\"\";s:18:\"shipping_last_name\";s:0:\"\";s:16:\"shipping_company\";s:0:\"\";s:14:\"shipping_phone\";s:0:\"\";s:16:\"shipping_address\";s:0:\"\";s:18:\"shipping_address_1\";s:0:\"\";s:18:\"shipping_address_2\";s:0:\"\";s:13:\"shipping_city\";s:0:\"\";s:14:\"shipping_state\";s:0:\"\";s:17:\"shipping_postcode\";s:0:\"\";s:16:\"shipping_country\";s:2:\"BE\";s:13:\"is_vat_exempt\";s:0:\"\";s:19:\"calculated_shipping\";s:0:\"\";s:9:\"meta_data\";a:0:{}}\";}',1755868562),(368485,'t_a8d18f550cbb0e7a5c1b9568ac926c','a:7:{s:22:\"shipping_for_package_0\";s:92:\"a:2:{s:12:\"package_hash\";s:40:\"wc_ship_f2a34281a3510b84e640e45bfff1f9a1\";s:5:\"rates\";a:0:{}}\";s:25:\"previous_shipping_methods\";s:16:\"a:1:{i:0;a:0:{}}\";s:23:\"chosen_shipping_methods\";s:17:\"a:1:{i:0;s:0:\"\";}\";s:22:\"shipping_method_counts\";s:14:\"a:1:{i:0;i:0;}\";s:11:\"cart_totals\";s:396:\"a:15:{s:8:\"subtotal\";s:3:\"145\";s:12:\"subtotal_tax\";d:0;s:14:\"shipping_total\";s:1:\"0\";s:12:\"shipping_tax\";d:0;s:14:\"shipping_taxes\";a:0:{}s:14:\"discount_total\";d:0;s:12:\"discount_tax\";d:0;s:19:\"cart_contents_total\";s:3:\"145\";s:17:\"cart_contents_tax\";i:0;s:19:\"cart_contents_taxes\";a:0:{}s:9:\"fee_total\";s:1:\"0\";s:7:\"fee_tax\";d:0;s:9:\"fee_taxes\";a:0:{}s:5:\"total\";s:6:\"145.00\";s:9:\"total_tax\";d:0;}\";s:4:\"cart\";s:414:\"a:1:{s:32:\"13b919438259814cd5be8cb45877d577\";a:11:{s:3:\"key\";s:32:\"13b919438259814cd5be8cb45877d577\";s:10:\"product_id\";i:4177;s:12:\"variation_id\";i:0;s:9:\"variation\";a:0:{}s:8:\"quantity\";i:1;s:9:\"data_hash\";s:32:\"b5c1d5ca8bae6d4896cf1807cdf763f0\";s:13:\"line_tax_data\";a:2:{s:8:\"subtotal\";a:0:{}s:5:\"total\";a:0:{}}s:13:\"line_subtotal\";d:145;s:17:\"line_subtotal_tax\";d:0;s:10:\"line_total\";d:145;s:8:\"line_tax\";d:0;}}\";s:8:\"customer\";s:738:\"a:28:{s:2:\"id\";s:1:\"0\";s:13:\"date_modified\";s:0:\"\";s:10:\"first_name\";s:0:\"\";s:9:\"last_name\";s:0:\"\";s:7:\"company\";s:0:\"\";s:5:\"phone\";s:0:\"\";s:5:\"email\";s:0:\"\";s:7:\"address\";s:0:\"\";s:9:\"address_1\";s:0:\"\";s:9:\"address_2\";s:0:\"\";s:4:\"city\";s:0:\"\";s:5:\"state\";s:0:\"\";s:8:\"postcode\";s:0:\"\";s:7:\"country\";s:2:\"BE\";s:19:\"shipping_first_name\";s:0:\"\";s:18:\"shipping_last_name\";s:0:\"\";s:16:\"shipping_company\";s:0:\"\";s:14:\"shipping_phone\";s:0:\"\";s:16:\"shipping_address\";s:0:\"\";s:18:\"shipping_address_1\";s:0:\"\";s:18:\"shipping_address_2\";s:0:\"\";s:13:\"shipping_city\";s:0:\"\";s:14:\"shipping_state\";s:0:\"\";s:17:\"shipping_postcode\";s:0:\"\";s:16:\"shipping_country\";s:2:\"BE\";s:13:\"is_vat_exempt\";s:0:\"\";s:19:\"calculated_shipping\";s:0:\"\";s:9:\"meta_data\";a:0:{}}\";}',1755868564),(368486,'t_1039e26974f07f1a5049152d8f2b43','a:7:{s:22:\"shipping_for_package_0\";s:92:\"a:2:{s:12:\"package_hash\";s:40:\"wc_ship_f2a34281a3510b84e640e45bfff1f9a1\";s:5:\"rates\";a:0:{}}\";s:25:\"previous_shipping_methods\";s:16:\"a:1:{i:0;a:0:{}}\";s:23:\"chosen_shipping_methods\";s:17:\"a:1:{i:0;s:0:\"\";}\";s:22:\"shipping_method_counts\";s:14:\"a:1:{i:0;i:0;}\";s:11:\"cart_totals\";s:396:\"a:15:{s:8:\"subtotal\";s:3:\"145\";s:12:\"subtotal_tax\";d:0;s:14:\"shipping_total\";s:1:\"0\";s:12:\"shipping_tax\";d:0;s:14:\"shipping_taxes\";a:0:{}s:14:\"discount_total\";d:0;s:12:\"discount_tax\";d:0;s:19:\"cart_contents_total\";s:3:\"145\";s:17:\"cart_contents_tax\";i:0;s:19:\"cart_contents_taxes\";a:0:{}s:9:\"fee_total\";s:1:\"0\";s:7:\"fee_tax\";d:0;s:9:\"fee_taxes\";a:0:{}s:5:\"total\";s:6:\"145.00\";s:9:\"total_tax\";d:0;}\";s:4:\"cart\";s:414:\"a:1:{s:32:\"13b919438259814cd5be8cb45877d577\";a:11:{s:3:\"key\";s:32:\"13b919438259814cd5be8cb45877d577\";s:10:\"product_id\";i:4177;s:12:\"variation_id\";i:0;s:9:\"variation\";a:0:{}s:8:\"quantity\";i:1;s:9:\"data_hash\";s:32:\"b5c1d5ca8bae6d4896cf1807cdf763f0\";s:13:\"line_tax_data\";a:2:{s:8:\"subtotal\";a:0:{}s:5:\"total\";a:0:{}}s:13:\"line_subtotal\";d:145;s:17:\"line_subtotal_tax\";d:0;s:10:\"line_total\";d:145;s:8:\"line_tax\";d:0;}}\";s:8:\"customer\";s:738:\"a:28:{s:2:\"id\";s:1:\"0\";s:13:\"date_modified\";s:0:\"\";s:10:\"first_name\";s:0:\"\";s:9:\"last_name\";s:0:\"\";s:7:\"company\";s:0:\"\";s:5:\"phone\";s:0:\"\";s:5:\"email\";s:0:\"\";s:7:\"address\";s:0:\"\";s:9:\"address_1\";s:0:\"\";s:9:\"address_2\";s:0:\"\";s:4:\"city\";s:0:\"\";s:5:\"state\";s:0:\"\";s:8:\"postcode\";s:0:\"\";s:7:\"country\";s:2:\"BE\";s:19:\"shipping_first_name\";s:0:\"\";s:18:\"shipping_last_name\";s:0:\"\";s:16:\"shipping_company\";s:0:\"\";s:14:\"shipping_phone\";s:0:\"\";s:16:\"shipping_address\";s:0:\"\";s:18:\"shipping_address_1\";s:0:\"\";s:18:\"shipping_address_2\";s:0:\"\";s:13:\"shipping_city\";s:0:\"\";s:14:\"shipping_state\";s:0:\"\";s:17:\"shipping_postcode\";s:0:\"\";s:16:\"shipping_country\";s:2:\"BE\";s:13:\"is_vat_exempt\";s:0:\"\";s:19:\"calculated_shipping\";s:0:\"\";s:9:\"meta_data\";a:0:{}}\";}',1755868566),(368487,'t_161c30a4889c7f611de2697cbb2aa0','a:7:{s:22:\"shipping_for_package_0\";s:92:\"a:2:{s:12:\"package_hash\";s:40:\"wc_ship_f2a34281a3510b84e640e45bfff1f9a1\";s:5:\"rates\";a:0:{}}\";s:25:\"previous_shipping_methods\";s:16:\"a:1:{i:0;a:0:{}}\";s:23:\"chosen_shipping_methods\";s:17:\"a:1:{i:0;s:0:\"\";}\";s:22:\"shipping_method_counts\";s:14:\"a:1:{i:0;i:0;}\";s:11:\"cart_totals\";s:396:\"a:15:{s:8:\"subtotal\";s:3:\"145\";s:12:\"subtotal_tax\";d:0;s:14:\"shipping_total\";s:1:\"0\";s:12:\"shipping_tax\";d:0;s:14:\"shipping_taxes\";a:0:{}s:14:\"discount_total\";d:0;s:12:\"discount_tax\";d:0;s:19:\"cart_contents_total\";s:3:\"145\";s:17:\"cart_contents_tax\";i:0;s:19:\"cart_contents_taxes\";a:0:{}s:9:\"fee_total\";s:1:\"0\";s:7:\"fee_tax\";d:0;s:9:\"fee_taxes\";a:0:{}s:5:\"total\";s:6:\"145.00\";s:9:\"total_tax\";d:0;}\";s:4:\"cart\";s:414:\"a:1:{s:32:\"13b919438259814cd5be8cb45877d577\";a:11:{s:3:\"key\";s:32:\"13b919438259814cd5be8cb45877d577\";s:10:\"product_id\";i:4177;s:12:\"variation_id\";i:0;s:9:\"variation\";a:0:{}s:8:\"quantity\";i:1;s:9:\"data_hash\";s:32:\"b5c1d5ca8bae6d4896cf1807cdf763f0\";s:13:\"line_tax_data\";a:2:{s:8:\"subtotal\";a:0:{}s:5:\"total\";a:0:{}}s:13:\"line_subtotal\";d:145;s:17:\"line_subtotal_tax\";d:0;s:10:\"line_total\";d:145;s:8:\"line_tax\";d:0;}}\";s:8:\"customer\";s:738:\"a:28:{s:2:\"id\";s:1:\"0\";s:13:\"date_modified\";s:0:\"\";s:10:\"first_name\";s:0:\"\";s:9:\"last_name\";s:0:\"\";s:7:\"company\";s:0:\"\";s:5:\"phone\";s:0:\"\";s:5:\"email\";s:0:\"\";s:7:\"address\";s:0:\"\";s:9:\"address_1\";s:0:\"\";s:9:\"address_2\";s:0:\"\";s:4:\"city\";s:0:\"\";s:5:\"state\";s:0:\"\";s:8:\"postcode\";s:0:\"\";s:7:\"country\";s:2:\"BE\";s:19:\"shipping_first_name\";s:0:\"\";s:18:\"shipping_last_name\";s:0:\"\";s:16:\"shipping_company\";s:0:\"\";s:14:\"shipping_phone\";s:0:\"\";s:16:\"shipping_address\";s:0:\"\";s:18:\"shipping_address_1\";s:0:\"\";s:18:\"shipping_address_2\";s:0:\"\";s:13:\"shipping_city\";s:0:\"\";s:14:\"shipping_state\";s:0:\"\";s:17:\"shipping_postcode\";s:0:\"\";s:16:\"shipping_country\";s:2:\"BE\";s:13:\"is_vat_exempt\";s:0:\"\";s:19:\"calculated_shipping\";s:0:\"\";s:9:\"meta_data\";a:0:{}}\";}',1755868567),(368488,'t_bac68a5cc22a73d6bb51e3c57ddbac','a:7:{s:22:\"shipping_for_package_0\";s:92:\"a:2:{s:12:\"package_hash\";s:40:\"wc_ship_f2a34281a3510b84e640e45bfff1f9a1\";s:5:\"rates\";a:0:{}}\";s:25:\"previous_shipping_methods\";s:16:\"a:1:{i:0;a:0:{}}\";s:23:\"chosen_shipping_methods\";s:17:\"a:1:{i:0;s:0:\"\";}\";s:22:\"shipping_method_counts\";s:14:\"a:1:{i:0;i:0;}\";s:11:\"cart_totals\";s:396:\"a:15:{s:8:\"subtotal\";s:3:\"145\";s:12:\"subtotal_tax\";d:0;s:14:\"shipping_total\";s:1:\"0\";s:12:\"shipping_tax\";d:0;s:14:\"shipping_taxes\";a:0:{}s:14:\"discount_total\";d:0;s:12:\"discount_tax\";d:0;s:19:\"cart_contents_total\";s:3:\"145\";s:17:\"cart_contents_tax\";i:0;s:19:\"cart_contents_taxes\";a:0:{}s:9:\"fee_total\";s:1:\"0\";s:7:\"fee_tax\";d:0;s:9:\"fee_taxes\";a:0:{}s:5:\"total\";s:6:\"145.00\";s:9:\"total_tax\";d:0;}\";s:4:\"cart\";s:414:\"a:1:{s:32:\"13b919438259814cd5be8cb45877d577\";a:11:{s:3:\"key\";s:32:\"13b919438259814cd5be8cb45877d577\";s:10:\"product_id\";i:4177;s:12:\"variation_id\";i:0;s:9:\"variation\";a:0:{}s:8:\"quantity\";i:1;s:9:\"data_hash\";s:32:\"b5c1d5ca8bae6d4896cf1807cdf763f0\";s:13:\"line_tax_data\";a:2:{s:8:\"subtotal\";a:0:{}s:5:\"total\";a:0:{}}s:13:\"line_subtotal\";d:145;s:17:\"line_subtotal_tax\";d:0;s:10:\"line_total\";d:145;s:8:\"line_tax\";d:0;}}\";s:8:\"customer\";s:738:\"a:28:{s:2:\"id\";s:1:\"0\";s:13:\"date_modified\";s:0:\"\";s:10:\"first_name\";s:0:\"\";s:9:\"last_name\";s:0:\"\";s:7:\"company\";s:0:\"\";s:5:\"phone\";s:0:\"\";s:5:\"email\";s:0:\"\";s:7:\"address\";s:0:\"\";s:9:\"address_1\";s:0:\"\";s:9:\"address_2\";s:0:\"\";s:4:\"city\";s:0:\"\";s:5:\"state\";s:0:\"\";s:8:\"postcode\";s:0:\"\";s:7:\"country\";s:2:\"BE\";s:19:\"shipping_first_name\";s:0:\"\";s:18:\"shipping_last_name\";s:0:\"\";s:16:\"shipping_company\";s:0:\"\";s:14:\"shipping_phone\";s:0:\"\";s:16:\"shipping_address\";s:0:\"\";s:18:\"shipping_address_1\";s:0:\"\";s:18:\"shipping_address_2\";s:0:\"\";s:13:\"shipping_city\";s:0:\"\";s:14:\"shipping_state\";s:0:\"\";s:17:\"shipping_postcode\";s:0:\"\";s:16:\"shipping_country\";s:2:\"BE\";s:13:\"is_vat_exempt\";s:0:\"\";s:19:\"calculated_shipping\";s:0:\"\";s:9:\"meta_data\";a:0:{}}\";}',1755868569),(368489,'t_7590a57ffff7f5eda2ab1d076eaf11','a:7:{s:22:\"shipping_for_package_0\";s:92:\"a:2:{s:12:\"package_hash\";s:40:\"wc_ship_f2a34281a3510b84e640e45bfff1f9a1\";s:5:\"rates\";a:0:{}}\";s:25:\"previous_shipping_methods\";s:16:\"a:1:{i:0;a:0:{}}\";s:23:\"chosen_shipping_methods\";s:17:\"a:1:{i:0;s:0:\"\";}\";s:22:\"shipping_method_counts\";s:14:\"a:1:{i:0;i:0;}\";s:11:\"cart_totals\";s:396:\"a:15:{s:8:\"subtotal\";s:3:\"145\";s:12:\"subtotal_tax\";d:0;s:14:\"shipping_total\";s:1:\"0\";s:12:\"shipping_tax\";d:0;s:14:\"shipping_taxes\";a:0:{}s:14:\"discount_total\";d:0;s:12:\"discount_tax\";d:0;s:19:\"cart_contents_total\";s:3:\"145\";s:17:\"cart_contents_tax\";i:0;s:19:\"cart_contents_taxes\";a:0:{}s:9:\"fee_total\";s:1:\"0\";s:7:\"fee_tax\";d:0;s:9:\"fee_taxes\";a:0:{}s:5:\"total\";s:6:\"145.00\";s:9:\"total_tax\";d:0;}\";s:4:\"cart\";s:414:\"a:1:{s:32:\"13b919438259814cd5be8cb45877d577\";a:11:{s:3:\"key\";s:32:\"13b919438259814cd5be8cb45877d577\";s:10:\"product_id\";i:4177;s:12:\"variation_id\";i:0;s:9:\"variation\";a:0:{}s:8:\"quantity\";i:1;s:9:\"data_hash\";s:32:\"b5c1d5ca8bae6d4896cf1807cdf763f0\";s:13:\"line_tax_data\";a:2:{s:8:\"subtotal\";a:0:{}s:5:\"total\";a:0:{}}s:13:\"line_subtotal\";d:145;s:17:\"line_subtotal_tax\";d:0;s:10:\"line_total\";d:145;s:8:\"line_tax\";d:0;}}\";s:8:\"customer\";s:738:\"a:28:{s:2:\"id\";s:1:\"0\";s:13:\"date_modified\";s:0:\"\";s:10:\"first_name\";s:0:\"\";s:9:\"last_name\";s:0:\"\";s:7:\"company\";s:0:\"\";s:5:\"phone\";s:0:\"\";s:5:\"email\";s:0:\"\";s:7:\"address\";s:0:\"\";s:9:\"address_1\";s:0:\"\";s:9:\"address_2\";s:0:\"\";s:4:\"city\";s:0:\"\";s:5:\"state\";s:0:\"\";s:8:\"postcode\";s:0:\"\";s:7:\"country\";s:2:\"BE\";s:19:\"shipping_first_name\";s:0:\"\";s:18:\"shipping_last_name\";s:0:\"\";s:16:\"shipping_company\";s:0:\"\";s:14:\"shipping_phone\";s:0:\"\";s:16:\"shipping_address\";s:0:\"\";s:18:\"shipping_address_1\";s:0:\"\";s:18:\"shipping_address_2\";s:0:\"\";s:13:\"shipping_city\";s:0:\"\";s:14:\"shipping_state\";s:0:\"\";s:17:\"shipping_postcode\";s:0:\"\";s:16:\"shipping_country\";s:2:\"BE\";s:13:\"is_vat_exempt\";s:0:\"\";s:19:\"calculated_shipping\";s:0:\"\";s:9:\"meta_data\";a:0:{}}\";}',1755868571),(368490,'t_a50989f7e834712695504d659fc547','a:7:{s:22:\"shipping_for_package_0\";s:92:\"a:2:{s:12:\"package_hash\";s:40:\"wc_ship_f2a34281a3510b84e640e45bfff1f9a1\";s:5:\"rates\";a:0:{}}\";s:25:\"previous_shipping_methods\";s:16:\"a:1:{i:0;a:0:{}}\";s:23:\"chosen_shipping_methods\";s:17:\"a:1:{i:0;s:0:\"\";}\";s:22:\"shipping_method_counts\";s:14:\"a:1:{i:0;i:0;}\";s:11:\"cart_totals\";s:396:\"a:15:{s:8:\"subtotal\";s:3:\"145\";s:12:\"subtotal_tax\";d:0;s:14:\"shipping_total\";s:1:\"0\";s:12:\"shipping_tax\";d:0;s:14:\"shipping_taxes\";a:0:{}s:14:\"discount_total\";d:0;s:12:\"discount_tax\";d:0;s:19:\"cart_contents_total\";s:3:\"145\";s:17:\"cart_contents_tax\";i:0;s:19:\"cart_contents_taxes\";a:0:{}s:9:\"fee_total\";s:1:\"0\";s:7:\"fee_tax\";d:0;s:9:\"fee_taxes\";a:0:{}s:5:\"total\";s:6:\"145.00\";s:9:\"total_tax\";d:0;}\";s:4:\"cart\";s:414:\"a:1:{s:32:\"13b919438259814cd5be8cb45877d577\";a:11:{s:3:\"key\";s:32:\"13b919438259814cd5be8cb45877d577\";s:10:\"product_id\";i:4177;s:12:\"variation_id\";i:0;s:9:\"variation\";a:0:{}s:8:\"quantity\";i:1;s:9:\"data_hash\";s:32:\"b5c1d5ca8bae6d4896cf1807cdf763f0\";s:13:\"line_tax_data\";a:2:{s:8:\"subtotal\";a:0:{}s:5:\"total\";a:0:{}}s:13:\"line_subtotal\";d:145;s:17:\"line_subtotal_tax\";d:0;s:10:\"line_total\";d:145;s:8:\"line_tax\";d:0;}}\";s:8:\"customer\";s:738:\"a:28:{s:2:\"id\";s:1:\"0\";s:13:\"date_modified\";s:0:\"\";s:10:\"first_name\";s:0:\"\";s:9:\"last_name\";s:0:\"\";s:7:\"company\";s:0:\"\";s:5:\"phone\";s:0:\"\";s:5:\"email\";s:0:\"\";s:7:\"address\";s:0:\"\";s:9:\"address_1\";s:0:\"\";s:9:\"address_2\";s:0:\"\";s:4:\"city\";s:0:\"\";s:5:\"state\";s:0:\"\";s:8:\"postcode\";s:0:\"\";s:7:\"country\";s:2:\"BE\";s:19:\"shipping_first_name\";s:0:\"\";s:18:\"shipping_last_name\";s:0:\"\";s:16:\"shipping_company\";s:0:\"\";s:14:\"shipping_phone\";s:0:\"\";s:16:\"shipping_address\";s:0:\"\";s:18:\"shipping_address_1\";s:0:\"\";s:18:\"shipping_address_2\";s:0:\"\";s:13:\"shipping_city\";s:0:\"\";s:14:\"shipping_state\";s:0:\"\";s:17:\"shipping_postcode\";s:0:\"\";s:16:\"shipping_country\";s:2:\"BE\";s:13:\"is_vat_exempt\";s:0:\"\";s:19:\"calculated_shipping\";s:0:\"\";s:9:\"meta_data\";a:0:{}}\";}',1755868573);
INSERT INTO `mod279_woocommerce_sessions` VALUES (368491,'t_190e4aff61fb332a2d335d0002ddb2','a:7:{s:22:\"shipping_for_package_0\";s:92:\"a:2:{s:12:\"package_hash\";s:40:\"wc_ship_f2a34281a3510b84e640e45bfff1f9a1\";s:5:\"rates\";a:0:{}}\";s:25:\"previous_shipping_methods\";s:16:\"a:1:{i:0;a:0:{}}\";s:23:\"chosen_shipping_methods\";s:17:\"a:1:{i:0;s:0:\"\";}\";s:22:\"shipping_method_counts\";s:14:\"a:1:{i:0;i:0;}\";s:11:\"cart_totals\";s:396:\"a:15:{s:8:\"subtotal\";s:3:\"145\";s:12:\"subtotal_tax\";d:0;s:14:\"shipping_total\";s:1:\"0\";s:12:\"shipping_tax\";d:0;s:14:\"shipping_taxes\";a:0:{}s:14:\"discount_total\";d:0;s:12:\"discount_tax\";d:0;s:19:\"cart_contents_total\";s:3:\"145\";s:17:\"cart_contents_tax\";i:0;s:19:\"cart_contents_taxes\";a:0:{}s:9:\"fee_total\";s:1:\"0\";s:7:\"fee_tax\";d:0;s:9:\"fee_taxes\";a:0:{}s:5:\"total\";s:6:\"145.00\";s:9:\"total_tax\";d:0;}\";s:4:\"cart\";s:414:\"a:1:{s:32:\"13b919438259814cd5be8cb45877d577\";a:11:{s:3:\"key\";s:32:\"13b919438259814cd5be8cb45877d577\";s:10:\"product_id\";i:4177;s:12:\"variation_id\";i:0;s:9:\"variation\";a:0:{}s:8:\"quantity\";i:1;s:9:\"data_hash\";s:32:\"b5c1d5ca8bae6d4896cf1807cdf763f0\";s:13:\"line_tax_data\";a:2:{s:8:\"subtotal\";a:0:{}s:5:\"total\";a:0:{}}s:13:\"line_subtotal\";d:145;s:17:\"line_subtotal_tax\";d:0;s:10:\"line_total\";d:145;s:8:\"line_tax\";d:0;}}\";s:8:\"customer\";s:738:\"a:28:{s:2:\"id\";s:1:\"0\";s:13:\"date_modified\";s:0:\"\";s:10:\"first_name\";s:0:\"\";s:9:\"last_name\";s:0:\"\";s:7:\"company\";s:0:\"\";s:5:\"phone\";s:0:\"\";s:5:\"email\";s:0:\"\";s:7:\"address\";s:0:\"\";s:9:\"address_1\";s:0:\"\";s:9:\"address_2\";s:0:\"\";s:4:\"city\";s:0:\"\";s:5:\"state\";s:0:\"\";s:8:\"postcode\";s:0:\"\";s:7:\"country\";s:2:\"BE\";s:19:\"shipping_first_name\";s:0:\"\";s:18:\"shipping_last_name\";s:0:\"\";s:16:\"shipping_company\";s:0:\"\";s:14:\"shipping_phone\";s:0:\"\";s:16:\"shipping_address\";s:0:\"\";s:18:\"shipping_address_1\";s:0:\"\";s:18:\"shipping_address_2\";s:0:\"\";s:13:\"shipping_city\";s:0:\"\";s:14:\"shipping_state\";s:0:\"\";s:17:\"shipping_postcode\";s:0:\"\";s:16:\"shipping_country\";s:2:\"BE\";s:13:\"is_vat_exempt\";s:0:\"\";s:19:\"calculated_shipping\";s:0:\"\";s:9:\"meta_data\";a:0:{}}\";}',1755868575),(368492,'t_f91137ff441cba2787d69900dbbae1','a:7:{s:22:\"shipping_for_package_0\";s:92:\"a:2:{s:12:\"package_hash\";s:40:\"wc_ship_f2a34281a3510b84e640e45bfff1f9a1\";s:5:\"rates\";a:0:{}}\";s:25:\"previous_shipping_methods\";s:16:\"a:1:{i:0;a:0:{}}\";s:23:\"chosen_shipping_methods\";s:17:\"a:1:{i:0;s:0:\"\";}\";s:22:\"shipping_method_counts\";s:14:\"a:1:{i:0;i:0;}\";s:11:\"cart_totals\";s:396:\"a:15:{s:8:\"subtotal\";s:3:\"145\";s:12:\"subtotal_tax\";d:0;s:14:\"shipping_total\";s:1:\"0\";s:12:\"shipping_tax\";d:0;s:14:\"shipping_taxes\";a:0:{}s:14:\"discount_total\";d:0;s:12:\"discount_tax\";d:0;s:19:\"cart_contents_total\";s:3:\"145\";s:17:\"cart_contents_tax\";i:0;s:19:\"cart_contents_taxes\";a:0:{}s:9:\"fee_total\";s:1:\"0\";s:7:\"fee_tax\";d:0;s:9:\"fee_taxes\";a:0:{}s:5:\"total\";s:6:\"145.00\";s:9:\"total_tax\";d:0;}\";s:4:\"cart\";s:414:\"a:1:{s:32:\"13b919438259814cd5be8cb45877d577\";a:11:{s:3:\"key\";s:32:\"13b919438259814cd5be8cb45877d577\";s:10:\"product_id\";i:4177;s:12:\"variation_id\";i:0;s:9:\"variation\";a:0:{}s:8:\"quantity\";i:1;s:9:\"data_hash\";s:32:\"b5c1d5ca8bae6d4896cf1807cdf763f0\";s:13:\"line_tax_data\";a:2:{s:8:\"subtotal\";a:0:{}s:5:\"total\";a:0:{}}s:13:\"line_subtotal\";d:145;s:17:\"line_subtotal_tax\";d:0;s:10:\"line_total\";d:145;s:8:\"line_tax\";d:0;}}\";s:8:\"customer\";s:738:\"a:28:{s:2:\"id\";s:1:\"0\";s:13:\"date_modified\";s:0:\"\";s:10:\"first_name\";s:0:\"\";s:9:\"last_name\";s:0:\"\";s:7:\"company\";s:0:\"\";s:5:\"phone\";s:0:\"\";s:5:\"email\";s:0:\"\";s:7:\"address\";s:0:\"\";s:9:\"address_1\";s:0:\"\";s:9:\"address_2\";s:0:\"\";s:4:\"city\";s:0:\"\";s:5:\"state\";s:0:\"\";s:8:\"postcode\";s:0:\"\";s:7:\"country\";s:2:\"BE\";s:19:\"shipping_first_name\";s:0:\"\";s:18:\"shipping_last_name\";s:0:\"\";s:16:\"shipping_company\";s:0:\"\";s:14:\"shipping_phone\";s:0:\"\";s:16:\"shipping_address\";s:0:\"\";s:18:\"shipping_address_1\";s:0:\"\";s:18:\"shipping_address_2\";s:0:\"\";s:13:\"shipping_city\";s:0:\"\";s:14:\"shipping_state\";s:0:\"\";s:17:\"shipping_postcode\";s:0:\"\";s:16:\"shipping_country\";s:2:\"BE\";s:13:\"is_vat_exempt\";s:0:\"\";s:19:\"calculated_shipping\";s:0:\"\";s:9:\"meta_data\";a:0:{}}\";}',1755868577),(368493,'t_f6ba77a07d040bd79fb41f494b745b','a:7:{s:22:\"shipping_for_package_0\";s:92:\"a:2:{s:12:\"package_hash\";s:40:\"wc_ship_f2a34281a3510b84e640e45bfff1f9a1\";s:5:\"rates\";a:0:{}}\";s:25:\"previous_shipping_methods\";s:16:\"a:1:{i:0;a:0:{}}\";s:23:\"chosen_shipping_methods\";s:17:\"a:1:{i:0;s:0:\"\";}\";s:22:\"shipping_method_counts\";s:14:\"a:1:{i:0;i:0;}\";s:11:\"cart_totals\";s:396:\"a:15:{s:8:\"subtotal\";s:3:\"145\";s:12:\"subtotal_tax\";d:0;s:14:\"shipping_total\";s:1:\"0\";s:12:\"shipping_tax\";d:0;s:14:\"shipping_taxes\";a:0:{}s:14:\"discount_total\";d:0;s:12:\"discount_tax\";d:0;s:19:\"cart_contents_total\";s:3:\"145\";s:17:\"cart_contents_tax\";i:0;s:19:\"cart_contents_taxes\";a:0:{}s:9:\"fee_total\";s:1:\"0\";s:7:\"fee_tax\";d:0;s:9:\"fee_taxes\";a:0:{}s:5:\"total\";s:6:\"145.00\";s:9:\"total_tax\";d:0;}\";s:4:\"cart\";s:414:\"a:1:{s:32:\"13b919438259814cd5be8cb45877d577\";a:11:{s:3:\"key\";s:32:\"13b919438259814cd5be8cb45877d577\";s:10:\"product_id\";i:4177;s:12:\"variation_id\";i:0;s:9:\"variation\";a:0:{}s:8:\"quantity\";i:1;s:9:\"data_hash\";s:32:\"b5c1d5ca8bae6d4896cf1807cdf763f0\";s:13:\"line_tax_data\";a:2:{s:8:\"subtotal\";a:0:{}s:5:\"total\";a:0:{}}s:13:\"line_subtotal\";d:145;s:17:\"line_subtotal_tax\";d:0;s:10:\"line_total\";d:145;s:8:\"line_tax\";d:0;}}\";s:8:\"customer\";s:738:\"a:28:{s:2:\"id\";s:1:\"0\";s:13:\"date_modified\";s:0:\"\";s:10:\"first_name\";s:0:\"\";s:9:\"last_name\";s:0:\"\";s:7:\"company\";s:0:\"\";s:5:\"phone\";s:0:\"\";s:5:\"email\";s:0:\"\";s:7:\"address\";s:0:\"\";s:9:\"address_1\";s:0:\"\";s:9:\"address_2\";s:0:\"\";s:4:\"city\";s:0:\"\";s:5:\"state\";s:0:\"\";s:8:\"postcode\";s:0:\"\";s:7:\"country\";s:2:\"BE\";s:19:\"shipping_first_name\";s:0:\"\";s:18:\"shipping_last_name\";s:0:\"\";s:16:\"shipping_company\";s:0:\"\";s:14:\"shipping_phone\";s:0:\"\";s:16:\"shipping_address\";s:0:\"\";s:18:\"shipping_address_1\";s:0:\"\";s:18:\"shipping_address_2\";s:0:\"\";s:13:\"shipping_city\";s:0:\"\";s:14:\"shipping_state\";s:0:\"\";s:17:\"shipping_postcode\";s:0:\"\";s:16:\"shipping_country\";s:2:\"BE\";s:13:\"is_vat_exempt\";s:0:\"\";s:19:\"calculated_shipping\";s:0:\"\";s:9:\"meta_data\";a:0:{}}\";}',1755868579),(368494,'t_15a1d87b08d62afad6e9158facc372','a:7:{s:22:\"shipping_for_package_0\";s:92:\"a:2:{s:12:\"package_hash\";s:40:\"wc_ship_f2a34281a3510b84e640e45bfff1f9a1\";s:5:\"rates\";a:0:{}}\";s:25:\"previous_shipping_methods\";s:16:\"a:1:{i:0;a:0:{}}\";s:23:\"chosen_shipping_methods\";s:17:\"a:1:{i:0;s:0:\"\";}\";s:22:\"shipping_method_counts\";s:14:\"a:1:{i:0;i:0;}\";s:11:\"cart_totals\";s:396:\"a:15:{s:8:\"subtotal\";s:3:\"145\";s:12:\"subtotal_tax\";d:0;s:14:\"shipping_total\";s:1:\"0\";s:12:\"shipping_tax\";d:0;s:14:\"shipping_taxes\";a:0:{}s:14:\"discount_total\";d:0;s:12:\"discount_tax\";d:0;s:19:\"cart_contents_total\";s:3:\"145\";s:17:\"cart_contents_tax\";i:0;s:19:\"cart_contents_taxes\";a:0:{}s:9:\"fee_total\";s:1:\"0\";s:7:\"fee_tax\";d:0;s:9:\"fee_taxes\";a:0:{}s:5:\"total\";s:6:\"145.00\";s:9:\"total_tax\";d:0;}\";s:4:\"cart\";s:414:\"a:1:{s:32:\"13b919438259814cd5be8cb45877d577\";a:11:{s:3:\"key\";s:32:\"13b919438259814cd5be8cb45877d577\";s:10:\"product_id\";i:4177;s:12:\"variation_id\";i:0;s:9:\"variation\";a:0:{}s:8:\"quantity\";i:1;s:9:\"data_hash\";s:32:\"b5c1d5ca8bae6d4896cf1807cdf763f0\";s:13:\"line_tax_data\";a:2:{s:8:\"subtotal\";a:0:{}s:5:\"total\";a:0:{}}s:13:\"line_subtotal\";d:145;s:17:\"line_subtotal_tax\";d:0;s:10:\"line_total\";d:145;s:8:\"line_tax\";d:0;}}\";s:8:\"customer\";s:738:\"a:28:{s:2:\"id\";s:1:\"0\";s:13:\"date_modified\";s:0:\"\";s:10:\"first_name\";s:0:\"\";s:9:\"last_name\";s:0:\"\";s:7:\"company\";s:0:\"\";s:5:\"phone\";s:0:\"\";s:5:\"email\";s:0:\"\";s:7:\"address\";s:0:\"\";s:9:\"address_1\";s:0:\"\";s:9:\"address_2\";s:0:\"\";s:4:\"city\";s:0:\"\";s:5:\"state\";s:0:\"\";s:8:\"postcode\";s:0:\"\";s:7:\"country\";s:2:\"BE\";s:19:\"shipping_first_name\";s:0:\"\";s:18:\"shipping_last_name\";s:0:\"\";s:16:\"shipping_company\";s:0:\"\";s:14:\"shipping_phone\";s:0:\"\";s:16:\"shipping_address\";s:0:\"\";s:18:\"shipping_address_1\";s:0:\"\";s:18:\"shipping_address_2\";s:0:\"\";s:13:\"shipping_city\";s:0:\"\";s:14:\"shipping_state\";s:0:\"\";s:17:\"shipping_postcode\";s:0:\"\";s:16:\"shipping_country\";s:2:\"BE\";s:13:\"is_vat_exempt\";s:0:\"\";s:19:\"calculated_shipping\";s:0:\"\";s:9:\"meta_data\";a:0:{}}\";}',1755868581),(368495,'t_a259838553ba0a1881d483cbfd17a5','a:7:{s:22:\"shipping_for_package_0\";s:92:\"a:2:{s:12:\"package_hash\";s:40:\"wc_ship_f2a34281a3510b84e640e45bfff1f9a1\";s:5:\"rates\";a:0:{}}\";s:25:\"previous_shipping_methods\";s:16:\"a:1:{i:0;a:0:{}}\";s:23:\"chosen_shipping_methods\";s:17:\"a:1:{i:0;s:0:\"\";}\";s:22:\"shipping_method_counts\";s:14:\"a:1:{i:0;i:0;}\";s:11:\"cart_totals\";s:396:\"a:15:{s:8:\"subtotal\";s:3:\"145\";s:12:\"subtotal_tax\";d:0;s:14:\"shipping_total\";s:1:\"0\";s:12:\"shipping_tax\";d:0;s:14:\"shipping_taxes\";a:0:{}s:14:\"discount_total\";d:0;s:12:\"discount_tax\";d:0;s:19:\"cart_contents_total\";s:3:\"145\";s:17:\"cart_contents_tax\";i:0;s:19:\"cart_contents_taxes\";a:0:{}s:9:\"fee_total\";s:1:\"0\";s:7:\"fee_tax\";d:0;s:9:\"fee_taxes\";a:0:{}s:5:\"total\";s:6:\"145.00\";s:9:\"total_tax\";d:0;}\";s:4:\"cart\";s:414:\"a:1:{s:32:\"13b919438259814cd5be8cb45877d577\";a:11:{s:3:\"key\";s:32:\"13b919438259814cd5be8cb45877d577\";s:10:\"product_id\";i:4177;s:12:\"variation_id\";i:0;s:9:\"variation\";a:0:{}s:8:\"quantity\";i:1;s:9:\"data_hash\";s:32:\"b5c1d5ca8bae6d4896cf1807cdf763f0\";s:13:\"line_tax_data\";a:2:{s:8:\"subtotal\";a:0:{}s:5:\"total\";a:0:{}}s:13:\"line_subtotal\";d:145;s:17:\"line_subtotal_tax\";d:0;s:10:\"line_total\";d:145;s:8:\"line_tax\";d:0;}}\";s:8:\"customer\";s:738:\"a:28:{s:2:\"id\";s:1:\"0\";s:13:\"date_modified\";s:0:\"\";s:10:\"first_name\";s:0:\"\";s:9:\"last_name\";s:0:\"\";s:7:\"company\";s:0:\"\";s:5:\"phone\";s:0:\"\";s:5:\"email\";s:0:\"\";s:7:\"address\";s:0:\"\";s:9:\"address_1\";s:0:\"\";s:9:\"address_2\";s:0:\"\";s:4:\"city\";s:0:\"\";s:5:\"state\";s:0:\"\";s:8:\"postcode\";s:0:\"\";s:7:\"country\";s:2:\"BE\";s:19:\"shipping_first_name\";s:0:\"\";s:18:\"shipping_last_name\";s:0:\"\";s:16:\"shipping_company\";s:0:\"\";s:14:\"shipping_phone\";s:0:\"\";s:16:\"shipping_address\";s:0:\"\";s:18:\"shipping_address_1\";s:0:\"\";s:18:\"shipping_address_2\";s:0:\"\";s:13:\"shipping_city\";s:0:\"\";s:14:\"shipping_state\";s:0:\"\";s:17:\"shipping_postcode\";s:0:\"\";s:16:\"shipping_country\";s:2:\"BE\";s:13:\"is_vat_exempt\";s:0:\"\";s:19:\"calculated_shipping\";s:0:\"\";s:9:\"meta_data\";a:0:{}}\";}',1755868583),(368496,'t_0030313b8f17a183ff04203018907c','a:7:{s:22:\"shipping_for_package_0\";s:92:\"a:2:{s:12:\"package_hash\";s:40:\"wc_ship_f2a34281a3510b84e640e45bfff1f9a1\";s:5:\"rates\";a:0:{}}\";s:25:\"previous_shipping_methods\";s:16:\"a:1:{i:0;a:0:{}}\";s:23:\"chosen_shipping_methods\";s:17:\"a:1:{i:0;s:0:\"\";}\";s:22:\"shipping_method_counts\";s:14:\"a:1:{i:0;i:0;}\";s:11:\"cart_totals\";s:396:\"a:15:{s:8:\"subtotal\";s:3:\"145\";s:12:\"subtotal_tax\";d:0;s:14:\"shipping_total\";s:1:\"0\";s:12:\"shipping_tax\";d:0;s:14:\"shipping_taxes\";a:0:{}s:14:\"discount_total\";d:0;s:12:\"discount_tax\";d:0;s:19:\"cart_contents_total\";s:3:\"145\";s:17:\"cart_contents_tax\";i:0;s:19:\"cart_contents_taxes\";a:0:{}s:9:\"fee_total\";s:1:\"0\";s:7:\"fee_tax\";d:0;s:9:\"fee_taxes\";a:0:{}s:5:\"total\";s:6:\"145.00\";s:9:\"total_tax\";d:0;}\";s:4:\"cart\";s:414:\"a:1:{s:32:\"13b919438259814cd5be8cb45877d577\";a:11:{s:3:\"key\";s:32:\"13b919438259814cd5be8cb45877d577\";s:10:\"product_id\";i:4177;s:12:\"variation_id\";i:0;s:9:\"variation\";a:0:{}s:8:\"quantity\";i:1;s:9:\"data_hash\";s:32:\"b5c1d5ca8bae6d4896cf1807cdf763f0\";s:13:\"line_tax_data\";a:2:{s:8:\"subtotal\";a:0:{}s:5:\"total\";a:0:{}}s:13:\"line_subtotal\";d:145;s:17:\"line_subtotal_tax\";d:0;s:10:\"line_total\";d:145;s:8:\"line_tax\";d:0;}}\";s:8:\"customer\";s:738:\"a:28:{s:2:\"id\";s:1:\"0\";s:13:\"date_modified\";s:0:\"\";s:10:\"first_name\";s:0:\"\";s:9:\"last_name\";s:0:\"\";s:7:\"company\";s:0:\"\";s:5:\"phone\";s:0:\"\";s:5:\"email\";s:0:\"\";s:7:\"address\";s:0:\"\";s:9:\"address_1\";s:0:\"\";s:9:\"address_2\";s:0:\"\";s:4:\"city\";s:0:\"\";s:5:\"state\";s:0:\"\";s:8:\"postcode\";s:0:\"\";s:7:\"country\";s:2:\"BE\";s:19:\"shipping_first_name\";s:0:\"\";s:18:\"shipping_last_name\";s:0:\"\";s:16:\"shipping_company\";s:0:\"\";s:14:\"shipping_phone\";s:0:\"\";s:16:\"shipping_address\";s:0:\"\";s:18:\"shipping_address_1\";s:0:\"\";s:18:\"shipping_address_2\";s:0:\"\";s:13:\"shipping_city\";s:0:\"\";s:14:\"shipping_state\";s:0:\"\";s:17:\"shipping_postcode\";s:0:\"\";s:16:\"shipping_country\";s:2:\"BE\";s:13:\"is_vat_exempt\";s:0:\"\";s:19:\"calculated_shipping\";s:0:\"\";s:9:\"meta_data\";a:0:{}}\";}',1755868585),(368497,'t_22324201791479e584221347a92a51','a:7:{s:22:\"shipping_for_package_0\";s:92:\"a:2:{s:12:\"package_hash\";s:40:\"wc_ship_f2a34281a3510b84e640e45bfff1f9a1\";s:5:\"rates\";a:0:{}}\";s:25:\"previous_shipping_methods\";s:16:\"a:1:{i:0;a:0:{}}\";s:23:\"chosen_shipping_methods\";s:17:\"a:1:{i:0;s:0:\"\";}\";s:22:\"shipping_method_counts\";s:14:\"a:1:{i:0;i:0;}\";s:11:\"cart_totals\";s:396:\"a:15:{s:8:\"subtotal\";s:3:\"145\";s:12:\"subtotal_tax\";d:0;s:14:\"shipping_total\";s:1:\"0\";s:12:\"shipping_tax\";d:0;s:14:\"shipping_taxes\";a:0:{}s:14:\"discount_total\";d:0;s:12:\"discount_tax\";d:0;s:19:\"cart_contents_total\";s:3:\"145\";s:17:\"cart_contents_tax\";i:0;s:19:\"cart_contents_taxes\";a:0:{}s:9:\"fee_total\";s:1:\"0\";s:7:\"fee_tax\";d:0;s:9:\"fee_taxes\";a:0:{}s:5:\"total\";s:6:\"145.00\";s:9:\"total_tax\";d:0;}\";s:4:\"cart\";s:414:\"a:1:{s:32:\"13b919438259814cd5be8cb45877d577\";a:11:{s:3:\"key\";s:32:\"13b919438259814cd5be8cb45877d577\";s:10:\"product_id\";i:4177;s:12:\"variation_id\";i:0;s:9:\"variation\";a:0:{}s:8:\"quantity\";i:1;s:9:\"data_hash\";s:32:\"b5c1d5ca8bae6d4896cf1807cdf763f0\";s:13:\"line_tax_data\";a:2:{s:8:\"subtotal\";a:0:{}s:5:\"total\";a:0:{}}s:13:\"line_subtotal\";d:145;s:17:\"line_subtotal_tax\";d:0;s:10:\"line_total\";d:145;s:8:\"line_tax\";d:0;}}\";s:8:\"customer\";s:738:\"a:28:{s:2:\"id\";s:1:\"0\";s:13:\"date_modified\";s:0:\"\";s:10:\"first_name\";s:0:\"\";s:9:\"last_name\";s:0:\"\";s:7:\"company\";s:0:\"\";s:5:\"phone\";s:0:\"\";s:5:\"email\";s:0:\"\";s:7:\"address\";s:0:\"\";s:9:\"address_1\";s:0:\"\";s:9:\"address_2\";s:0:\"\";s:4:\"city\";s:0:\"\";s:5:\"state\";s:0:\"\";s:8:\"postcode\";s:0:\"\";s:7:\"country\";s:2:\"BE\";s:19:\"shipping_first_name\";s:0:\"\";s:18:\"shipping_last_name\";s:0:\"\";s:16:\"shipping_company\";s:0:\"\";s:14:\"shipping_phone\";s:0:\"\";s:16:\"shipping_address\";s:0:\"\";s:18:\"shipping_address_1\";s:0:\"\";s:18:\"shipping_address_2\";s:0:\"\";s:13:\"shipping_city\";s:0:\"\";s:14:\"shipping_state\";s:0:\"\";s:17:\"shipping_postcode\";s:0:\"\";s:16:\"shipping_country\";s:2:\"BE\";s:13:\"is_vat_exempt\";s:0:\"\";s:19:\"calculated_shipping\";s:0:\"\";s:9:\"meta_data\";a:0:{}}\";}',1755868586),(368498,'t_530d2b4de65666c61ba3fcd3cc0c5a','a:7:{s:22:\"shipping_for_package_0\";s:92:\"a:2:{s:12:\"package_hash\";s:40:\"wc_ship_f2a34281a3510b84e640e45bfff1f9a1\";s:5:\"rates\";a:0:{}}\";s:25:\"previous_shipping_methods\";s:16:\"a:1:{i:0;a:0:{}}\";s:23:\"chosen_shipping_methods\";s:17:\"a:1:{i:0;s:0:\"\";}\";s:22:\"shipping_method_counts\";s:14:\"a:1:{i:0;i:0;}\";s:11:\"cart_totals\";s:396:\"a:15:{s:8:\"subtotal\";s:3:\"145\";s:12:\"subtotal_tax\";d:0;s:14:\"shipping_total\";s:1:\"0\";s:12:\"shipping_tax\";d:0;s:14:\"shipping_taxes\";a:0:{}s:14:\"discount_total\";d:0;s:12:\"discount_tax\";d:0;s:19:\"cart_contents_total\";s:3:\"145\";s:17:\"cart_contents_tax\";i:0;s:19:\"cart_contents_taxes\";a:0:{}s:9:\"fee_total\";s:1:\"0\";s:7:\"fee_tax\";d:0;s:9:\"fee_taxes\";a:0:{}s:5:\"total\";s:6:\"145.00\";s:9:\"total_tax\";d:0;}\";s:4:\"cart\";s:414:\"a:1:{s:32:\"13b919438259814cd5be8cb45877d577\";a:11:{s:3:\"key\";s:32:\"13b919438259814cd5be8cb45877d577\";s:10:\"product_id\";i:4177;s:12:\"variation_id\";i:0;s:9:\"variation\";a:0:{}s:8:\"quantity\";i:1;s:9:\"data_hash\";s:32:\"b5c1d5ca8bae6d4896cf1807cdf763f0\";s:13:\"line_tax_data\";a:2:{s:8:\"subtotal\";a:0:{}s:5:\"total\";a:0:{}}s:13:\"line_subtotal\";d:145;s:17:\"line_subtotal_tax\";d:0;s:10:\"line_total\";d:145;s:8:\"line_tax\";d:0;}}\";s:8:\"customer\";s:738:\"a:28:{s:2:\"id\";s:1:\"0\";s:13:\"date_modified\";s:0:\"\";s:10:\"first_name\";s:0:\"\";s:9:\"last_name\";s:0:\"\";s:7:\"company\";s:0:\"\";s:5:\"phone\";s:0:\"\";s:5:\"email\";s:0:\"\";s:7:\"address\";s:0:\"\";s:9:\"address_1\";s:0:\"\";s:9:\"address_2\";s:0:\"\";s:4:\"city\";s:0:\"\";s:5:\"state\";s:0:\"\";s:8:\"postcode\";s:0:\"\";s:7:\"country\";s:2:\"BE\";s:19:\"shipping_first_name\";s:0:\"\";s:18:\"shipping_last_name\";s:0:\"\";s:16:\"shipping_company\";s:0:\"\";s:14:\"shipping_phone\";s:0:\"\";s:16:\"shipping_address\";s:0:\"\";s:18:\"shipping_address_1\";s:0:\"\";s:18:\"shipping_address_2\";s:0:\"\";s:13:\"shipping_city\";s:0:\"\";s:14:\"shipping_state\";s:0:\"\";s:17:\"shipping_postcode\";s:0:\"\";s:16:\"shipping_country\";s:2:\"BE\";s:13:\"is_vat_exempt\";s:0:\"\";s:19:\"calculated_shipping\";s:0:\"\";s:9:\"meta_data\";a:0:{}}\";}',1755868588),(368499,'t_7e177e359ffc2f21d10a4efac27c8a','a:7:{s:22:\"shipping_for_package_0\";s:92:\"a:2:{s:12:\"package_hash\";s:40:\"wc_ship_f2a34281a3510b84e640e45bfff1f9a1\";s:5:\"rates\";a:0:{}}\";s:25:\"previous_shipping_methods\";s:16:\"a:1:{i:0;a:0:{}}\";s:23:\"chosen_shipping_methods\";s:17:\"a:1:{i:0;s:0:\"\";}\";s:22:\"shipping_method_counts\";s:14:\"a:1:{i:0;i:0;}\";s:11:\"cart_totals\";s:396:\"a:15:{s:8:\"subtotal\";s:3:\"145\";s:12:\"subtotal_tax\";d:0;s:14:\"shipping_total\";s:1:\"0\";s:12:\"shipping_tax\";d:0;s:14:\"shipping_taxes\";a:0:{}s:14:\"discount_total\";d:0;s:12:\"discount_tax\";d:0;s:19:\"cart_contents_total\";s:3:\"145\";s:17:\"cart_contents_tax\";i:0;s:19:\"cart_contents_taxes\";a:0:{}s:9:\"fee_total\";s:1:\"0\";s:7:\"fee_tax\";d:0;s:9:\"fee_taxes\";a:0:{}s:5:\"total\";s:6:\"145.00\";s:9:\"total_tax\";d:0;}\";s:4:\"cart\";s:414:\"a:1:{s:32:\"13b919438259814cd5be8cb45877d577\";a:11:{s:3:\"key\";s:32:\"13b919438259814cd5be8cb45877d577\";s:10:\"product_id\";i:4177;s:12:\"variation_id\";i:0;s:9:\"variation\";a:0:{}s:8:\"quantity\";i:1;s:9:\"data_hash\";s:32:\"b5c1d5ca8bae6d4896cf1807cdf763f0\";s:13:\"line_tax_data\";a:2:{s:8:\"subtotal\";a:0:{}s:5:\"total\";a:0:{}}s:13:\"line_subtotal\";d:145;s:17:\"line_subtotal_tax\";d:0;s:10:\"line_total\";d:145;s:8:\"line_tax\";d:0;}}\";s:8:\"customer\";s:738:\"a:28:{s:2:\"id\";s:1:\"0\";s:13:\"date_modified\";s:0:\"\";s:10:\"first_name\";s:0:\"\";s:9:\"last_name\";s:0:\"\";s:7:\"company\";s:0:\"\";s:5:\"phone\";s:0:\"\";s:5:\"email\";s:0:\"\";s:7:\"address\";s:0:\"\";s:9:\"address_1\";s:0:\"\";s:9:\"address_2\";s:0:\"\";s:4:\"city\";s:0:\"\";s:5:\"state\";s:0:\"\";s:8:\"postcode\";s:0:\"\";s:7:\"country\";s:2:\"BE\";s:19:\"shipping_first_name\";s:0:\"\";s:18:\"shipping_last_name\";s:0:\"\";s:16:\"shipping_company\";s:0:\"\";s:14:\"shipping_phone\";s:0:\"\";s:16:\"shipping_address\";s:0:\"\";s:18:\"shipping_address_1\";s:0:\"\";s:18:\"shipping_address_2\";s:0:\"\";s:13:\"shipping_city\";s:0:\"\";s:14:\"shipping_state\";s:0:\"\";s:17:\"shipping_postcode\";s:0:\"\";s:16:\"shipping_country\";s:2:\"BE\";s:13:\"is_vat_exempt\";s:0:\"\";s:19:\"calculated_shipping\";s:0:\"\";s:9:\"meta_data\";a:0:{}}\";}',1755868590),(368500,'t_6916a0062187e08bac3281b0d0ccf8','a:7:{s:22:\"shipping_for_package_0\";s:92:\"a:2:{s:12:\"package_hash\";s:40:\"wc_ship_f2a34281a3510b84e640e45bfff1f9a1\";s:5:\"rates\";a:0:{}}\";s:25:\"previous_shipping_methods\";s:16:\"a:1:{i:0;a:0:{}}\";s:23:\"chosen_shipping_methods\";s:17:\"a:1:{i:0;s:0:\"\";}\";s:22:\"shipping_method_counts\";s:14:\"a:1:{i:0;i:0;}\";s:11:\"cart_totals\";s:396:\"a:15:{s:8:\"subtotal\";s:3:\"145\";s:12:\"subtotal_tax\";d:0;s:14:\"shipping_total\";s:1:\"0\";s:12:\"shipping_tax\";d:0;s:14:\"shipping_taxes\";a:0:{}s:14:\"discount_total\";d:0;s:12:\"discount_tax\";d:0;s:19:\"cart_contents_total\";s:3:\"145\";s:17:\"cart_contents_tax\";i:0;s:19:\"cart_contents_taxes\";a:0:{}s:9:\"fee_total\";s:1:\"0\";s:7:\"fee_tax\";d:0;s:9:\"fee_taxes\";a:0:{}s:5:\"total\";s:6:\"145.00\";s:9:\"total_tax\";d:0;}\";s:4:\"cart\";s:414:\"a:1:{s:32:\"13b919438259814cd5be8cb45877d577\";a:11:{s:3:\"key\";s:32:\"13b919438259814cd5be8cb45877d577\";s:10:\"product_id\";i:4177;s:12:\"variation_id\";i:0;s:9:\"variation\";a:0:{}s:8:\"quantity\";i:1;s:9:\"data_hash\";s:32:\"b5c1d5ca8bae6d4896cf1807cdf763f0\";s:13:\"line_tax_data\";a:2:{s:8:\"subtotal\";a:0:{}s:5:\"total\";a:0:{}}s:13:\"line_subtotal\";d:145;s:17:\"line_subtotal_tax\";d:0;s:10:\"line_total\";d:145;s:8:\"line_tax\";d:0;}}\";s:8:\"customer\";s:738:\"a:28:{s:2:\"id\";s:1:\"0\";s:13:\"date_modified\";s:0:\"\";s:10:\"first_name\";s:0:\"\";s:9:\"last_name\";s:0:\"\";s:7:\"company\";s:0:\"\";s:5:\"phone\";s:0:\"\";s:5:\"email\";s:0:\"\";s:7:\"address\";s:0:\"\";s:9:\"address_1\";s:0:\"\";s:9:\"address_2\";s:0:\"\";s:4:\"city\";s:0:\"\";s:5:\"state\";s:0:\"\";s:8:\"postcode\";s:0:\"\";s:7:\"country\";s:2:\"BE\";s:19:\"shipping_first_name\";s:0:\"\";s:18:\"shipping_last_name\";s:0:\"\";s:16:\"shipping_company\";s:0:\"\";s:14:\"shipping_phone\";s:0:\"\";s:16:\"shipping_address\";s:0:\"\";s:18:\"shipping_address_1\";s:0:\"\";s:18:\"shipping_address_2\";s:0:\"\";s:13:\"shipping_city\";s:0:\"\";s:14:\"shipping_state\";s:0:\"\";s:17:\"shipping_postcode\";s:0:\"\";s:16:\"shipping_country\";s:2:\"BE\";s:13:\"is_vat_exempt\";s:0:\"\";s:19:\"calculated_shipping\";s:0:\"\";s:9:\"meta_data\";a:0:{}}\";}',1755868592),(368501,'t_eb97f5a4b0d5bb1f9e3e98f491004b','a:7:{s:22:\"shipping_for_package_0\";s:92:\"a:2:{s:12:\"package_hash\";s:40:\"wc_ship_f2a34281a3510b84e640e45bfff1f9a1\";s:5:\"rates\";a:0:{}}\";s:25:\"previous_shipping_methods\";s:16:\"a:1:{i:0;a:0:{}}\";s:23:\"chosen_shipping_methods\";s:17:\"a:1:{i:0;s:0:\"\";}\";s:22:\"shipping_method_counts\";s:14:\"a:1:{i:0;i:0;}\";s:11:\"cart_totals\";s:396:\"a:15:{s:8:\"subtotal\";s:3:\"145\";s:12:\"subtotal_tax\";d:0;s:14:\"shipping_total\";s:1:\"0\";s:12:\"shipping_tax\";d:0;s:14:\"shipping_taxes\";a:0:{}s:14:\"discount_total\";d:0;s:12:\"discount_tax\";d:0;s:19:\"cart_contents_total\";s:3:\"145\";s:17:\"cart_contents_tax\";i:0;s:19:\"cart_contents_taxes\";a:0:{}s:9:\"fee_total\";s:1:\"0\";s:7:\"fee_tax\";d:0;s:9:\"fee_taxes\";a:0:{}s:5:\"total\";s:6:\"145.00\";s:9:\"total_tax\";d:0;}\";s:4:\"cart\";s:414:\"a:1:{s:32:\"13b919438259814cd5be8cb45877d577\";a:11:{s:3:\"key\";s:32:\"13b919438259814cd5be8cb45877d577\";s:10:\"product_id\";i:4177;s:12:\"variation_id\";i:0;s:9:\"variation\";a:0:{}s:8:\"quantity\";i:1;s:9:\"data_hash\";s:32:\"b5c1d5ca8bae6d4896cf1807cdf763f0\";s:13:\"line_tax_data\";a:2:{s:8:\"subtotal\";a:0:{}s:5:\"total\";a:0:{}}s:13:\"line_subtotal\";d:145;s:17:\"line_subtotal_tax\";d:0;s:10:\"line_total\";d:145;s:8:\"line_tax\";d:0;}}\";s:8:\"customer\";s:738:\"a:28:{s:2:\"id\";s:1:\"0\";s:13:\"date_modified\";s:0:\"\";s:10:\"first_name\";s:0:\"\";s:9:\"last_name\";s:0:\"\";s:7:\"company\";s:0:\"\";s:5:\"phone\";s:0:\"\";s:5:\"email\";s:0:\"\";s:7:\"address\";s:0:\"\";s:9:\"address_1\";s:0:\"\";s:9:\"address_2\";s:0:\"\";s:4:\"city\";s:0:\"\";s:5:\"state\";s:0:\"\";s:8:\"postcode\";s:0:\"\";s:7:\"country\";s:2:\"BE\";s:19:\"shipping_first_name\";s:0:\"\";s:18:\"shipping_last_name\";s:0:\"\";s:16:\"shipping_company\";s:0:\"\";s:14:\"shipping_phone\";s:0:\"\";s:16:\"shipping_address\";s:0:\"\";s:18:\"shipping_address_1\";s:0:\"\";s:18:\"shipping_address_2\";s:0:\"\";s:13:\"shipping_city\";s:0:\"\";s:14:\"shipping_state\";s:0:\"\";s:17:\"shipping_postcode\";s:0:\"\";s:16:\"shipping_country\";s:2:\"BE\";s:13:\"is_vat_exempt\";s:0:\"\";s:19:\"calculated_shipping\";s:0:\"\";s:9:\"meta_data\";a:0:{}}\";}',1755868593),(368502,'t_fba4c51e7f7d7cc31ca7ecb2db0bd3','a:7:{s:22:\"shipping_for_package_0\";s:92:\"a:2:{s:12:\"package_hash\";s:40:\"wc_ship_f2a34281a3510b84e640e45bfff1f9a1\";s:5:\"rates\";a:0:{}}\";s:25:\"previous_shipping_methods\";s:16:\"a:1:{i:0;a:0:{}}\";s:23:\"chosen_shipping_methods\";s:17:\"a:1:{i:0;s:0:\"\";}\";s:22:\"shipping_method_counts\";s:14:\"a:1:{i:0;i:0;}\";s:11:\"cart_totals\";s:396:\"a:15:{s:8:\"subtotal\";s:3:\"145\";s:12:\"subtotal_tax\";d:0;s:14:\"shipping_total\";s:1:\"0\";s:12:\"shipping_tax\";d:0;s:14:\"shipping_taxes\";a:0:{}s:14:\"discount_total\";d:0;s:12:\"discount_tax\";d:0;s:19:\"cart_contents_total\";s:3:\"145\";s:17:\"cart_contents_tax\";i:0;s:19:\"cart_contents_taxes\";a:0:{}s:9:\"fee_total\";s:1:\"0\";s:7:\"fee_tax\";d:0;s:9:\"fee_taxes\";a:0:{}s:5:\"total\";s:6:\"145.00\";s:9:\"total_tax\";d:0;}\";s:4:\"cart\";s:414:\"a:1:{s:32:\"13b919438259814cd5be8cb45877d577\";a:11:{s:3:\"key\";s:32:\"13b919438259814cd5be8cb45877d577\";s:10:\"product_id\";i:4177;s:12:\"variation_id\";i:0;s:9:\"variation\";a:0:{}s:8:\"quantity\";i:1;s:9:\"data_hash\";s:32:\"b5c1d5ca8bae6d4896cf1807cdf763f0\";s:13:\"line_tax_data\";a:2:{s:8:\"subtotal\";a:0:{}s:5:\"total\";a:0:{}}s:13:\"line_subtotal\";d:145;s:17:\"line_subtotal_tax\";d:0;s:10:\"line_total\";d:145;s:8:\"line_tax\";d:0;}}\";s:8:\"customer\";s:738:\"a:28:{s:2:\"id\";s:1:\"0\";s:13:\"date_modified\";s:0:\"\";s:10:\"first_name\";s:0:\"\";s:9:\"last_name\";s:0:\"\";s:7:\"company\";s:0:\"\";s:5:\"phone\";s:0:\"\";s:5:\"email\";s:0:\"\";s:7:\"address\";s:0:\"\";s:9:\"address_1\";s:0:\"\";s:9:\"address_2\";s:0:\"\";s:4:\"city\";s:0:\"\";s:5:\"state\";s:0:\"\";s:8:\"postcode\";s:0:\"\";s:7:\"country\";s:2:\"BE\";s:19:\"shipping_first_name\";s:0:\"\";s:18:\"shipping_last_name\";s:0:\"\";s:16:\"shipping_company\";s:0:\"\";s:14:\"shipping_phone\";s:0:\"\";s:16:\"shipping_address\";s:0:\"\";s:18:\"shipping_address_1\";s:0:\"\";s:18:\"shipping_address_2\";s:0:\"\";s:13:\"shipping_city\";s:0:\"\";s:14:\"shipping_state\";s:0:\"\";s:17:\"shipping_postcode\";s:0:\"\";s:16:\"shipping_country\";s:2:\"BE\";s:13:\"is_vat_exempt\";s:0:\"\";s:19:\"calculated_shipping\";s:0:\"\";s:9:\"meta_data\";a:0:{}}\";}',1755868596),(368503,'t_d834f659f2c14981c7fdb43893a016','a:7:{s:22:\"shipping_for_package_0\";s:92:\"a:2:{s:12:\"package_hash\";s:40:\"wc_ship_f2a34281a3510b84e640e45bfff1f9a1\";s:5:\"rates\";a:0:{}}\";s:25:\"previous_shipping_methods\";s:16:\"a:1:{i:0;a:0:{}}\";s:23:\"chosen_shipping_methods\";s:17:\"a:1:{i:0;s:0:\"\";}\";s:22:\"shipping_method_counts\";s:14:\"a:1:{i:0;i:0;}\";s:11:\"cart_totals\";s:396:\"a:15:{s:8:\"subtotal\";s:3:\"145\";s:12:\"subtotal_tax\";d:0;s:14:\"shipping_total\";s:1:\"0\";s:12:\"shipping_tax\";d:0;s:14:\"shipping_taxes\";a:0:{}s:14:\"discount_total\";d:0;s:12:\"discount_tax\";d:0;s:19:\"cart_contents_total\";s:3:\"145\";s:17:\"cart_contents_tax\";i:0;s:19:\"cart_contents_taxes\";a:0:{}s:9:\"fee_total\";s:1:\"0\";s:7:\"fee_tax\";d:0;s:9:\"fee_taxes\";a:0:{}s:5:\"total\";s:6:\"145.00\";s:9:\"total_tax\";d:0;}\";s:4:\"cart\";s:414:\"a:1:{s:32:\"13b919438259814cd5be8cb45877d577\";a:11:{s:3:\"key\";s:32:\"13b919438259814cd5be8cb45877d577\";s:10:\"product_id\";i:4177;s:12:\"variation_id\";i:0;s:9:\"variation\";a:0:{}s:8:\"quantity\";i:1;s:9:\"data_hash\";s:32:\"b5c1d5ca8bae6d4896cf1807cdf763f0\";s:13:\"line_tax_data\";a:2:{s:8:\"subtotal\";a:0:{}s:5:\"total\";a:0:{}}s:13:\"line_subtotal\";d:145;s:17:\"line_subtotal_tax\";d:0;s:10:\"line_total\";d:145;s:8:\"line_tax\";d:0;}}\";s:8:\"customer\";s:738:\"a:28:{s:2:\"id\";s:1:\"0\";s:13:\"date_modified\";s:0:\"\";s:10:\"first_name\";s:0:\"\";s:9:\"last_name\";s:0:\"\";s:7:\"company\";s:0:\"\";s:5:\"phone\";s:0:\"\";s:5:\"email\";s:0:\"\";s:7:\"address\";s:0:\"\";s:9:\"address_1\";s:0:\"\";s:9:\"address_2\";s:0:\"\";s:4:\"city\";s:0:\"\";s:5:\"state\";s:0:\"\";s:8:\"postcode\";s:0:\"\";s:7:\"country\";s:2:\"BE\";s:19:\"shipping_first_name\";s:0:\"\";s:18:\"shipping_last_name\";s:0:\"\";s:16:\"shipping_company\";s:0:\"\";s:14:\"shipping_phone\";s:0:\"\";s:16:\"shipping_address\";s:0:\"\";s:18:\"shipping_address_1\";s:0:\"\";s:18:\"shipping_address_2\";s:0:\"\";s:13:\"shipping_city\";s:0:\"\";s:14:\"shipping_state\";s:0:\"\";s:17:\"shipping_postcode\";s:0:\"\";s:16:\"shipping_country\";s:2:\"BE\";s:13:\"is_vat_exempt\";s:0:\"\";s:19:\"calculated_shipping\";s:0:\"\";s:9:\"meta_data\";a:0:{}}\";}',1755868598),(368504,'t_bcf828ad7dee096ed0d48a7e4faa4d','a:7:{s:22:\"shipping_for_package_0\";s:92:\"a:2:{s:12:\"package_hash\";s:40:\"wc_ship_f2a34281a3510b84e640e45bfff1f9a1\";s:5:\"rates\";a:0:{}}\";s:25:\"previous_shipping_methods\";s:16:\"a:1:{i:0;a:0:{}}\";s:23:\"chosen_shipping_methods\";s:17:\"a:1:{i:0;s:0:\"\";}\";s:22:\"shipping_method_counts\";s:14:\"a:1:{i:0;i:0;}\";s:11:\"cart_totals\";s:396:\"a:15:{s:8:\"subtotal\";s:3:\"145\";s:12:\"subtotal_tax\";d:0;s:14:\"shipping_total\";s:1:\"0\";s:12:\"shipping_tax\";d:0;s:14:\"shipping_taxes\";a:0:{}s:14:\"discount_total\";d:0;s:12:\"discount_tax\";d:0;s:19:\"cart_contents_total\";s:3:\"145\";s:17:\"cart_contents_tax\";i:0;s:19:\"cart_contents_taxes\";a:0:{}s:9:\"fee_total\";s:1:\"0\";s:7:\"fee_tax\";d:0;s:9:\"fee_taxes\";a:0:{}s:5:\"total\";s:6:\"145.00\";s:9:\"total_tax\";d:0;}\";s:4:\"cart\";s:414:\"a:1:{s:32:\"13b919438259814cd5be8cb45877d577\";a:11:{s:3:\"key\";s:32:\"13b919438259814cd5be8cb45877d577\";s:10:\"product_id\";i:4177;s:12:\"variation_id\";i:0;s:9:\"variation\";a:0:{}s:8:\"quantity\";i:1;s:9:\"data_hash\";s:32:\"b5c1d5ca8bae6d4896cf1807cdf763f0\";s:13:\"line_tax_data\";a:2:{s:8:\"subtotal\";a:0:{}s:5:\"total\";a:0:{}}s:13:\"line_subtotal\";d:145;s:17:\"line_subtotal_tax\";d:0;s:10:\"line_total\";d:145;s:8:\"line_tax\";d:0;}}\";s:8:\"customer\";s:738:\"a:28:{s:2:\"id\";s:1:\"0\";s:13:\"date_modified\";s:0:\"\";s:10:\"first_name\";s:0:\"\";s:9:\"last_name\";s:0:\"\";s:7:\"company\";s:0:\"\";s:5:\"phone\";s:0:\"\";s:5:\"email\";s:0:\"\";s:7:\"address\";s:0:\"\";s:9:\"address_1\";s:0:\"\";s:9:\"address_2\";s:0:\"\";s:4:\"city\";s:0:\"\";s:5:\"state\";s:0:\"\";s:8:\"postcode\";s:0:\"\";s:7:\"country\";s:2:\"BE\";s:19:\"shipping_first_name\";s:0:\"\";s:18:\"shipping_last_name\";s:0:\"\";s:16:\"shipping_company\";s:0:\"\";s:14:\"shipping_phone\";s:0:\"\";s:16:\"shipping_address\";s:0:\"\";s:18:\"shipping_address_1\";s:0:\"\";s:18:\"shipping_address_2\";s:0:\"\";s:13:\"shipping_city\";s:0:\"\";s:14:\"shipping_state\";s:0:\"\";s:17:\"shipping_postcode\";s:0:\"\";s:16:\"shipping_country\";s:2:\"BE\";s:13:\"is_vat_exempt\";s:0:\"\";s:19:\"calculated_shipping\";s:0:\"\";s:9:\"meta_data\";a:0:{}}\";}',1755868599),(368505,'t_e079d758a3cb05153cbdd40193415e','a:7:{s:22:\"shipping_for_package_0\";s:92:\"a:2:{s:12:\"package_hash\";s:40:\"wc_ship_f2a34281a3510b84e640e45bfff1f9a1\";s:5:\"rates\";a:0:{}}\";s:25:\"previous_shipping_methods\";s:16:\"a:1:{i:0;a:0:{}}\";s:23:\"chosen_shipping_methods\";s:17:\"a:1:{i:0;s:0:\"\";}\";s:22:\"shipping_method_counts\";s:14:\"a:1:{i:0;i:0;}\";s:11:\"cart_totals\";s:396:\"a:15:{s:8:\"subtotal\";s:3:\"145\";s:12:\"subtotal_tax\";d:0;s:14:\"shipping_total\";s:1:\"0\";s:12:\"shipping_tax\";d:0;s:14:\"shipping_taxes\";a:0:{}s:14:\"discount_total\";d:0;s:12:\"discount_tax\";d:0;s:19:\"cart_contents_total\";s:3:\"145\";s:17:\"cart_contents_tax\";i:0;s:19:\"cart_contents_taxes\";a:0:{}s:9:\"fee_total\";s:1:\"0\";s:7:\"fee_tax\";d:0;s:9:\"fee_taxes\";a:0:{}s:5:\"total\";s:6:\"145.00\";s:9:\"total_tax\";d:0;}\";s:4:\"cart\";s:414:\"a:1:{s:32:\"13b919438259814cd5be8cb45877d577\";a:11:{s:3:\"key\";s:32:\"13b919438259814cd5be8cb45877d577\";s:10:\"product_id\";i:4177;s:12:\"variation_id\";i:0;s:9:\"variation\";a:0:{}s:8:\"quantity\";i:1;s:9:\"data_hash\";s:32:\"b5c1d5ca8bae6d4896cf1807cdf763f0\";s:13:\"line_tax_data\";a:2:{s:8:\"subtotal\";a:0:{}s:5:\"total\";a:0:{}}s:13:\"line_subtotal\";d:145;s:17:\"line_subtotal_tax\";d:0;s:10:\"line_total\";d:145;s:8:\"line_tax\";d:0;}}\";s:8:\"customer\";s:738:\"a:28:{s:2:\"id\";s:1:\"0\";s:13:\"date_modified\";s:0:\"\";s:10:\"first_name\";s:0:\"\";s:9:\"last_name\";s:0:\"\";s:7:\"company\";s:0:\"\";s:5:\"phone\";s:0:\"\";s:5:\"email\";s:0:\"\";s:7:\"address\";s:0:\"\";s:9:\"address_1\";s:0:\"\";s:9:\"address_2\";s:0:\"\";s:4:\"city\";s:0:\"\";s:5:\"state\";s:0:\"\";s:8:\"postcode\";s:0:\"\";s:7:\"country\";s:2:\"BE\";s:19:\"shipping_first_name\";s:0:\"\";s:18:\"shipping_last_name\";s:0:\"\";s:16:\"shipping_company\";s:0:\"\";s:14:\"shipping_phone\";s:0:\"\";s:16:\"shipping_address\";s:0:\"\";s:18:\"shipping_address_1\";s:0:\"\";s:18:\"shipping_address_2\";s:0:\"\";s:13:\"shipping_city\";s:0:\"\";s:14:\"shipping_state\";s:0:\"\";s:17:\"shipping_postcode\";s:0:\"\";s:16:\"shipping_country\";s:2:\"BE\";s:13:\"is_vat_exempt\";s:0:\"\";s:19:\"calculated_shipping\";s:0:\"\";s:9:\"meta_data\";a:0:{}}\";}',1755868601),(368506,'t_ad186afae3689faa2f2a0d7dc1dc2e','a:7:{s:22:\"shipping_for_package_0\";s:92:\"a:2:{s:12:\"package_hash\";s:40:\"wc_ship_f2a34281a3510b84e640e45bfff1f9a1\";s:5:\"rates\";a:0:{}}\";s:25:\"previous_shipping_methods\";s:16:\"a:1:{i:0;a:0:{}}\";s:23:\"chosen_shipping_methods\";s:17:\"a:1:{i:0;s:0:\"\";}\";s:22:\"shipping_method_counts\";s:14:\"a:1:{i:0;i:0;}\";s:11:\"cart_totals\";s:396:\"a:15:{s:8:\"subtotal\";s:3:\"145\";s:12:\"subtotal_tax\";d:0;s:14:\"shipping_total\";s:1:\"0\";s:12:\"shipping_tax\";d:0;s:14:\"shipping_taxes\";a:0:{}s:14:\"discount_total\";d:0;s:12:\"discount_tax\";d:0;s:19:\"cart_contents_total\";s:3:\"145\";s:17:\"cart_contents_tax\";i:0;s:19:\"cart_contents_taxes\";a:0:{}s:9:\"fee_total\";s:1:\"0\";s:7:\"fee_tax\";d:0;s:9:\"fee_taxes\";a:0:{}s:5:\"total\";s:6:\"145.00\";s:9:\"total_tax\";d:0;}\";s:4:\"cart\";s:414:\"a:1:{s:32:\"13b919438259814cd5be8cb45877d577\";a:11:{s:3:\"key\";s:32:\"13b919438259814cd5be8cb45877d577\";s:10:\"product_id\";i:4177;s:12:\"variation_id\";i:0;s:9:\"variation\";a:0:{}s:8:\"quantity\";i:1;s:9:\"data_hash\";s:32:\"b5c1d5ca8bae6d4896cf1807cdf763f0\";s:13:\"line_tax_data\";a:2:{s:8:\"subtotal\";a:0:{}s:5:\"total\";a:0:{}}s:13:\"line_subtotal\";d:145;s:17:\"line_subtotal_tax\";d:0;s:10:\"line_total\";d:145;s:8:\"line_tax\";d:0;}}\";s:8:\"customer\";s:738:\"a:28:{s:2:\"id\";s:1:\"0\";s:13:\"date_modified\";s:0:\"\";s:10:\"first_name\";s:0:\"\";s:9:\"last_name\";s:0:\"\";s:7:\"company\";s:0:\"\";s:5:\"phone\";s:0:\"\";s:5:\"email\";s:0:\"\";s:7:\"address\";s:0:\"\";s:9:\"address_1\";s:0:\"\";s:9:\"address_2\";s:0:\"\";s:4:\"city\";s:0:\"\";s:5:\"state\";s:0:\"\";s:8:\"postcode\";s:0:\"\";s:7:\"country\";s:2:\"BE\";s:19:\"shipping_first_name\";s:0:\"\";s:18:\"shipping_last_name\";s:0:\"\";s:16:\"shipping_company\";s:0:\"\";s:14:\"shipping_phone\";s:0:\"\";s:16:\"shipping_address\";s:0:\"\";s:18:\"shipping_address_1\";s:0:\"\";s:18:\"shipping_address_2\";s:0:\"\";s:13:\"shipping_city\";s:0:\"\";s:14:\"shipping_state\";s:0:\"\";s:17:\"shipping_postcode\";s:0:\"\";s:16:\"shipping_country\";s:2:\"BE\";s:13:\"is_vat_exempt\";s:0:\"\";s:19:\"calculated_shipping\";s:0:\"\";s:9:\"meta_data\";a:0:{}}\";}',1755868603),(368507,'t_8b34a26632fb639d97b18c45ee2ffc','a:7:{s:22:\"shipping_for_package_0\";s:92:\"a:2:{s:12:\"package_hash\";s:40:\"wc_ship_f2a34281a3510b84e640e45bfff1f9a1\";s:5:\"rates\";a:0:{}}\";s:25:\"previous_shipping_methods\";s:16:\"a:1:{i:0;a:0:{}}\";s:23:\"chosen_shipping_methods\";s:17:\"a:1:{i:0;s:0:\"\";}\";s:22:\"shipping_method_counts\";s:14:\"a:1:{i:0;i:0;}\";s:11:\"cart_totals\";s:396:\"a:15:{s:8:\"subtotal\";s:3:\"145\";s:12:\"subtotal_tax\";d:0;s:14:\"shipping_total\";s:1:\"0\";s:12:\"shipping_tax\";d:0;s:14:\"shipping_taxes\";a:0:{}s:14:\"discount_total\";d:0;s:12:\"discount_tax\";d:0;s:19:\"cart_contents_total\";s:3:\"145\";s:17:\"cart_contents_tax\";i:0;s:19:\"cart_contents_taxes\";a:0:{}s:9:\"fee_total\";s:1:\"0\";s:7:\"fee_tax\";d:0;s:9:\"fee_taxes\";a:0:{}s:5:\"total\";s:6:\"145.00\";s:9:\"total_tax\";d:0;}\";s:4:\"cart\";s:414:\"a:1:{s:32:\"13b919438259814cd5be8cb45877d577\";a:11:{s:3:\"key\";s:32:\"13b919438259814cd5be8cb45877d577\";s:10:\"product_id\";i:4177;s:12:\"variation_id\";i:0;s:9:\"variation\";a:0:{}s:8:\"quantity\";i:1;s:9:\"data_hash\";s:32:\"b5c1d5ca8bae6d4896cf1807cdf763f0\";s:13:\"line_tax_data\";a:2:{s:8:\"subtotal\";a:0:{}s:5:\"total\";a:0:{}}s:13:\"line_subtotal\";d:145;s:17:\"line_subtotal_tax\";d:0;s:10:\"line_total\";d:145;s:8:\"line_tax\";d:0;}}\";s:8:\"customer\";s:738:\"a:28:{s:2:\"id\";s:1:\"0\";s:13:\"date_modified\";s:0:\"\";s:10:\"first_name\";s:0:\"\";s:9:\"last_name\";s:0:\"\";s:7:\"company\";s:0:\"\";s:5:\"phone\";s:0:\"\";s:5:\"email\";s:0:\"\";s:7:\"address\";s:0:\"\";s:9:\"address_1\";s:0:\"\";s:9:\"address_2\";s:0:\"\";s:4:\"city\";s:0:\"\";s:5:\"state\";s:0:\"\";s:8:\"postcode\";s:0:\"\";s:7:\"country\";s:2:\"BE\";s:19:\"shipping_first_name\";s:0:\"\";s:18:\"shipping_last_name\";s:0:\"\";s:16:\"shipping_company\";s:0:\"\";s:14:\"shipping_phone\";s:0:\"\";s:16:\"shipping_address\";s:0:\"\";s:18:\"shipping_address_1\";s:0:\"\";s:18:\"shipping_address_2\";s:0:\"\";s:13:\"shipping_city\";s:0:\"\";s:14:\"shipping_state\";s:0:\"\";s:17:\"shipping_postcode\";s:0:\"\";s:16:\"shipping_country\";s:2:\"BE\";s:13:\"is_vat_exempt\";s:0:\"\";s:19:\"calculated_shipping\";s:0:\"\";s:9:\"meta_data\";a:0:{}}\";}',1755868605),(368508,'t_a93f606270f8a0f768073b2b5d0970','a:7:{s:22:\"shipping_for_package_0\";s:92:\"a:2:{s:12:\"package_hash\";s:40:\"wc_ship_f2a34281a3510b84e640e45bfff1f9a1\";s:5:\"rates\";a:0:{}}\";s:25:\"previous_shipping_methods\";s:16:\"a:1:{i:0;a:0:{}}\";s:23:\"chosen_shipping_methods\";s:17:\"a:1:{i:0;s:0:\"\";}\";s:22:\"shipping_method_counts\";s:14:\"a:1:{i:0;i:0;}\";s:11:\"cart_totals\";s:396:\"a:15:{s:8:\"subtotal\";s:3:\"145\";s:12:\"subtotal_tax\";d:0;s:14:\"shipping_total\";s:1:\"0\";s:12:\"shipping_tax\";d:0;s:14:\"shipping_taxes\";a:0:{}s:14:\"discount_total\";d:0;s:12:\"discount_tax\";d:0;s:19:\"cart_contents_total\";s:3:\"145\";s:17:\"cart_contents_tax\";i:0;s:19:\"cart_contents_taxes\";a:0:{}s:9:\"fee_total\";s:1:\"0\";s:7:\"fee_tax\";d:0;s:9:\"fee_taxes\";a:0:{}s:5:\"total\";s:6:\"145.00\";s:9:\"total_tax\";d:0;}\";s:4:\"cart\";s:414:\"a:1:{s:32:\"13b919438259814cd5be8cb45877d577\";a:11:{s:3:\"key\";s:32:\"13b919438259814cd5be8cb45877d577\";s:10:\"product_id\";i:4177;s:12:\"variation_id\";i:0;s:9:\"variation\";a:0:{}s:8:\"quantity\";i:1;s:9:\"data_hash\";s:32:\"b5c1d5ca8bae6d4896cf1807cdf763f0\";s:13:\"line_tax_data\";a:2:{s:8:\"subtotal\";a:0:{}s:5:\"total\";a:0:{}}s:13:\"line_subtotal\";d:145;s:17:\"line_subtotal_tax\";d:0;s:10:\"line_total\";d:145;s:8:\"line_tax\";d:0;}}\";s:8:\"customer\";s:738:\"a:28:{s:2:\"id\";s:1:\"0\";s:13:\"date_modified\";s:0:\"\";s:10:\"first_name\";s:0:\"\";s:9:\"last_name\";s:0:\"\";s:7:\"company\";s:0:\"\";s:5:\"phone\";s:0:\"\";s:5:\"email\";s:0:\"\";s:7:\"address\";s:0:\"\";s:9:\"address_1\";s:0:\"\";s:9:\"address_2\";s:0:\"\";s:4:\"city\";s:0:\"\";s:5:\"state\";s:0:\"\";s:8:\"postcode\";s:0:\"\";s:7:\"country\";s:2:\"BE\";s:19:\"shipping_first_name\";s:0:\"\";s:18:\"shipping_last_name\";s:0:\"\";s:16:\"shipping_company\";s:0:\"\";s:14:\"shipping_phone\";s:0:\"\";s:16:\"shipping_address\";s:0:\"\";s:18:\"shipping_address_1\";s:0:\"\";s:18:\"shipping_address_2\";s:0:\"\";s:13:\"shipping_city\";s:0:\"\";s:14:\"shipping_state\";s:0:\"\";s:17:\"shipping_postcode\";s:0:\"\";s:16:\"shipping_country\";s:2:\"BE\";s:13:\"is_vat_exempt\";s:0:\"\";s:19:\"calculated_shipping\";s:0:\"\";s:9:\"meta_data\";a:0:{}}\";}',1755868606),(368509,'t_5611f3cebbcb5ee7913930fdd6d661','a:7:{s:22:\"shipping_for_package_0\";s:92:\"a:2:{s:12:\"package_hash\";s:40:\"wc_ship_f2a34281a3510b84e640e45bfff1f9a1\";s:5:\"rates\";a:0:{}}\";s:25:\"previous_shipping_methods\";s:16:\"a:1:{i:0;a:0:{}}\";s:23:\"chosen_shipping_methods\";s:17:\"a:1:{i:0;s:0:\"\";}\";s:22:\"shipping_method_counts\";s:14:\"a:1:{i:0;i:0;}\";s:11:\"cart_totals\";s:396:\"a:15:{s:8:\"subtotal\";s:3:\"145\";s:12:\"subtotal_tax\";d:0;s:14:\"shipping_total\";s:1:\"0\";s:12:\"shipping_tax\";d:0;s:14:\"shipping_taxes\";a:0:{}s:14:\"discount_total\";d:0;s:12:\"discount_tax\";d:0;s:19:\"cart_contents_total\";s:3:\"145\";s:17:\"cart_contents_tax\";i:0;s:19:\"cart_contents_taxes\";a:0:{}s:9:\"fee_total\";s:1:\"0\";s:7:\"fee_tax\";d:0;s:9:\"fee_taxes\";a:0:{}s:5:\"total\";s:6:\"145.00\";s:9:\"total_tax\";d:0;}\";s:4:\"cart\";s:414:\"a:1:{s:32:\"13b919438259814cd5be8cb45877d577\";a:11:{s:3:\"key\";s:32:\"13b919438259814cd5be8cb45877d577\";s:10:\"product_id\";i:4177;s:12:\"variation_id\";i:0;s:9:\"variation\";a:0:{}s:8:\"quantity\";i:1;s:9:\"data_hash\";s:32:\"b5c1d5ca8bae6d4896cf1807cdf763f0\";s:13:\"line_tax_data\";a:2:{s:8:\"subtotal\";a:0:{}s:5:\"total\";a:0:{}}s:13:\"line_subtotal\";d:145;s:17:\"line_subtotal_tax\";d:0;s:10:\"line_total\";d:145;s:8:\"line_tax\";d:0;}}\";s:8:\"customer\";s:738:\"a:28:{s:2:\"id\";s:1:\"0\";s:13:\"date_modified\";s:0:\"\";s:10:\"first_name\";s:0:\"\";s:9:\"last_name\";s:0:\"\";s:7:\"company\";s:0:\"\";s:5:\"phone\";s:0:\"\";s:5:\"email\";s:0:\"\";s:7:\"address\";s:0:\"\";s:9:\"address_1\";s:0:\"\";s:9:\"address_2\";s:0:\"\";s:4:\"city\";s:0:\"\";s:5:\"state\";s:0:\"\";s:8:\"postcode\";s:0:\"\";s:7:\"country\";s:2:\"BE\";s:19:\"shipping_first_name\";s:0:\"\";s:18:\"shipping_last_name\";s:0:\"\";s:16:\"shipping_company\";s:0:\"\";s:14:\"shipping_phone\";s:0:\"\";s:16:\"shipping_address\";s:0:\"\";s:18:\"shipping_address_1\";s:0:\"\";s:18:\"shipping_address_2\";s:0:\"\";s:13:\"shipping_city\";s:0:\"\";s:14:\"shipping_state\";s:0:\"\";s:17:\"shipping_postcode\";s:0:\"\";s:16:\"shipping_country\";s:2:\"BE\";s:13:\"is_vat_exempt\";s:0:\"\";s:19:\"calculated_shipping\";s:0:\"\";s:9:\"meta_data\";a:0:{}}\";}',1755868608),(368510,'t_3c7c5ab905819e1f35e4b0bf6e88e7','a:7:{s:22:\"shipping_for_package_0\";s:92:\"a:2:{s:12:\"package_hash\";s:40:\"wc_ship_f2a34281a3510b84e640e45bfff1f9a1\";s:5:\"rates\";a:0:{}}\";s:25:\"previous_shipping_methods\";s:16:\"a:1:{i:0;a:0:{}}\";s:23:\"chosen_shipping_methods\";s:17:\"a:1:{i:0;s:0:\"\";}\";s:22:\"shipping_method_counts\";s:14:\"a:1:{i:0;i:0;}\";s:11:\"cart_totals\";s:396:\"a:15:{s:8:\"subtotal\";s:3:\"145\";s:12:\"subtotal_tax\";d:0;s:14:\"shipping_total\";s:1:\"0\";s:12:\"shipping_tax\";d:0;s:14:\"shipping_taxes\";a:0:{}s:14:\"discount_total\";d:0;s:12:\"discount_tax\";d:0;s:19:\"cart_contents_total\";s:3:\"145\";s:17:\"cart_contents_tax\";i:0;s:19:\"cart_contents_taxes\";a:0:{}s:9:\"fee_total\";s:1:\"0\";s:7:\"fee_tax\";d:0;s:9:\"fee_taxes\";a:0:{}s:5:\"total\";s:6:\"145.00\";s:9:\"total_tax\";d:0;}\";s:4:\"cart\";s:414:\"a:1:{s:32:\"13b919438259814cd5be8cb45877d577\";a:11:{s:3:\"key\";s:32:\"13b919438259814cd5be8cb45877d577\";s:10:\"product_id\";i:4177;s:12:\"variation_id\";i:0;s:9:\"variation\";a:0:{}s:8:\"quantity\";i:1;s:9:\"data_hash\";s:32:\"b5c1d5ca8bae6d4896cf1807cdf763f0\";s:13:\"line_tax_data\";a:2:{s:8:\"subtotal\";a:0:{}s:5:\"total\";a:0:{}}s:13:\"line_subtotal\";d:145;s:17:\"line_subtotal_tax\";d:0;s:10:\"line_total\";d:145;s:8:\"line_tax\";d:0;}}\";s:8:\"customer\";s:738:\"a:28:{s:2:\"id\";s:1:\"0\";s:13:\"date_modified\";s:0:\"\";s:10:\"first_name\";s:0:\"\";s:9:\"last_name\";s:0:\"\";s:7:\"company\";s:0:\"\";s:5:\"phone\";s:0:\"\";s:5:\"email\";s:0:\"\";s:7:\"address\";s:0:\"\";s:9:\"address_1\";s:0:\"\";s:9:\"address_2\";s:0:\"\";s:4:\"city\";s:0:\"\";s:5:\"state\";s:0:\"\";s:8:\"postcode\";s:0:\"\";s:7:\"country\";s:2:\"BE\";s:19:\"shipping_first_name\";s:0:\"\";s:18:\"shipping_last_name\";s:0:\"\";s:16:\"shipping_company\";s:0:\"\";s:14:\"shipping_phone\";s:0:\"\";s:16:\"shipping_address\";s:0:\"\";s:18:\"shipping_address_1\";s:0:\"\";s:18:\"shipping_address_2\";s:0:\"\";s:13:\"shipping_city\";s:0:\"\";s:14:\"shipping_state\";s:0:\"\";s:17:\"shipping_postcode\";s:0:\"\";s:16:\"shipping_country\";s:2:\"BE\";s:13:\"is_vat_exempt\";s:0:\"\";s:19:\"calculated_shipping\";s:0:\"\";s:9:\"meta_data\";a:0:{}}\";}',1755868610),(368511,'t_b152f5a707433f013cf13015091283','a:7:{s:22:\"shipping_for_package_0\";s:92:\"a:2:{s:12:\"package_hash\";s:40:\"wc_ship_f2a34281a3510b84e640e45bfff1f9a1\";s:5:\"rates\";a:0:{}}\";s:25:\"previous_shipping_methods\";s:16:\"a:1:{i:0;a:0:{}}\";s:23:\"chosen_shipping_methods\";s:17:\"a:1:{i:0;s:0:\"\";}\";s:22:\"shipping_method_counts\";s:14:\"a:1:{i:0;i:0;}\";s:11:\"cart_totals\";s:396:\"a:15:{s:8:\"subtotal\";s:3:\"145\";s:12:\"subtotal_tax\";d:0;s:14:\"shipping_total\";s:1:\"0\";s:12:\"shipping_tax\";d:0;s:14:\"shipping_taxes\";a:0:{}s:14:\"discount_total\";d:0;s:12:\"discount_tax\";d:0;s:19:\"cart_contents_total\";s:3:\"145\";s:17:\"cart_contents_tax\";i:0;s:19:\"cart_contents_taxes\";a:0:{}s:9:\"fee_total\";s:1:\"0\";s:7:\"fee_tax\";d:0;s:9:\"fee_taxes\";a:0:{}s:5:\"total\";s:6:\"145.00\";s:9:\"total_tax\";d:0;}\";s:4:\"cart\";s:414:\"a:1:{s:32:\"13b919438259814cd5be8cb45877d577\";a:11:{s:3:\"key\";s:32:\"13b919438259814cd5be8cb45877d577\";s:10:\"product_id\";i:4177;s:12:\"variation_id\";i:0;s:9:\"variation\";a:0:{}s:8:\"quantity\";i:1;s:9:\"data_hash\";s:32:\"b5c1d5ca8bae6d4896cf1807cdf763f0\";s:13:\"line_tax_data\";a:2:{s:8:\"subtotal\";a:0:{}s:5:\"total\";a:0:{}}s:13:\"line_subtotal\";d:145;s:17:\"line_subtotal_tax\";d:0;s:10:\"line_total\";d:145;s:8:\"line_tax\";d:0;}}\";s:8:\"customer\";s:738:\"a:28:{s:2:\"id\";s:1:\"0\";s:13:\"date_modified\";s:0:\"\";s:10:\"first_name\";s:0:\"\";s:9:\"last_name\";s:0:\"\";s:7:\"company\";s:0:\"\";s:5:\"phone\";s:0:\"\";s:5:\"email\";s:0:\"\";s:7:\"address\";s:0:\"\";s:9:\"address_1\";s:0:\"\";s:9:\"address_2\";s:0:\"\";s:4:\"city\";s:0:\"\";s:5:\"state\";s:0:\"\";s:8:\"postcode\";s:0:\"\";s:7:\"country\";s:2:\"BE\";s:19:\"shipping_first_name\";s:0:\"\";s:18:\"shipping_last_name\";s:0:\"\";s:16:\"shipping_company\";s:0:\"\";s:14:\"shipping_phone\";s:0:\"\";s:16:\"shipping_address\";s:0:\"\";s:18:\"shipping_address_1\";s:0:\"\";s:18:\"shipping_address_2\";s:0:\"\";s:13:\"shipping_city\";s:0:\"\";s:14:\"shipping_state\";s:0:\"\";s:17:\"shipping_postcode\";s:0:\"\";s:16:\"shipping_country\";s:2:\"BE\";s:13:\"is_vat_exempt\";s:0:\"\";s:19:\"calculated_shipping\";s:0:\"\";s:9:\"meta_data\";a:0:{}}\";}',1755868612),(368512,'t_ebaa7a803092432b328e0db6a32fb8','a:7:{s:22:\"shipping_for_package_0\";s:92:\"a:2:{s:12:\"package_hash\";s:40:\"wc_ship_f2a34281a3510b84e640e45bfff1f9a1\";s:5:\"rates\";a:0:{}}\";s:25:\"previous_shipping_methods\";s:16:\"a:1:{i:0;a:0:{}}\";s:23:\"chosen_shipping_methods\";s:17:\"a:1:{i:0;s:0:\"\";}\";s:22:\"shipping_method_counts\";s:14:\"a:1:{i:0;i:0;}\";s:11:\"cart_totals\";s:396:\"a:15:{s:8:\"subtotal\";s:3:\"145\";s:12:\"subtotal_tax\";d:0;s:14:\"shipping_total\";s:1:\"0\";s:12:\"shipping_tax\";d:0;s:14:\"shipping_taxes\";a:0:{}s:14:\"discount_total\";d:0;s:12:\"discount_tax\";d:0;s:19:\"cart_contents_total\";s:3:\"145\";s:17:\"cart_contents_tax\";i:0;s:19:\"cart_contents_taxes\";a:0:{}s:9:\"fee_total\";s:1:\"0\";s:7:\"fee_tax\";d:0;s:9:\"fee_taxes\";a:0:{}s:5:\"total\";s:6:\"145.00\";s:9:\"total_tax\";d:0;}\";s:4:\"cart\";s:414:\"a:1:{s:32:\"13b919438259814cd5be8cb45877d577\";a:11:{s:3:\"key\";s:32:\"13b919438259814cd5be8cb45877d577\";s:10:\"product_id\";i:4177;s:12:\"variation_id\";i:0;s:9:\"variation\";a:0:{}s:8:\"quantity\";i:1;s:9:\"data_hash\";s:32:\"b5c1d5ca8bae6d4896cf1807cdf763f0\";s:13:\"line_tax_data\";a:2:{s:8:\"subtotal\";a:0:{}s:5:\"total\";a:0:{}}s:13:\"line_subtotal\";d:145;s:17:\"line_subtotal_tax\";d:0;s:10:\"line_total\";d:145;s:8:\"line_tax\";d:0;}}\";s:8:\"customer\";s:738:\"a:28:{s:2:\"id\";s:1:\"0\";s:13:\"date_modified\";s:0:\"\";s:10:\"first_name\";s:0:\"\";s:9:\"last_name\";s:0:\"\";s:7:\"company\";s:0:\"\";s:5:\"phone\";s:0:\"\";s:5:\"email\";s:0:\"\";s:7:\"address\";s:0:\"\";s:9:\"address_1\";s:0:\"\";s:9:\"address_2\";s:0:\"\";s:4:\"city\";s:0:\"\";s:5:\"state\";s:0:\"\";s:8:\"postcode\";s:0:\"\";s:7:\"country\";s:2:\"BE\";s:19:\"shipping_first_name\";s:0:\"\";s:18:\"shipping_last_name\";s:0:\"\";s:16:\"shipping_company\";s:0:\"\";s:14:\"shipping_phone\";s:0:\"\";s:16:\"shipping_address\";s:0:\"\";s:18:\"shipping_address_1\";s:0:\"\";s:18:\"shipping_address_2\";s:0:\"\";s:13:\"shipping_city\";s:0:\"\";s:14:\"shipping_state\";s:0:\"\";s:17:\"shipping_postcode\";s:0:\"\";s:16:\"shipping_country\";s:2:\"BE\";s:13:\"is_vat_exempt\";s:0:\"\";s:19:\"calculated_shipping\";s:0:\"\";s:9:\"meta_data\";a:0:{}}\";}',1755868614),(368513,'t_1520f81b8096d06156560e8cdcf844','a:7:{s:22:\"shipping_for_package_0\";s:92:\"a:2:{s:12:\"package_hash\";s:40:\"wc_ship_f2a34281a3510b84e640e45bfff1f9a1\";s:5:\"rates\";a:0:{}}\";s:25:\"previous_shipping_methods\";s:16:\"a:1:{i:0;a:0:{}}\";s:23:\"chosen_shipping_methods\";s:17:\"a:1:{i:0;s:0:\"\";}\";s:22:\"shipping_method_counts\";s:14:\"a:1:{i:0;i:0;}\";s:11:\"cart_totals\";s:396:\"a:15:{s:8:\"subtotal\";s:3:\"145\";s:12:\"subtotal_tax\";d:0;s:14:\"shipping_total\";s:1:\"0\";s:12:\"shipping_tax\";d:0;s:14:\"shipping_taxes\";a:0:{}s:14:\"discount_total\";d:0;s:12:\"discount_tax\";d:0;s:19:\"cart_contents_total\";s:3:\"145\";s:17:\"cart_contents_tax\";i:0;s:19:\"cart_contents_taxes\";a:0:{}s:9:\"fee_total\";s:1:\"0\";s:7:\"fee_tax\";d:0;s:9:\"fee_taxes\";a:0:{}s:5:\"total\";s:6:\"145.00\";s:9:\"total_tax\";d:0;}\";s:4:\"cart\";s:414:\"a:1:{s:32:\"13b919438259814cd5be8cb45877d577\";a:11:{s:3:\"key\";s:32:\"13b919438259814cd5be8cb45877d577\";s:10:\"product_id\";i:4177;s:12:\"variation_id\";i:0;s:9:\"variation\";a:0:{}s:8:\"quantity\";i:1;s:9:\"data_hash\";s:32:\"b5c1d5ca8bae6d4896cf1807cdf763f0\";s:13:\"line_tax_data\";a:2:{s:8:\"subtotal\";a:0:{}s:5:\"total\";a:0:{}}s:13:\"line_subtotal\";d:145;s:17:\"line_subtotal_tax\";d:0;s:10:\"line_total\";d:145;s:8:\"line_tax\";d:0;}}\";s:8:\"customer\";s:738:\"a:28:{s:2:\"id\";s:1:\"0\";s:13:\"date_modified\";s:0:\"\";s:10:\"first_name\";s:0:\"\";s:9:\"last_name\";s:0:\"\";s:7:\"company\";s:0:\"\";s:5:\"phone\";s:0:\"\";s:5:\"email\";s:0:\"\";s:7:\"address\";s:0:\"\";s:9:\"address_1\";s:0:\"\";s:9:\"address_2\";s:0:\"\";s:4:\"city\";s:0:\"\";s:5:\"state\";s:0:\"\";s:8:\"postcode\";s:0:\"\";s:7:\"country\";s:2:\"BE\";s:19:\"shipping_first_name\";s:0:\"\";s:18:\"shipping_last_name\";s:0:\"\";s:16:\"shipping_company\";s:0:\"\";s:14:\"shipping_phone\";s:0:\"\";s:16:\"shipping_address\";s:0:\"\";s:18:\"shipping_address_1\";s:0:\"\";s:18:\"shipping_address_2\";s:0:\"\";s:13:\"shipping_city\";s:0:\"\";s:14:\"shipping_state\";s:0:\"\";s:17:\"shipping_postcode\";s:0:\"\";s:16:\"shipping_country\";s:2:\"BE\";s:13:\"is_vat_exempt\";s:0:\"\";s:19:\"calculated_shipping\";s:0:\"\";s:9:\"meta_data\";a:0:{}}\";}',1755868616),(368514,'t_6baf62c97f08720498da882e572225','a:7:{s:22:\"shipping_for_package_0\";s:92:\"a:2:{s:12:\"package_hash\";s:40:\"wc_ship_f2a34281a3510b84e640e45bfff1f9a1\";s:5:\"rates\";a:0:{}}\";s:25:\"previous_shipping_methods\";s:16:\"a:1:{i:0;a:0:{}}\";s:23:\"chosen_shipping_methods\";s:17:\"a:1:{i:0;s:0:\"\";}\";s:22:\"shipping_method_counts\";s:14:\"a:1:{i:0;i:0;}\";s:11:\"cart_totals\";s:396:\"a:15:{s:8:\"subtotal\";s:3:\"145\";s:12:\"subtotal_tax\";d:0;s:14:\"shipping_total\";s:1:\"0\";s:12:\"shipping_tax\";d:0;s:14:\"shipping_taxes\";a:0:{}s:14:\"discount_total\";d:0;s:12:\"discount_tax\";d:0;s:19:\"cart_contents_total\";s:3:\"145\";s:17:\"cart_contents_tax\";i:0;s:19:\"cart_contents_taxes\";a:0:{}s:9:\"fee_total\";s:1:\"0\";s:7:\"fee_tax\";d:0;s:9:\"fee_taxes\";a:0:{}s:5:\"total\";s:6:\"145.00\";s:9:\"total_tax\";d:0;}\";s:4:\"cart\";s:414:\"a:1:{s:32:\"13b919438259814cd5be8cb45877d577\";a:11:{s:3:\"key\";s:32:\"13b919438259814cd5be8cb45877d577\";s:10:\"product_id\";i:4177;s:12:\"variation_id\";i:0;s:9:\"variation\";a:0:{}s:8:\"quantity\";i:1;s:9:\"data_hash\";s:32:\"b5c1d5ca8bae6d4896cf1807cdf763f0\";s:13:\"line_tax_data\";a:2:{s:8:\"subtotal\";a:0:{}s:5:\"total\";a:0:{}}s:13:\"line_subtotal\";d:145;s:17:\"line_subtotal_tax\";d:0;s:10:\"line_total\";d:145;s:8:\"line_tax\";d:0;}}\";s:8:\"customer\";s:738:\"a:28:{s:2:\"id\";s:1:\"0\";s:13:\"date_modified\";s:0:\"\";s:10:\"first_name\";s:0:\"\";s:9:\"last_name\";s:0:\"\";s:7:\"company\";s:0:\"\";s:5:\"phone\";s:0:\"\";s:5:\"email\";s:0:\"\";s:7:\"address\";s:0:\"\";s:9:\"address_1\";s:0:\"\";s:9:\"address_2\";s:0:\"\";s:4:\"city\";s:0:\"\";s:5:\"state\";s:0:\"\";s:8:\"postcode\";s:0:\"\";s:7:\"country\";s:2:\"BE\";s:19:\"shipping_first_name\";s:0:\"\";s:18:\"shipping_last_name\";s:0:\"\";s:16:\"shipping_company\";s:0:\"\";s:14:\"shipping_phone\";s:0:\"\";s:16:\"shipping_address\";s:0:\"\";s:18:\"shipping_address_1\";s:0:\"\";s:18:\"shipping_address_2\";s:0:\"\";s:13:\"shipping_city\";s:0:\"\";s:14:\"shipping_state\";s:0:\"\";s:17:\"shipping_postcode\";s:0:\"\";s:16:\"shipping_country\";s:2:\"BE\";s:13:\"is_vat_exempt\";s:0:\"\";s:19:\"calculated_shipping\";s:0:\"\";s:9:\"meta_data\";a:0:{}}\";}',1755868618),(368515,'t_9e7d4e87e49deabcee994573b0d3c0','a:7:{s:22:\"shipping_for_package_0\";s:92:\"a:2:{s:12:\"package_hash\";s:40:\"wc_ship_f2a34281a3510b84e640e45bfff1f9a1\";s:5:\"rates\";a:0:{}}\";s:25:\"previous_shipping_methods\";s:16:\"a:1:{i:0;a:0:{}}\";s:23:\"chosen_shipping_methods\";s:17:\"a:1:{i:0;s:0:\"\";}\";s:22:\"shipping_method_counts\";s:14:\"a:1:{i:0;i:0;}\";s:11:\"cart_totals\";s:396:\"a:15:{s:8:\"subtotal\";s:3:\"145\";s:12:\"subtotal_tax\";d:0;s:14:\"shipping_total\";s:1:\"0\";s:12:\"shipping_tax\";d:0;s:14:\"shipping_taxes\";a:0:{}s:14:\"discount_total\";d:0;s:12:\"discount_tax\";d:0;s:19:\"cart_contents_total\";s:3:\"145\";s:17:\"cart_contents_tax\";i:0;s:19:\"cart_contents_taxes\";a:0:{}s:9:\"fee_total\";s:1:\"0\";s:7:\"fee_tax\";d:0;s:9:\"fee_taxes\";a:0:{}s:5:\"total\";s:6:\"145.00\";s:9:\"total_tax\";d:0;}\";s:4:\"cart\";s:414:\"a:1:{s:32:\"13b919438259814cd5be8cb45877d577\";a:11:{s:3:\"key\";s:32:\"13b919438259814cd5be8cb45877d577\";s:10:\"product_id\";i:4177;s:12:\"variation_id\";i:0;s:9:\"variation\";a:0:{}s:8:\"quantity\";i:1;s:9:\"data_hash\";s:32:\"b5c1d5ca8bae6d4896cf1807cdf763f0\";s:13:\"line_tax_data\";a:2:{s:8:\"subtotal\";a:0:{}s:5:\"total\";a:0:{}}s:13:\"line_subtotal\";d:145;s:17:\"line_subtotal_tax\";d:0;s:10:\"line_total\";d:145;s:8:\"line_tax\";d:0;}}\";s:8:\"customer\";s:738:\"a:28:{s:2:\"id\";s:1:\"0\";s:13:\"date_modified\";s:0:\"\";s:10:\"first_name\";s:0:\"\";s:9:\"last_name\";s:0:\"\";s:7:\"company\";s:0:\"\";s:5:\"phone\";s:0:\"\";s:5:\"email\";s:0:\"\";s:7:\"address\";s:0:\"\";s:9:\"address_1\";s:0:\"\";s:9:\"address_2\";s:0:\"\";s:4:\"city\";s:0:\"\";s:5:\"state\";s:0:\"\";s:8:\"postcode\";s:0:\"\";s:7:\"country\";s:2:\"BE\";s:19:\"shipping_first_name\";s:0:\"\";s:18:\"shipping_last_name\";s:0:\"\";s:16:\"shipping_company\";s:0:\"\";s:14:\"shipping_phone\";s:0:\"\";s:16:\"shipping_address\";s:0:\"\";s:18:\"shipping_address_1\";s:0:\"\";s:18:\"shipping_address_2\";s:0:\"\";s:13:\"shipping_city\";s:0:\"\";s:14:\"shipping_state\";s:0:\"\";s:17:\"shipping_postcode\";s:0:\"\";s:16:\"shipping_country\";s:2:\"BE\";s:13:\"is_vat_exempt\";s:0:\"\";s:19:\"calculated_shipping\";s:0:\"\";s:9:\"meta_data\";a:0:{}}\";}',1755868619),(368516,'t_d92a653591639b72150f012b68c1bc','a:7:{s:22:\"shipping_for_package_0\";s:92:\"a:2:{s:12:\"package_hash\";s:40:\"wc_ship_f2a34281a3510b84e640e45bfff1f9a1\";s:5:\"rates\";a:0:{}}\";s:25:\"previous_shipping_methods\";s:16:\"a:1:{i:0;a:0:{}}\";s:23:\"chosen_shipping_methods\";s:17:\"a:1:{i:0;s:0:\"\";}\";s:22:\"shipping_method_counts\";s:14:\"a:1:{i:0;i:0;}\";s:11:\"cart_totals\";s:396:\"a:15:{s:8:\"subtotal\";s:3:\"145\";s:12:\"subtotal_tax\";d:0;s:14:\"shipping_total\";s:1:\"0\";s:12:\"shipping_tax\";d:0;s:14:\"shipping_taxes\";a:0:{}s:14:\"discount_total\";d:0;s:12:\"discount_tax\";d:0;s:19:\"cart_contents_total\";s:3:\"145\";s:17:\"cart_contents_tax\";i:0;s:19:\"cart_contents_taxes\";a:0:{}s:9:\"fee_total\";s:1:\"0\";s:7:\"fee_tax\";d:0;s:9:\"fee_taxes\";a:0:{}s:5:\"total\";s:6:\"145.00\";s:9:\"total_tax\";d:0;}\";s:4:\"cart\";s:414:\"a:1:{s:32:\"13b919438259814cd5be8cb45877d577\";a:11:{s:3:\"key\";s:32:\"13b919438259814cd5be8cb45877d577\";s:10:\"product_id\";i:4177;s:12:\"variation_id\";i:0;s:9:\"variation\";a:0:{}s:8:\"quantity\";i:1;s:9:\"data_hash\";s:32:\"b5c1d5ca8bae6d4896cf1807cdf763f0\";s:13:\"line_tax_data\";a:2:{s:8:\"subtotal\";a:0:{}s:5:\"total\";a:0:{}}s:13:\"line_subtotal\";d:145;s:17:\"line_subtotal_tax\";d:0;s:10:\"line_total\";d:145;s:8:\"line_tax\";d:0;}}\";s:8:\"customer\";s:738:\"a:28:{s:2:\"id\";s:1:\"0\";s:13:\"date_modified\";s:0:\"\";s:10:\"first_name\";s:0:\"\";s:9:\"last_name\";s:0:\"\";s:7:\"company\";s:0:\"\";s:5:\"phone\";s:0:\"\";s:5:\"email\";s:0:\"\";s:7:\"address\";s:0:\"\";s:9:\"address_1\";s:0:\"\";s:9:\"address_2\";s:0:\"\";s:4:\"city\";s:0:\"\";s:5:\"state\";s:0:\"\";s:8:\"postcode\";s:0:\"\";s:7:\"country\";s:2:\"BE\";s:19:\"shipping_first_name\";s:0:\"\";s:18:\"shipping_last_name\";s:0:\"\";s:16:\"shipping_company\";s:0:\"\";s:14:\"shipping_phone\";s:0:\"\";s:16:\"shipping_address\";s:0:\"\";s:18:\"shipping_address_1\";s:0:\"\";s:18:\"shipping_address_2\";s:0:\"\";s:13:\"shipping_city\";s:0:\"\";s:14:\"shipping_state\";s:0:\"\";s:17:\"shipping_postcode\";s:0:\"\";s:16:\"shipping_country\";s:2:\"BE\";s:13:\"is_vat_exempt\";s:0:\"\";s:19:\"calculated_shipping\";s:0:\"\";s:9:\"meta_data\";a:0:{}}\";}',1755868621),(368517,'t_09d3adad396571ac92aa00da8fbc30','a:7:{s:22:\"shipping_for_package_0\";s:92:\"a:2:{s:12:\"package_hash\";s:40:\"wc_ship_f2a34281a3510b84e640e45bfff1f9a1\";s:5:\"rates\";a:0:{}}\";s:25:\"previous_shipping_methods\";s:16:\"a:1:{i:0;a:0:{}}\";s:23:\"chosen_shipping_methods\";s:17:\"a:1:{i:0;s:0:\"\";}\";s:22:\"shipping_method_counts\";s:14:\"a:1:{i:0;i:0;}\";s:11:\"cart_totals\";s:396:\"a:15:{s:8:\"subtotal\";s:3:\"145\";s:12:\"subtotal_tax\";d:0;s:14:\"shipping_total\";s:1:\"0\";s:12:\"shipping_tax\";d:0;s:14:\"shipping_taxes\";a:0:{}s:14:\"discount_total\";d:0;s:12:\"discount_tax\";d:0;s:19:\"cart_contents_total\";s:3:\"145\";s:17:\"cart_contents_tax\";i:0;s:19:\"cart_contents_taxes\";a:0:{}s:9:\"fee_total\";s:1:\"0\";s:7:\"fee_tax\";d:0;s:9:\"fee_taxes\";a:0:{}s:5:\"total\";s:6:\"145.00\";s:9:\"total_tax\";d:0;}\";s:4:\"cart\";s:414:\"a:1:{s:32:\"13b919438259814cd5be8cb45877d577\";a:11:{s:3:\"key\";s:32:\"13b919438259814cd5be8cb45877d577\";s:10:\"product_id\";i:4177;s:12:\"variation_id\";i:0;s:9:\"variation\";a:0:{}s:8:\"quantity\";i:1;s:9:\"data_hash\";s:32:\"b5c1d5ca8bae6d4896cf1807cdf763f0\";s:13:\"line_tax_data\";a:2:{s:8:\"subtotal\";a:0:{}s:5:\"total\";a:0:{}}s:13:\"line_subtotal\";d:145;s:17:\"line_subtotal_tax\";d:0;s:10:\"line_total\";d:145;s:8:\"line_tax\";d:0;}}\";s:8:\"customer\";s:738:\"a:28:{s:2:\"id\";s:1:\"0\";s:13:\"date_modified\";s:0:\"\";s:10:\"first_name\";s:0:\"\";s:9:\"last_name\";s:0:\"\";s:7:\"company\";s:0:\"\";s:5:\"phone\";s:0:\"\";s:5:\"email\";s:0:\"\";s:7:\"address\";s:0:\"\";s:9:\"address_1\";s:0:\"\";s:9:\"address_2\";s:0:\"\";s:4:\"city\";s:0:\"\";s:5:\"state\";s:0:\"\";s:8:\"postcode\";s:0:\"\";s:7:\"country\";s:2:\"BE\";s:19:\"shipping_first_name\";s:0:\"\";s:18:\"shipping_last_name\";s:0:\"\";s:16:\"shipping_company\";s:0:\"\";s:14:\"shipping_phone\";s:0:\"\";s:16:\"shipping_address\";s:0:\"\";s:18:\"shipping_address_1\";s:0:\"\";s:18:\"shipping_address_2\";s:0:\"\";s:13:\"shipping_city\";s:0:\"\";s:14:\"shipping_state\";s:0:\"\";s:17:\"shipping_postcode\";s:0:\"\";s:16:\"shipping_country\";s:2:\"BE\";s:13:\"is_vat_exempt\";s:0:\"\";s:19:\"calculated_shipping\";s:0:\"\";s:9:\"meta_data\";a:0:{}}\";}',1755868623),(368518,'t_478907ca39b1e3a51a69a350c13c9c','a:7:{s:22:\"shipping_for_package_0\";s:92:\"a:2:{s:12:\"package_hash\";s:40:\"wc_ship_f2a34281a3510b84e640e45bfff1f9a1\";s:5:\"rates\";a:0:{}}\";s:25:\"previous_shipping_methods\";s:16:\"a:1:{i:0;a:0:{}}\";s:23:\"chosen_shipping_methods\";s:17:\"a:1:{i:0;s:0:\"\";}\";s:22:\"shipping_method_counts\";s:14:\"a:1:{i:0;i:0;}\";s:11:\"cart_totals\";s:396:\"a:15:{s:8:\"subtotal\";s:3:\"145\";s:12:\"subtotal_tax\";d:0;s:14:\"shipping_total\";s:1:\"0\";s:12:\"shipping_tax\";d:0;s:14:\"shipping_taxes\";a:0:{}s:14:\"discount_total\";d:0;s:12:\"discount_tax\";d:0;s:19:\"cart_contents_total\";s:3:\"145\";s:17:\"cart_contents_tax\";i:0;s:19:\"cart_contents_taxes\";a:0:{}s:9:\"fee_total\";s:1:\"0\";s:7:\"fee_tax\";d:0;s:9:\"fee_taxes\";a:0:{}s:5:\"total\";s:6:\"145.00\";s:9:\"total_tax\";d:0;}\";s:4:\"cart\";s:414:\"a:1:{s:32:\"13b919438259814cd5be8cb45877d577\";a:11:{s:3:\"key\";s:32:\"13b919438259814cd5be8cb45877d577\";s:10:\"product_id\";i:4177;s:12:\"variation_id\";i:0;s:9:\"variation\";a:0:{}s:8:\"quantity\";i:1;s:9:\"data_hash\";s:32:\"b5c1d5ca8bae6d4896cf1807cdf763f0\";s:13:\"line_tax_data\";a:2:{s:8:\"subtotal\";a:0:{}s:5:\"total\";a:0:{}}s:13:\"line_subtotal\";d:145;s:17:\"line_subtotal_tax\";d:0;s:10:\"line_total\";d:145;s:8:\"line_tax\";d:0;}}\";s:8:\"customer\";s:738:\"a:28:{s:2:\"id\";s:1:\"0\";s:13:\"date_modified\";s:0:\"\";s:10:\"first_name\";s:0:\"\";s:9:\"last_name\";s:0:\"\";s:7:\"company\";s:0:\"\";s:5:\"phone\";s:0:\"\";s:5:\"email\";s:0:\"\";s:7:\"address\";s:0:\"\";s:9:\"address_1\";s:0:\"\";s:9:\"address_2\";s:0:\"\";s:4:\"city\";s:0:\"\";s:5:\"state\";s:0:\"\";s:8:\"postcode\";s:0:\"\";s:7:\"country\";s:2:\"BE\";s:19:\"shipping_first_name\";s:0:\"\";s:18:\"shipping_last_name\";s:0:\"\";s:16:\"shipping_company\";s:0:\"\";s:14:\"shipping_phone\";s:0:\"\";s:16:\"shipping_address\";s:0:\"\";s:18:\"shipping_address_1\";s:0:\"\";s:18:\"shipping_address_2\";s:0:\"\";s:13:\"shipping_city\";s:0:\"\";s:14:\"shipping_state\";s:0:\"\";s:17:\"shipping_postcode\";s:0:\"\";s:16:\"shipping_country\";s:2:\"BE\";s:13:\"is_vat_exempt\";s:0:\"\";s:19:\"calculated_shipping\";s:0:\"\";s:9:\"meta_data\";a:0:{}}\";}',1755868624),(368519,'t_cc809a407627098512a105e0643bbf','a:7:{s:22:\"shipping_for_package_0\";s:92:\"a:2:{s:12:\"package_hash\";s:40:\"wc_ship_f2a34281a3510b84e640e45bfff1f9a1\";s:5:\"rates\";a:0:{}}\";s:25:\"previous_shipping_methods\";s:16:\"a:1:{i:0;a:0:{}}\";s:23:\"chosen_shipping_methods\";s:17:\"a:1:{i:0;s:0:\"\";}\";s:22:\"shipping_method_counts\";s:14:\"a:1:{i:0;i:0;}\";s:11:\"cart_totals\";s:396:\"a:15:{s:8:\"subtotal\";s:3:\"145\";s:12:\"subtotal_tax\";d:0;s:14:\"shipping_total\";s:1:\"0\";s:12:\"shipping_tax\";d:0;s:14:\"shipping_taxes\";a:0:{}s:14:\"discount_total\";d:0;s:12:\"discount_tax\";d:0;s:19:\"cart_contents_total\";s:3:\"145\";s:17:\"cart_contents_tax\";i:0;s:19:\"cart_contents_taxes\";a:0:{}s:9:\"fee_total\";s:1:\"0\";s:7:\"fee_tax\";d:0;s:9:\"fee_taxes\";a:0:{}s:5:\"total\";s:6:\"145.00\";s:9:\"total_tax\";d:0;}\";s:4:\"cart\";s:414:\"a:1:{s:32:\"13b919438259814cd5be8cb45877d577\";a:11:{s:3:\"key\";s:32:\"13b919438259814cd5be8cb45877d577\";s:10:\"product_id\";i:4177;s:12:\"variation_id\";i:0;s:9:\"variation\";a:0:{}s:8:\"quantity\";i:1;s:9:\"data_hash\";s:32:\"b5c1d5ca8bae6d4896cf1807cdf763f0\";s:13:\"line_tax_data\";a:2:{s:8:\"subtotal\";a:0:{}s:5:\"total\";a:0:{}}s:13:\"line_subtotal\";d:145;s:17:\"line_subtotal_tax\";d:0;s:10:\"line_total\";d:145;s:8:\"line_tax\";d:0;}}\";s:8:\"customer\";s:738:\"a:28:{s:2:\"id\";s:1:\"0\";s:13:\"date_modified\";s:0:\"\";s:10:\"first_name\";s:0:\"\";s:9:\"last_name\";s:0:\"\";s:7:\"company\";s:0:\"\";s:5:\"phone\";s:0:\"\";s:5:\"email\";s:0:\"\";s:7:\"address\";s:0:\"\";s:9:\"address_1\";s:0:\"\";s:9:\"address_2\";s:0:\"\";s:4:\"city\";s:0:\"\";s:5:\"state\";s:0:\"\";s:8:\"postcode\";s:0:\"\";s:7:\"country\";s:2:\"BE\";s:19:\"shipping_first_name\";s:0:\"\";s:18:\"shipping_last_name\";s:0:\"\";s:16:\"shipping_company\";s:0:\"\";s:14:\"shipping_phone\";s:0:\"\";s:16:\"shipping_address\";s:0:\"\";s:18:\"shipping_address_1\";s:0:\"\";s:18:\"shipping_address_2\";s:0:\"\";s:13:\"shipping_city\";s:0:\"\";s:14:\"shipping_state\";s:0:\"\";s:17:\"shipping_postcode\";s:0:\"\";s:16:\"shipping_country\";s:2:\"BE\";s:13:\"is_vat_exempt\";s:0:\"\";s:19:\"calculated_shipping\";s:0:\"\";s:9:\"meta_data\";a:0:{}}\";}',1755868626),(368520,'t_3f10ee296271cab672dc207c3fa4b3','a:7:{s:22:\"shipping_for_package_0\";s:92:\"a:2:{s:12:\"package_hash\";s:40:\"wc_ship_f2a34281a3510b84e640e45bfff1f9a1\";s:5:\"rates\";a:0:{}}\";s:25:\"previous_shipping_methods\";s:16:\"a:1:{i:0;a:0:{}}\";s:23:\"chosen_shipping_methods\";s:17:\"a:1:{i:0;s:0:\"\";}\";s:22:\"shipping_method_counts\";s:14:\"a:1:{i:0;i:0;}\";s:11:\"cart_totals\";s:396:\"a:15:{s:8:\"subtotal\";s:3:\"145\";s:12:\"subtotal_tax\";d:0;s:14:\"shipping_total\";s:1:\"0\";s:12:\"shipping_tax\";d:0;s:14:\"shipping_taxes\";a:0:{}s:14:\"discount_total\";d:0;s:12:\"discount_tax\";d:0;s:19:\"cart_contents_total\";s:3:\"145\";s:17:\"cart_contents_tax\";i:0;s:19:\"cart_contents_taxes\";a:0:{}s:9:\"fee_total\";s:1:\"0\";s:7:\"fee_tax\";d:0;s:9:\"fee_taxes\";a:0:{}s:5:\"total\";s:6:\"145.00\";s:9:\"total_tax\";d:0;}\";s:4:\"cart\";s:414:\"a:1:{s:32:\"13b919438259814cd5be8cb45877d577\";a:11:{s:3:\"key\";s:32:\"13b919438259814cd5be8cb45877d577\";s:10:\"product_id\";i:4177;s:12:\"variation_id\";i:0;s:9:\"variation\";a:0:{}s:8:\"quantity\";i:1;s:9:\"data_hash\";s:32:\"b5c1d5ca8bae6d4896cf1807cdf763f0\";s:13:\"line_tax_data\";a:2:{s:8:\"subtotal\";a:0:{}s:5:\"total\";a:0:{}}s:13:\"line_subtotal\";d:145;s:17:\"line_subtotal_tax\";d:0;s:10:\"line_total\";d:145;s:8:\"line_tax\";d:0;}}\";s:8:\"customer\";s:738:\"a:28:{s:2:\"id\";s:1:\"0\";s:13:\"date_modified\";s:0:\"\";s:10:\"first_name\";s:0:\"\";s:9:\"last_name\";s:0:\"\";s:7:\"company\";s:0:\"\";s:5:\"phone\";s:0:\"\";s:5:\"email\";s:0:\"\";s:7:\"address\";s:0:\"\";s:9:\"address_1\";s:0:\"\";s:9:\"address_2\";s:0:\"\";s:4:\"city\";s:0:\"\";s:5:\"state\";s:0:\"\";s:8:\"postcode\";s:0:\"\";s:7:\"country\";s:2:\"BE\";s:19:\"shipping_first_name\";s:0:\"\";s:18:\"shipping_last_name\";s:0:\"\";s:16:\"shipping_company\";s:0:\"\";s:14:\"shipping_phone\";s:0:\"\";s:16:\"shipping_address\";s:0:\"\";s:18:\"shipping_address_1\";s:0:\"\";s:18:\"shipping_address_2\";s:0:\"\";s:13:\"shipping_city\";s:0:\"\";s:14:\"shipping_state\";s:0:\"\";s:17:\"shipping_postcode\";s:0:\"\";s:16:\"shipping_country\";s:2:\"BE\";s:13:\"is_vat_exempt\";s:0:\"\";s:19:\"calculated_shipping\";s:0:\"\";s:9:\"meta_data\";a:0:{}}\";}',1755868629),(368521,'t_d2f327a79c6087804d55d7970b4c08','a:7:{s:22:\"shipping_for_package_0\";s:92:\"a:2:{s:12:\"package_hash\";s:40:\"wc_ship_f2a34281a3510b84e640e45bfff1f9a1\";s:5:\"rates\";a:0:{}}\";s:25:\"previous_shipping_methods\";s:16:\"a:1:{i:0;a:0:{}}\";s:23:\"chosen_shipping_methods\";s:17:\"a:1:{i:0;s:0:\"\";}\";s:22:\"shipping_method_counts\";s:14:\"a:1:{i:0;i:0;}\";s:11:\"cart_totals\";s:396:\"a:15:{s:8:\"subtotal\";s:3:\"145\";s:12:\"subtotal_tax\";d:0;s:14:\"shipping_total\";s:1:\"0\";s:12:\"shipping_tax\";d:0;s:14:\"shipping_taxes\";a:0:{}s:14:\"discount_total\";d:0;s:12:\"discount_tax\";d:0;s:19:\"cart_contents_total\";s:3:\"145\";s:17:\"cart_contents_tax\";i:0;s:19:\"cart_contents_taxes\";a:0:{}s:9:\"fee_total\";s:1:\"0\";s:7:\"fee_tax\";d:0;s:9:\"fee_taxes\";a:0:{}s:5:\"total\";s:6:\"145.00\";s:9:\"total_tax\";d:0;}\";s:4:\"cart\";s:414:\"a:1:{s:32:\"13b919438259814cd5be8cb45877d577\";a:11:{s:3:\"key\";s:32:\"13b919438259814cd5be8cb45877d577\";s:10:\"product_id\";i:4177;s:12:\"variation_id\";i:0;s:9:\"variation\";a:0:{}s:8:\"quantity\";i:1;s:9:\"data_hash\";s:32:\"b5c1d5ca8bae6d4896cf1807cdf763f0\";s:13:\"line_tax_data\";a:2:{s:8:\"subtotal\";a:0:{}s:5:\"total\";a:0:{}}s:13:\"line_subtotal\";d:145;s:17:\"line_subtotal_tax\";d:0;s:10:\"line_total\";d:145;s:8:\"line_tax\";d:0;}}\";s:8:\"customer\";s:738:\"a:28:{s:2:\"id\";s:1:\"0\";s:13:\"date_modified\";s:0:\"\";s:10:\"first_name\";s:0:\"\";s:9:\"last_name\";s:0:\"\";s:7:\"company\";s:0:\"\";s:5:\"phone\";s:0:\"\";s:5:\"email\";s:0:\"\";s:7:\"address\";s:0:\"\";s:9:\"address_1\";s:0:\"\";s:9:\"address_2\";s:0:\"\";s:4:\"city\";s:0:\"\";s:5:\"state\";s:0:\"\";s:8:\"postcode\";s:0:\"\";s:7:\"country\";s:2:\"BE\";s:19:\"shipping_first_name\";s:0:\"\";s:18:\"shipping_last_name\";s:0:\"\";s:16:\"shipping_company\";s:0:\"\";s:14:\"shipping_phone\";s:0:\"\";s:16:\"shipping_address\";s:0:\"\";s:18:\"shipping_address_1\";s:0:\"\";s:18:\"shipping_address_2\";s:0:\"\";s:13:\"shipping_city\";s:0:\"\";s:14:\"shipping_state\";s:0:\"\";s:17:\"shipping_postcode\";s:0:\"\";s:16:\"shipping_country\";s:2:\"BE\";s:13:\"is_vat_exempt\";s:0:\"\";s:19:\"calculated_shipping\";s:0:\"\";s:9:\"meta_data\";a:0:{}}\";}',1755868631),(368522,'t_0390d8d6c5aba853acdc3a6ed8f9b0','a:7:{s:22:\"shipping_for_package_0\";s:92:\"a:2:{s:12:\"package_hash\";s:40:\"wc_ship_f2a34281a3510b84e640e45bfff1f9a1\";s:5:\"rates\";a:0:{}}\";s:25:\"previous_shipping_methods\";s:16:\"a:1:{i:0;a:0:{}}\";s:23:\"chosen_shipping_methods\";s:17:\"a:1:{i:0;s:0:\"\";}\";s:22:\"shipping_method_counts\";s:14:\"a:1:{i:0;i:0;}\";s:11:\"cart_totals\";s:396:\"a:15:{s:8:\"subtotal\";s:3:\"145\";s:12:\"subtotal_tax\";d:0;s:14:\"shipping_total\";s:1:\"0\";s:12:\"shipping_tax\";d:0;s:14:\"shipping_taxes\";a:0:{}s:14:\"discount_total\";d:0;s:12:\"discount_tax\";d:0;s:19:\"cart_contents_total\";s:3:\"145\";s:17:\"cart_contents_tax\";i:0;s:19:\"cart_contents_taxes\";a:0:{}s:9:\"fee_total\";s:1:\"0\";s:7:\"fee_tax\";d:0;s:9:\"fee_taxes\";a:0:{}s:5:\"total\";s:6:\"145.00\";s:9:\"total_tax\";d:0;}\";s:4:\"cart\";s:414:\"a:1:{s:32:\"13b919438259814cd5be8cb45877d577\";a:11:{s:3:\"key\";s:32:\"13b919438259814cd5be8cb45877d577\";s:10:\"product_id\";i:4177;s:12:\"variation_id\";i:0;s:9:\"variation\";a:0:{}s:8:\"quantity\";i:1;s:9:\"data_hash\";s:32:\"b5c1d5ca8bae6d4896cf1807cdf763f0\";s:13:\"line_tax_data\";a:2:{s:8:\"subtotal\";a:0:{}s:5:\"total\";a:0:{}}s:13:\"line_subtotal\";d:145;s:17:\"line_subtotal_tax\";d:0;s:10:\"line_total\";d:145;s:8:\"line_tax\";d:0;}}\";s:8:\"customer\";s:738:\"a:28:{s:2:\"id\";s:1:\"0\";s:13:\"date_modified\";s:0:\"\";s:10:\"first_name\";s:0:\"\";s:9:\"last_name\";s:0:\"\";s:7:\"company\";s:0:\"\";s:5:\"phone\";s:0:\"\";s:5:\"email\";s:0:\"\";s:7:\"address\";s:0:\"\";s:9:\"address_1\";s:0:\"\";s:9:\"address_2\";s:0:\"\";s:4:\"city\";s:0:\"\";s:5:\"state\";s:0:\"\";s:8:\"postcode\";s:0:\"\";s:7:\"country\";s:2:\"BE\";s:19:\"shipping_first_name\";s:0:\"\";s:18:\"shipping_last_name\";s:0:\"\";s:16:\"shipping_company\";s:0:\"\";s:14:\"shipping_phone\";s:0:\"\";s:16:\"shipping_address\";s:0:\"\";s:18:\"shipping_address_1\";s:0:\"\";s:18:\"shipping_address_2\";s:0:\"\";s:13:\"shipping_city\";s:0:\"\";s:14:\"shipping_state\";s:0:\"\";s:17:\"shipping_postcode\";s:0:\"\";s:16:\"shipping_country\";s:2:\"BE\";s:13:\"is_vat_exempt\";s:0:\"\";s:19:\"calculated_shipping\";s:0:\"\";s:9:\"meta_data\";a:0:{}}\";}',1755868632),(368523,'t_8e28e81f5b54eee3baafb13f238003','a:7:{s:22:\"shipping_for_package_0\";s:92:\"a:2:{s:12:\"package_hash\";s:40:\"wc_ship_f2a34281a3510b84e640e45bfff1f9a1\";s:5:\"rates\";a:0:{}}\";s:25:\"previous_shipping_methods\";s:16:\"a:1:{i:0;a:0:{}}\";s:23:\"chosen_shipping_methods\";s:17:\"a:1:{i:0;s:0:\"\";}\";s:22:\"shipping_method_counts\";s:14:\"a:1:{i:0;i:0;}\";s:11:\"cart_totals\";s:396:\"a:15:{s:8:\"subtotal\";s:3:\"145\";s:12:\"subtotal_tax\";d:0;s:14:\"shipping_total\";s:1:\"0\";s:12:\"shipping_tax\";d:0;s:14:\"shipping_taxes\";a:0:{}s:14:\"discount_total\";d:0;s:12:\"discount_tax\";d:0;s:19:\"cart_contents_total\";s:3:\"145\";s:17:\"cart_contents_tax\";i:0;s:19:\"cart_contents_taxes\";a:0:{}s:9:\"fee_total\";s:1:\"0\";s:7:\"fee_tax\";d:0;s:9:\"fee_taxes\";a:0:{}s:5:\"total\";s:6:\"145.00\";s:9:\"total_tax\";d:0;}\";s:4:\"cart\";s:414:\"a:1:{s:32:\"13b919438259814cd5be8cb45877d577\";a:11:{s:3:\"key\";s:32:\"13b919438259814cd5be8cb45877d577\";s:10:\"product_id\";i:4177;s:12:\"variation_id\";i:0;s:9:\"variation\";a:0:{}s:8:\"quantity\";i:1;s:9:\"data_hash\";s:32:\"b5c1d5ca8bae6d4896cf1807cdf763f0\";s:13:\"line_tax_data\";a:2:{s:8:\"subtotal\";a:0:{}s:5:\"total\";a:0:{}}s:13:\"line_subtotal\";d:145;s:17:\"line_subtotal_tax\";d:0;s:10:\"line_total\";d:145;s:8:\"line_tax\";d:0;}}\";s:8:\"customer\";s:738:\"a:28:{s:2:\"id\";s:1:\"0\";s:13:\"date_modified\";s:0:\"\";s:10:\"first_name\";s:0:\"\";s:9:\"last_name\";s:0:\"\";s:7:\"company\";s:0:\"\";s:5:\"phone\";s:0:\"\";s:5:\"email\";s:0:\"\";s:7:\"address\";s:0:\"\";s:9:\"address_1\";s:0:\"\";s:9:\"address_2\";s:0:\"\";s:4:\"city\";s:0:\"\";s:5:\"state\";s:0:\"\";s:8:\"postcode\";s:0:\"\";s:7:\"country\";s:2:\"BE\";s:19:\"shipping_first_name\";s:0:\"\";s:18:\"shipping_last_name\";s:0:\"\";s:16:\"shipping_company\";s:0:\"\";s:14:\"shipping_phone\";s:0:\"\";s:16:\"shipping_address\";s:0:\"\";s:18:\"shipping_address_1\";s:0:\"\";s:18:\"shipping_address_2\";s:0:\"\";s:13:\"shipping_city\";s:0:\"\";s:14:\"shipping_state\";s:0:\"\";s:17:\"shipping_postcode\";s:0:\"\";s:16:\"shipping_country\";s:2:\"BE\";s:13:\"is_vat_exempt\";s:0:\"\";s:19:\"calculated_shipping\";s:0:\"\";s:9:\"meta_data\";a:0:{}}\";}',1755868634),(368524,'t_062b3a03cd42db12dc309877293d87','a:7:{s:22:\"shipping_for_package_0\";s:92:\"a:2:{s:12:\"package_hash\";s:40:\"wc_ship_f2a34281a3510b84e640e45bfff1f9a1\";s:5:\"rates\";a:0:{}}\";s:25:\"previous_shipping_methods\";s:16:\"a:1:{i:0;a:0:{}}\";s:23:\"chosen_shipping_methods\";s:17:\"a:1:{i:0;s:0:\"\";}\";s:22:\"shipping_method_counts\";s:14:\"a:1:{i:0;i:0;}\";s:11:\"cart_totals\";s:396:\"a:15:{s:8:\"subtotal\";s:3:\"145\";s:12:\"subtotal_tax\";d:0;s:14:\"shipping_total\";s:1:\"0\";s:12:\"shipping_tax\";d:0;s:14:\"shipping_taxes\";a:0:{}s:14:\"discount_total\";d:0;s:12:\"discount_tax\";d:0;s:19:\"cart_contents_total\";s:3:\"145\";s:17:\"cart_contents_tax\";i:0;s:19:\"cart_contents_taxes\";a:0:{}s:9:\"fee_total\";s:1:\"0\";s:7:\"fee_tax\";d:0;s:9:\"fee_taxes\";a:0:{}s:5:\"total\";s:6:\"145.00\";s:9:\"total_tax\";d:0;}\";s:4:\"cart\";s:414:\"a:1:{s:32:\"13b919438259814cd5be8cb45877d577\";a:11:{s:3:\"key\";s:32:\"13b919438259814cd5be8cb45877d577\";s:10:\"product_id\";i:4177;s:12:\"variation_id\";i:0;s:9:\"variation\";a:0:{}s:8:\"quantity\";i:1;s:9:\"data_hash\";s:32:\"b5c1d5ca8bae6d4896cf1807cdf763f0\";s:13:\"line_tax_data\";a:2:{s:8:\"subtotal\";a:0:{}s:5:\"total\";a:0:{}}s:13:\"line_subtotal\";d:145;s:17:\"line_subtotal_tax\";d:0;s:10:\"line_total\";d:145;s:8:\"line_tax\";d:0;}}\";s:8:\"customer\";s:738:\"a:28:{s:2:\"id\";s:1:\"0\";s:13:\"date_modified\";s:0:\"\";s:10:\"first_name\";s:0:\"\";s:9:\"last_name\";s:0:\"\";s:7:\"company\";s:0:\"\";s:5:\"phone\";s:0:\"\";s:5:\"email\";s:0:\"\";s:7:\"address\";s:0:\"\";s:9:\"address_1\";s:0:\"\";s:9:\"address_2\";s:0:\"\";s:4:\"city\";s:0:\"\";s:5:\"state\";s:0:\"\";s:8:\"postcode\";s:0:\"\";s:7:\"country\";s:2:\"BE\";s:19:\"shipping_first_name\";s:0:\"\";s:18:\"shipping_last_name\";s:0:\"\";s:16:\"shipping_company\";s:0:\"\";s:14:\"shipping_phone\";s:0:\"\";s:16:\"shipping_address\";s:0:\"\";s:18:\"shipping_address_1\";s:0:\"\";s:18:\"shipping_address_2\";s:0:\"\";s:13:\"shipping_city\";s:0:\"\";s:14:\"shipping_state\";s:0:\"\";s:17:\"shipping_postcode\";s:0:\"\";s:16:\"shipping_country\";s:2:\"BE\";s:13:\"is_vat_exempt\";s:0:\"\";s:19:\"calculated_shipping\";s:0:\"\";s:9:\"meta_data\";a:0:{}}\";}',1755868636),(368525,'t_fbb007f1bfbc5bda41ec10454a7fc0','a:7:{s:22:\"shipping_for_package_0\";s:92:\"a:2:{s:12:\"package_hash\";s:40:\"wc_ship_f2a34281a3510b84e640e45bfff1f9a1\";s:5:\"rates\";a:0:{}}\";s:25:\"previous_shipping_methods\";s:16:\"a:1:{i:0;a:0:{}}\";s:23:\"chosen_shipping_methods\";s:17:\"a:1:{i:0;s:0:\"\";}\";s:22:\"shipping_method_counts\";s:14:\"a:1:{i:0;i:0;}\";s:11:\"cart_totals\";s:396:\"a:15:{s:8:\"subtotal\";s:3:\"145\";s:12:\"subtotal_tax\";d:0;s:14:\"shipping_total\";s:1:\"0\";s:12:\"shipping_tax\";d:0;s:14:\"shipping_taxes\";a:0:{}s:14:\"discount_total\";d:0;s:12:\"discount_tax\";d:0;s:19:\"cart_contents_total\";s:3:\"145\";s:17:\"cart_contents_tax\";i:0;s:19:\"cart_contents_taxes\";a:0:{}s:9:\"fee_total\";s:1:\"0\";s:7:\"fee_tax\";d:0;s:9:\"fee_taxes\";a:0:{}s:5:\"total\";s:6:\"145.00\";s:9:\"total_tax\";d:0;}\";s:4:\"cart\";s:414:\"a:1:{s:32:\"13b919438259814cd5be8cb45877d577\";a:11:{s:3:\"key\";s:32:\"13b919438259814cd5be8cb45877d577\";s:10:\"product_id\";i:4177;s:12:\"variation_id\";i:0;s:9:\"variation\";a:0:{}s:8:\"quantity\";i:1;s:9:\"data_hash\";s:32:\"b5c1d5ca8bae6d4896cf1807cdf763f0\";s:13:\"line_tax_data\";a:2:{s:8:\"subtotal\";a:0:{}s:5:\"total\";a:0:{}}s:13:\"line_subtotal\";d:145;s:17:\"line_subtotal_tax\";d:0;s:10:\"line_total\";d:145;s:8:\"line_tax\";d:0;}}\";s:8:\"customer\";s:738:\"a:28:{s:2:\"id\";s:1:\"0\";s:13:\"date_modified\";s:0:\"\";s:10:\"first_name\";s:0:\"\";s:9:\"last_name\";s:0:\"\";s:7:\"company\";s:0:\"\";s:5:\"phone\";s:0:\"\";s:5:\"email\";s:0:\"\";s:7:\"address\";s:0:\"\";s:9:\"address_1\";s:0:\"\";s:9:\"address_2\";s:0:\"\";s:4:\"city\";s:0:\"\";s:5:\"state\";s:0:\"\";s:8:\"postcode\";s:0:\"\";s:7:\"country\";s:2:\"BE\";s:19:\"shipping_first_name\";s:0:\"\";s:18:\"shipping_last_name\";s:0:\"\";s:16:\"shipping_company\";s:0:\"\";s:14:\"shipping_phone\";s:0:\"\";s:16:\"shipping_address\";s:0:\"\";s:18:\"shipping_address_1\";s:0:\"\";s:18:\"shipping_address_2\";s:0:\"\";s:13:\"shipping_city\";s:0:\"\";s:14:\"shipping_state\";s:0:\"\";s:17:\"shipping_postcode\";s:0:\"\";s:16:\"shipping_country\";s:2:\"BE\";s:13:\"is_vat_exempt\";s:0:\"\";s:19:\"calculated_shipping\";s:0:\"\";s:9:\"meta_data\";a:0:{}}\";}',1755868638),(368526,'t_5bc3cc63609487d7594930703c0c94','a:7:{s:22:\"shipping_for_package_0\";s:92:\"a:2:{s:12:\"package_hash\";s:40:\"wc_ship_f2a34281a3510b84e640e45bfff1f9a1\";s:5:\"rates\";a:0:{}}\";s:25:\"previous_shipping_methods\";s:16:\"a:1:{i:0;a:0:{}}\";s:23:\"chosen_shipping_methods\";s:17:\"a:1:{i:0;s:0:\"\";}\";s:22:\"shipping_method_counts\";s:14:\"a:1:{i:0;i:0;}\";s:11:\"cart_totals\";s:396:\"a:15:{s:8:\"subtotal\";s:3:\"145\";s:12:\"subtotal_tax\";d:0;s:14:\"shipping_total\";s:1:\"0\";s:12:\"shipping_tax\";d:0;s:14:\"shipping_taxes\";a:0:{}s:14:\"discount_total\";d:0;s:12:\"discount_tax\";d:0;s:19:\"cart_contents_total\";s:3:\"145\";s:17:\"cart_contents_tax\";i:0;s:19:\"cart_contents_taxes\";a:0:{}s:9:\"fee_total\";s:1:\"0\";s:7:\"fee_tax\";d:0;s:9:\"fee_taxes\";a:0:{}s:5:\"total\";s:6:\"145.00\";s:9:\"total_tax\";d:0;}\";s:4:\"cart\";s:414:\"a:1:{s:32:\"13b919438259814cd5be8cb45877d577\";a:11:{s:3:\"key\";s:32:\"13b919438259814cd5be8cb45877d577\";s:10:\"product_id\";i:4177;s:12:\"variation_id\";i:0;s:9:\"variation\";a:0:{}s:8:\"quantity\";i:1;s:9:\"data_hash\";s:32:\"b5c1d5ca8bae6d4896cf1807cdf763f0\";s:13:\"line_tax_data\";a:2:{s:8:\"subtotal\";a:0:{}s:5:\"total\";a:0:{}}s:13:\"line_subtotal\";d:145;s:17:\"line_subtotal_tax\";d:0;s:10:\"line_total\";d:145;s:8:\"line_tax\";d:0;}}\";s:8:\"customer\";s:738:\"a:28:{s:2:\"id\";s:1:\"0\";s:13:\"date_modified\";s:0:\"\";s:10:\"first_name\";s:0:\"\";s:9:\"last_name\";s:0:\"\";s:7:\"company\";s:0:\"\";s:5:\"phone\";s:0:\"\";s:5:\"email\";s:0:\"\";s:7:\"address\";s:0:\"\";s:9:\"address_1\";s:0:\"\";s:9:\"address_2\";s:0:\"\";s:4:\"city\";s:0:\"\";s:5:\"state\";s:0:\"\";s:8:\"postcode\";s:0:\"\";s:7:\"country\";s:2:\"BE\";s:19:\"shipping_first_name\";s:0:\"\";s:18:\"shipping_last_name\";s:0:\"\";s:16:\"shipping_company\";s:0:\"\";s:14:\"shipping_phone\";s:0:\"\";s:16:\"shipping_address\";s:0:\"\";s:18:\"shipping_address_1\";s:0:\"\";s:18:\"shipping_address_2\";s:0:\"\";s:13:\"shipping_city\";s:0:\"\";s:14:\"shipping_state\";s:0:\"\";s:17:\"shipping_postcode\";s:0:\"\";s:16:\"shipping_country\";s:2:\"BE\";s:13:\"is_vat_exempt\";s:0:\"\";s:19:\"calculated_shipping\";s:0:\"\";s:9:\"meta_data\";a:0:{}}\";}',1755868640),(368527,'t_14e45466427a8a8b69c55aef44aea1','a:7:{s:22:\"shipping_for_package_0\";s:92:\"a:2:{s:12:\"package_hash\";s:40:\"wc_ship_f2a34281a3510b84e640e45bfff1f9a1\";s:5:\"rates\";a:0:{}}\";s:25:\"previous_shipping_methods\";s:16:\"a:1:{i:0;a:0:{}}\";s:23:\"chosen_shipping_methods\";s:17:\"a:1:{i:0;s:0:\"\";}\";s:22:\"shipping_method_counts\";s:14:\"a:1:{i:0;i:0;}\";s:11:\"cart_totals\";s:396:\"a:15:{s:8:\"subtotal\";s:3:\"145\";s:12:\"subtotal_tax\";d:0;s:14:\"shipping_total\";s:1:\"0\";s:12:\"shipping_tax\";d:0;s:14:\"shipping_taxes\";a:0:{}s:14:\"discount_total\";d:0;s:12:\"discount_tax\";d:0;s:19:\"cart_contents_total\";s:3:\"145\";s:17:\"cart_contents_tax\";i:0;s:19:\"cart_contents_taxes\";a:0:{}s:9:\"fee_total\";s:1:\"0\";s:7:\"fee_tax\";d:0;s:9:\"fee_taxes\";a:0:{}s:5:\"total\";s:6:\"145.00\";s:9:\"total_tax\";d:0;}\";s:4:\"cart\";s:414:\"a:1:{s:32:\"13b919438259814cd5be8cb45877d577\";a:11:{s:3:\"key\";s:32:\"13b919438259814cd5be8cb45877d577\";s:10:\"product_id\";i:4177;s:12:\"variation_id\";i:0;s:9:\"variation\";a:0:{}s:8:\"quantity\";i:1;s:9:\"data_hash\";s:32:\"b5c1d5ca8bae6d4896cf1807cdf763f0\";s:13:\"line_tax_data\";a:2:{s:8:\"subtotal\";a:0:{}s:5:\"total\";a:0:{}}s:13:\"line_subtotal\";d:145;s:17:\"line_subtotal_tax\";d:0;s:10:\"line_total\";d:145;s:8:\"line_tax\";d:0;}}\";s:8:\"customer\";s:738:\"a:28:{s:2:\"id\";s:1:\"0\";s:13:\"date_modified\";s:0:\"\";s:10:\"first_name\";s:0:\"\";s:9:\"last_name\";s:0:\"\";s:7:\"company\";s:0:\"\";s:5:\"phone\";s:0:\"\";s:5:\"email\";s:0:\"\";s:7:\"address\";s:0:\"\";s:9:\"address_1\";s:0:\"\";s:9:\"address_2\";s:0:\"\";s:4:\"city\";s:0:\"\";s:5:\"state\";s:0:\"\";s:8:\"postcode\";s:0:\"\";s:7:\"country\";s:2:\"BE\";s:19:\"shipping_first_name\";s:0:\"\";s:18:\"shipping_last_name\";s:0:\"\";s:16:\"shipping_company\";s:0:\"\";s:14:\"shipping_phone\";s:0:\"\";s:16:\"shipping_address\";s:0:\"\";s:18:\"shipping_address_1\";s:0:\"\";s:18:\"shipping_address_2\";s:0:\"\";s:13:\"shipping_city\";s:0:\"\";s:14:\"shipping_state\";s:0:\"\";s:17:\"shipping_postcode\";s:0:\"\";s:16:\"shipping_country\";s:2:\"BE\";s:13:\"is_vat_exempt\";s:0:\"\";s:19:\"calculated_shipping\";s:0:\"\";s:9:\"meta_data\";a:0:{}}\";}',1755869323),(368528,'t_349d7f5a104b4efa4aebdd47406bb5','a:7:{s:22:\"shipping_for_package_0\";s:92:\"a:2:{s:12:\"package_hash\";s:40:\"wc_ship_f2a34281a3510b84e640e45bfff1f9a1\";s:5:\"rates\";a:0:{}}\";s:25:\"previous_shipping_methods\";s:16:\"a:1:{i:0;a:0:{}}\";s:23:\"chosen_shipping_methods\";s:17:\"a:1:{i:0;s:0:\"\";}\";s:22:\"shipping_method_counts\";s:14:\"a:1:{i:0;i:0;}\";s:11:\"cart_totals\";s:396:\"a:15:{s:8:\"subtotal\";s:3:\"145\";s:12:\"subtotal_tax\";d:0;s:14:\"shipping_total\";s:1:\"0\";s:12:\"shipping_tax\";d:0;s:14:\"shipping_taxes\";a:0:{}s:14:\"discount_total\";d:0;s:12:\"discount_tax\";d:0;s:19:\"cart_contents_total\";s:3:\"145\";s:17:\"cart_contents_tax\";i:0;s:19:\"cart_contents_taxes\";a:0:{}s:9:\"fee_total\";s:1:\"0\";s:7:\"fee_tax\";d:0;s:9:\"fee_taxes\";a:0:{}s:5:\"total\";s:6:\"145.00\";s:9:\"total_tax\";d:0;}\";s:4:\"cart\";s:414:\"a:1:{s:32:\"13b919438259814cd5be8cb45877d577\";a:11:{s:3:\"key\";s:32:\"13b919438259814cd5be8cb45877d577\";s:10:\"product_id\";i:4177;s:12:\"variation_id\";i:0;s:9:\"variation\";a:0:{}s:8:\"quantity\";i:1;s:9:\"data_hash\";s:32:\"b5c1d5ca8bae6d4896cf1807cdf763f0\";s:13:\"line_tax_data\";a:2:{s:8:\"subtotal\";a:0:{}s:5:\"total\";a:0:{}}s:13:\"line_subtotal\";d:145;s:17:\"line_subtotal_tax\";d:0;s:10:\"line_total\";d:145;s:8:\"line_tax\";d:0;}}\";s:8:\"customer\";s:738:\"a:28:{s:2:\"id\";s:1:\"0\";s:13:\"date_modified\";s:0:\"\";s:10:\"first_name\";s:0:\"\";s:9:\"last_name\";s:0:\"\";s:7:\"company\";s:0:\"\";s:5:\"phone\";s:0:\"\";s:5:\"email\";s:0:\"\";s:7:\"address\";s:0:\"\";s:9:\"address_1\";s:0:\"\";s:9:\"address_2\";s:0:\"\";s:4:\"city\";s:0:\"\";s:5:\"state\";s:0:\"\";s:8:\"postcode\";s:0:\"\";s:7:\"country\";s:2:\"BE\";s:19:\"shipping_first_name\";s:0:\"\";s:18:\"shipping_last_name\";s:0:\"\";s:16:\"shipping_company\";s:0:\"\";s:14:\"shipping_phone\";s:0:\"\";s:16:\"shipping_address\";s:0:\"\";s:18:\"shipping_address_1\";s:0:\"\";s:18:\"shipping_address_2\";s:0:\"\";s:13:\"shipping_city\";s:0:\"\";s:14:\"shipping_state\";s:0:\"\";s:17:\"shipping_postcode\";s:0:\"\";s:16:\"shipping_country\";s:2:\"BE\";s:13:\"is_vat_exempt\";s:0:\"\";s:19:\"calculated_shipping\";s:0:\"\";s:9:\"meta_data\";a:0:{}}\";}',1755869494);

--
-- Table structure for table `mod279_woocommerce_shipping_zone_locations`
--

CREATE TABLE `mod279_woocommerce_shipping_zone_locations` (
  `location_id` bigint unsigned NOT NULL AUTO_INCREMENT,
  `zone_id` bigint unsigned NOT NULL,
  `location_code` varchar(200) COLLATE utf8mb4_unicode_520_ci NOT NULL,
  `location_type` varchar(40) COLLATE utf8mb4_unicode_520_ci NOT NULL,
  PRIMARY KEY (`location_id`),
  KEY `location_id` (`location_id`),
  KEY `location_type_code` (`location_type`(10),`location_code`(20)),
  KEY `zone_id` (`zone_id`)
) ENGINE=InnoDB AUTO_INCREMENT=435 DEFAULT CHARSET=utf8mb4 COLLATE=utf8mb4_unicode_520_ci;

--
-- Dumping data for table `mod279_woocommerce_shipping_zone_locations`
--

INSERT INTO `mod279_woocommerce_shipping_zone_locations` VALUES (177,1,'BE','country'),(178,1,'1070','postcode'),(179,1,'1160','postcode'),(180,1,'1082','postcode'),(181,1,'1000','postcode'),(182,1,'1040','postcode'),(183,1,'1140','postcode'),(184,1,'1190','postcode'),(185,1,'1083','postcode'),(186,1,'1050','postcode'),(187,1,'1090','postcode'),(188,1,'1081','postcode'),(189,1,'1020','postcode'),(190,1,'1080','postcode'),(191,1,'1030','postcode'),(192,1,'1060','postcode'),(193,1,'1210','postcode'),(194,1,'1180','postcode'),(195,1,'1170','postcode'),(196,1,'1200','postcode'),(197,1,'1150','postcode'),(386,16,'BE','country'),(387,16,'1420','postcode'),(388,16,'1332','postcode'),(389,16,'1380','postcode'),(390,16,'1820','postcode'),(391,16,'1390','postcode'),(392,16,'1331','postcode'),(393,16,'1800','postcode'),(394,16,'1410','postcode'),(395,16,'1860','postcode'),(396,16,'1560','postcode'),(397,16,'1730','postcode'),(398,16,'1785','postcode'),(399,16,'1330','postcode'),(400,16,'1480','postcode'),(401,15,'BE','country'),(402,15,'1652','postcode'),(403,15,'1650','postcode'),(404,15,'1653','postcode'),(405,15,'1654','postcode'),(406,15,'1651','postcode'),(407,15,'1831','postcode'),(408,15,'1700','postcode'),(409,15,'1620','postcode'),(410,15,'1702','postcode'),(411,15,'1560','postcode'),(412,15,'1950','postcode'),(413,15,'1630','postcode'),(414,15,'1830','postcode'),(415,15,'1640','postcode'),(416,15,'1932','postcode'),(417,15,'1853','postcode'),(418,15,'1602','postcode'),(419,15,'1731','postcode'),(420,15,'1501','postcode'),(421,15,'1310','postcode'),(422,15,'1850','postcode'),(423,15,'1701','postcode'),(424,15,'1120','postcode'),(425,15,'1130','postcode'),(426,15,'3080','postcode'),(427,15,'1930','postcode'),(428,15,'1932','postcode'),(429,15,'1933','postcode'),(430,15,'1500','postcode'),(431,15,'1670','postcode'),(432,15,'1755','postcode'),(433,15,'1780','postcode'),(434,15,'1950','postcode');

--
-- Table structure for table `mod279_woocommerce_shipping_zone_methods`
--

CREATE TABLE `mod279_woocommerce_shipping_zone_methods` (
  `zone_id` bigint unsigned NOT NULL,
  `instance_id` bigint unsigned NOT NULL AUTO_INCREMENT,
  `method_id` varchar(200) COLLATE utf8mb4_unicode_520_ci NOT NULL,
  `method_order` bigint unsigned NOT NULL,
  `is_enabled` tinyint(1) NOT NULL DEFAULT '1',
  PRIMARY KEY (`instance_id`)
) ENGINE=InnoDB AUTO_INCREMENT=24 DEFAULT CHARSET=utf8mb4 COLLATE=utf8mb4_unicode_520_ci;

--
-- Dumping data for table `mod279_woocommerce_shipping_zone_methods`
--

INSERT INTO `mod279_woocommerce_shipping_zone_methods` VALUES (1,1,'flat_rate',1,1),(1,14,'local_pickup',2,1),(15,17,'flat_rate',1,1),(16,18,'flat_rate',1,1),(15,19,'flat_rate',2,0),(16,20,'flat_rate',2,0),(16,23,'flat_rate',3,0);

--
-- Table structure for table `mod279_woocommerce_shipping_zones`
--

CREATE TABLE `mod279_woocommerce_shipping_zones` (
  `zone_id` bigint unsigned NOT NULL AUTO_INCREMENT,
  `zone_name` varchar(200) COLLATE utf8mb4_unicode_520_ci NOT NULL,
  `zone_order` bigint unsigned NOT NULL,
  PRIMARY KEY (`zone_id`)
) ENGINE=InnoDB AUTO_INCREMENT=17 DEFAULT CHARSET=utf8mb4 COLLATE=utf8mb4_unicode_520_ci;

--
-- Dumping data for table `mod279_woocommerce_shipping_zones`
--

INSERT INTO `mod279_woocommerce_shipping_zones` VALUES (1,'Bruxelles et périphérie',0),(15,'Petite périphérie',0),(16,'Grande périphérie',0);

--
-- Table structure for table `mod279_woocommerce_tax_rate_locations`
--

CREATE TABLE `mod279_woocommerce_tax_rate_locations` (
  `location_id` bigint unsigned NOT NULL AUTO_INCREMENT,
  `location_code` varchar(200) COLLATE utf8mb4_unicode_520_ci NOT NULL,
  `tax_rate_id` bigint unsigned NOT NULL,
  `location_type` varchar(40) COLLATE utf8mb4_unicode_520_ci NOT NULL,
  PRIMARY KEY (`location_id`),
  KEY `tax_rate_id` (`tax_rate_id`),
  KEY `location_type_code` (`location_type`(10),`location_code`(20))
) ENGINE=InnoDB DEFAULT CHARSET=utf8mb4 COLLATE=utf8mb4_unicode_520_ci;

--
-- Dumping data for table `mod279_woocommerce_tax_rate_locations`
--


--
-- Table structure for table `mod279_woocommerce_tax_rates`
--

CREATE TABLE `mod279_woocommerce_tax_rates` (
  `tax_rate_id` bigint unsigned NOT NULL AUTO_INCREMENT,
  `tax_rate_country` varchar(2) COLLATE utf8mb4_unicode_520_ci NOT NULL DEFAULT '',
  `tax_rate_state` varchar(200) COLLATE utf8mb4_unicode_520_ci NOT NULL DEFAULT '',
  `tax_rate` varchar(8) COLLATE utf8mb4_unicode_520_ci NOT NULL DEFAULT '',
  `tax_rate_name` varchar(200) COLLATE utf8mb4_unicode_520_ci NOT NULL DEFAULT '',
  `tax_rate_priority` bigint unsigned NOT NULL,
  `tax_rate_compound` int NOT NULL DEFAULT '0',
  `tax_rate_shipping` int NOT NULL DEFAULT '1',
  `tax_rate_order` bigint unsigned NOT NULL,
  `tax_rate_class` varchar(200) COLLATE utf8mb4_unicode_520_ci NOT NULL DEFAULT '',
  PRIMARY KEY (`tax_rate_id`),
  KEY `tax_rate_country` (`tax_rate_country`),
  KEY `tax_rate_state` (`tax_rate_state`(2)),
  KEY `tax_rate_class` (`tax_rate_class`(10)),
  KEY `tax_rate_priority` (`tax_rate_priority`)
) ENGINE=InnoDB AUTO_INCREMENT=2 DEFAULT CHARSET=utf8mb4 COLLATE=utf8mb4_unicode_520_ci;

--
-- Dumping data for table `mod279_woocommerce_tax_rates`
--

INSERT INTO `mod279_woocommerce_tax_rates` VALUES (1,'BE','','6.0000','TVA',1,0,1,0,'');

--
-- Table structure for table `mod279_yoast_indexable`
--

CREATE TABLE `mod279_yoast_indexable` (
  `id` int unsigned NOT NULL AUTO_INCREMENT,
  `permalink` longtext COLLATE utf8mb4_unicode_520_ci,
  `permalink_hash` varchar(40) COLLATE utf8mb4_unicode_520_ci DEFAULT NULL,
  `object_id` bigint DEFAULT NULL,
  `object_type` varchar(32) COLLATE utf8mb4_unicode_520_ci NOT NULL,
  `object_sub_type` varchar(32) COLLATE utf8mb4_unicode_520_ci DEFAULT NULL,
  `author_id` bigint DEFAULT NULL,
  `post_parent` bigint DEFAULT NULL,
  `title` text COLLATE utf8mb4_unicode_520_ci,
  `description` mediumtext COLLATE utf8mb4_unicode_520_ci,
  `breadcrumb_title` text COLLATE utf8mb4_unicode_520_ci,
  `post_status` varchar(20) COLLATE utf8mb4_unicode_520_ci DEFAULT NULL,
  `is_public` tinyint(1) DEFAULT NULL,
  `is_protected` tinyint(1) DEFAULT '0',
  `has_public_posts` tinyint(1) DEFAULT NULL,
  `number_of_pages` int unsigned DEFAULT NULL,
  `canonical` longtext COLLATE utf8mb4_unicode_520_ci,
  `primary_focus_keyword` varchar(191) COLLATE utf8mb4_unicode_520_ci DEFAULT NULL,
  `primary_focus_keyword_score` int DEFAULT NULL,
  `readability_score` int DEFAULT NULL,
  `is_cornerstone` tinyint(1) DEFAULT '0',
  `is_robots_noindex` tinyint(1) DEFAULT '0',
  `is_robots_nofollow` tinyint(1) DEFAULT '0',
  `is_robots_noarchive` tinyint(1) DEFAULT '0',
  `is_robots_noimageindex` tinyint(1) DEFAULT '0',
  `is_robots_nosnippet` tinyint(1) DEFAULT '0',
  `twitter_title` text COLLATE utf8mb4_unicode_520_ci,
  `twitter_image` longtext COLLATE utf8mb4_unicode_520_ci,
  `twitter_description` longtext COLLATE utf8mb4_unicode_520_ci,
  `twitter_image_id` varchar(191) COLLATE utf8mb4_unicode_520_ci DEFAULT NULL,
  `twitter_image_source` text COLLATE utf8mb4_unicode_520_ci,
  `open_graph_title` text COLLATE utf8mb4_unicode_520_ci,
  `open_graph_description` longtext COLLATE utf8mb4_unicode_520_ci,
  `open_graph_image` longtext COLLATE utf8mb4_unicode_520_ci,
  `open_graph_image_id` varchar(191) COLLATE utf8mb4_unicode_520_ci DEFAULT NULL,
  `open_graph_image_source` text COLLATE utf8mb4_unicode_520_ci,
  `open_graph_image_meta` mediumtext COLLATE utf8mb4_unicode_520_ci,
  `link_count` int DEFAULT NULL,
  `incoming_link_count` int DEFAULT NULL,
  `prominent_words_version` int unsigned DEFAULT NULL,
  `created_at` datetime DEFAULT NULL,
  `updated_at` timestamp NOT NULL DEFAULT CURRENT_TIMESTAMP ON UPDATE CURRENT_TIMESTAMP,
  `blog_id` bigint NOT NULL DEFAULT '1',
  `language` varchar(32) COLLATE utf8mb4_unicode_520_ci DEFAULT NULL,
  `region` varchar(32) COLLATE utf8mb4_unicode_520_ci DEFAULT NULL,
  `schema_page_type` varchar(64) COLLATE utf8mb4_unicode_520_ci DEFAULT NULL,
  `schema_article_type` varchar(64) COLLATE utf8mb4_unicode_520_ci DEFAULT NULL,
  `has_ancestors` tinyint(1) DEFAULT '0',
  `estimated_reading_time_minutes` int DEFAULT NULL,
  `version` int DEFAULT '1',
  `object_last_modified` datetime DEFAULT NULL,
  `object_published_at` datetime DEFAULT NULL,
  `inclusive_language_score` int DEFAULT NULL,
  PRIMARY KEY (`id`),
  KEY `object_type_and_sub_type` (`object_type`,`object_sub_type`),
  KEY `object_id_and_type` (`object_id`,`object_type`),
  KEY `permalink_hash_and_object_type` (`permalink_hash`,`object_type`),
  KEY `subpages` (`post_parent`,`object_type`,`post_status`,`object_id`),
  KEY `prominent_words` (`prominent_words_version`,`object_type`,`object_sub_type`,`post_status`),
  KEY `published_sitemap_index` (`object_published_at`,`is_robots_noindex`,`object_type`,`object_sub_type`)
) ENGINE=InnoDB AUTO_INCREMENT=671 DEFAULT CHARSET=utf8mb4 COLLATE=utf8mb4_unicode_520_ci;

--
-- Dumping data for table `mod279_yoast_indexable`
--

INSERT INTO `mod279_yoast_indexable` VALUES (2,'https://chocolateriehenri4.com/','31:96701874257dba03fb753afa7a3cf229',340,'post','page',1,0,'Chocolaterie Artisanale Henri IV %%sep%% Artisan Chocolatier','Chocolaterie artisanale Henri IV ✓ 100% belge ✓ Pralines et ganaches ✓ Large gamme produits locaux ✓ Boutique à Schaerbeek ✓ Webshop','ACCUEIL','publish',NULL,0,NULL,NULL,NULL,'Chocolaterie artisanale Henri IV',68,90,0,NULL,0,NULL,NULL,NULL,NULL,NULL,NULL,NULL,NULL,NULL,NULL,NULL,NULL,NULL,NULL,40,NULL,NULL,'2021-01-17 11:08:01','2021-12-19 07:17:27',1,NULL,NULL,NULL,NULL,0,26,2,'2021-12-19 08:17:27','2020-11-07 23:30:40',NULL),(3,'https://chocolateriehenri4.com/','31:96701874257dba03fb753afa7a3cf229',NULL,'home-page',NULL,NULL,NULL,'%%sitename%% %%page%% %%sep%% %%sitedesc%%','La passion au service de votre gourmandise','Accueil',NULL,NULL,0,NULL,NULL,NULL,NULL,NULL,NULL,0,0,0,0,0,0,NULL,NULL,NULL,NULL,NULL,'%%sitename%%','','','0',NULL,NULL,NULL,NULL,NULL,'2021-01-17 11:08:01','2024-12-23 19:41:48',1,NULL,NULL,NULL,NULL,0,NULL,2,'2024-12-23 20:41:48',NULL,NULL),(4,'https://chocolateriehenri4.com/index.php/la-boutique/','53:3391251f46aa0f755a753f4833279c19',341,'post','page',1,0,NULL,'Les produits actuellement disponibles sur le webshop sont les ballotins de pralines artisanales et coffrets de ganaches. Vous trouverez tous nos autres produits locaux dans votre chocolaterie.','BOUTIQUE EN LIGNE','publish',NULL,0,NULL,NULL,NULL,'pralines artisanales',38,60,0,NULL,0,NULL,NULL,NULL,NULL,NULL,NULL,NULL,NULL,NULL,NULL,NULL,NULL,NULL,NULL,1,8,NULL,'2021-01-17 11:08:20','2021-11-16 19:32:18',1,NULL,NULL,NULL,NULL,0,3,2,'2021-03-25 04:42:51','2020-11-07 23:31:22',NULL),(5,'https://chocolateriehenri4.com/index.php/la-boutique/checkout/','62:7142d76580c3808a3e35690369f314f9',346,'post','page',1,341,NULL,NULL,'Checkout','publish',NULL,0,NULL,NULL,NULL,NULL,NULL,0,0,NULL,0,NULL,NULL,NULL,NULL,NULL,NULL,NULL,NULL,NULL,NULL,NULL,NULL,NULL,NULL,0,NULL,NULL,'2021-01-17 11:08:20','2021-12-16 12:42:32',1,NULL,NULL,NULL,NULL,1,NULL,2,'2019-11-08 00:43:43','2019-11-08 00:43:43',NULL),(6,'https://chocolateriehenri4.com/index.php/la-boutique/panier/','60:6a875ed397b08a033fcc6857b5f24e61',345,'post','page',1,341,NULL,NULL,'Panier','publish',NULL,0,NULL,NULL,NULL,NULL,NULL,0,0,NULL,0,NULL,NULL,NULL,NULL,NULL,NULL,NULL,NULL,NULL,NULL,NULL,NULL,NULL,NULL,0,6,NULL,'2021-01-17 11:08:20','2021-12-19 08:08:24',1,NULL,NULL,NULL,NULL,1,NULL,2,'2020-11-14 15:41:01','2020-11-07 23:43:26',NULL),(7,'https://chocolateriehenri4.com/index.php/checkout/','50:c98ffa854a5ec02e8542cb16c720e2ad',3023,'post','page',1,0,NULL,NULL,'Checkout','publish',NULL,0,NULL,NULL,NULL,NULL,NULL,0,0,NULL,0,NULL,NULL,NULL,NULL,NULL,NULL,NULL,NULL,NULL,NULL,NULL,NULL,NULL,NULL,0,NULL,NULL,'2021-01-17 11:08:20','2021-11-18 18:36:54',1,NULL,NULL,NULL,NULL,0,NULL,2,'2020-11-09 17:22:30','2020-11-09 17:22:30',NULL),(8,'https://chocolateriehenri4.com/index.php/contact/','49:d6a2d16442b8be627be0a1e10e17f653',359,'post','page',1,0,NULL,'Restons en contact ! Une question, un souhait ? N’hésitez pas à nous contacter via le formulaire de contact, l\'adresse email ou par téléphone','CONTACT','publish',NULL,0,NULL,NULL,NULL,'contact',53,90,0,NULL,0,NULL,NULL,NULL,NULL,NULL,NULL,NULL,NULL,NULL,NULL,NULL,NULL,NULL,NULL,1,2,NULL,'2021-01-17 11:08:20','2021-11-17 05:10:56',1,NULL,NULL,NULL,NULL,0,10,2,'2021-03-29 12:57:14','2019-11-08 00:44:52',NULL),(9,'https://chocolateriehenri4.com/index.php/bakery-home-english/','61:7e9995cf1b0e2db771b738bc5ab92b66',1784,'post','page',1,0,NULL,NULL,'Home &#8211; English','publish',NULL,0,NULL,NULL,NULL,NULL,NULL,0,0,NULL,0,NULL,NULL,NULL,NULL,NULL,NULL,NULL,NULL,NULL,NULL,NULL,NULL,NULL,NULL,0,NULL,NULL,'2021-01-17 11:08:20','2021-12-01 20:37:58',1,NULL,NULL,NULL,NULL,0,NULL,2,'2020-11-11 15:04:45','2020-11-07 06:35:37',NULL),(10,'https://chocolateriehenri4.com/index.php/classic/','49:27b720a1dce7acafa3a56e2c2aac79c9',180,'post','page',1,0,NULL,NULL,'Home Classic','publish',NULL,0,NULL,NULL,NULL,NULL,NULL,0,0,NULL,0,NULL,NULL,NULL,NULL,NULL,NULL,NULL,NULL,NULL,NULL,NULL,NULL,NULL,NULL,37,NULL,NULL,'2021-01-17 11:08:20','2021-11-29 22:19:22',1,NULL,NULL,NULL,NULL,0,NULL,2,'2019-09-08 13:53:43','2019-09-08 13:53:43',NULL),(11,'https://chocolateriehenri4.com/index.php/extended/','50:f959eb04e1b556601771c250e0917600',3025,'post','page',1,0,NULL,NULL,'Home Extended','publish',NULL,0,NULL,NULL,NULL,NULL,NULL,0,0,NULL,0,NULL,NULL,NULL,NULL,'https://s.w.org/images/core/emoji/12.0.0-1/svg/1f64c-1f3fc.svg',NULL,NULL,'first-content-image',NULL,NULL,'https://s.w.org/images/core/emoji/12.0.0-1/svg/1f64c-1f3fc.svg',NULL,'first-content-image',NULL,43,NULL,NULL,'2021-01-17 11:08:20','2021-11-29 06:41:27',1,NULL,NULL,NULL,NULL,0,NULL,2,'2019-09-05 19:14:10','2019-09-05 19:14:10',NULL),(12,'https://chocolateriehenri4.com/index.php/la-chocolaterie/','57:11be5aa38bf1d948977a060e02b6c457',342,'post','page',1,0,'Chocolaterie Artisanale Henri IV','Chocolaterie Artisanale Henri IV ✓ Pralines gourmandes ✓ 100% belge ✓ Boutique Schaerbeek ✓ Webshop','LA CHOCOLATERIE','publish',NULL,0,NULL,NULL,NULL,'pralines gourmandes artisanale',58,90,0,NULL,0,NULL,NULL,NULL,NULL,NULL,NULL,NULL,NULL,NULL,NULL,NULL,NULL,NULL,NULL,2,1,NULL,'2021-01-17 11:08:21','2021-11-16 21:07:32',1,NULL,NULL,NULL,NULL,0,10,2,'2021-03-27 15:47:48','2020-11-07 23:31:40',NULL),(13,'https://chocolateriehenri4.com/index.php/livraison-tarifs/','58:3e9825ebfc2c1d765dfddf980751758c',3191,'post','page',1,0,'%%sitename%% %%sep%% Livraison et tarifs','Chocolaterie Artisanale Henri IV ✓ Boutique Schaerbeek ✓ Webshop ✓ Livraison rapide et soignée en Europe ✓ Paiement sécurisé','LIVRAISONS','publish',NULL,0,NULL,NULL,NULL,'livraisons et tarifs',44,90,0,NULL,0,NULL,NULL,NULL,NULL,NULL,NULL,NULL,NULL,NULL,NULL,NULL,NULL,NULL,NULL,3,NULL,NULL,'2021-01-17 11:08:21','2023-02-24 07:38:44',1,NULL,NULL,NULL,NULL,0,4,2,'2023-02-24 08:38:43','2020-11-14 14:42:20',NULL),(14,'https://chocolateriehenri4.com/index.php/panier/','48:91bda3141496419208be6f323698114e',3022,'post','page',1,0,NULL,NULL,'PANIER','publish',NULL,0,NULL,NULL,NULL,NULL,NULL,0,0,NULL,0,NULL,NULL,NULL,NULL,NULL,NULL,NULL,NULL,NULL,NULL,NULL,NULL,NULL,NULL,0,NULL,NULL,'2021-01-17 11:08:21','2021-12-01 06:45:48',1,NULL,NULL,NULL,NULL,0,NULL,2,'2020-11-21 05:50:23','2020-11-09 17:22:30',NULL),(15,'https://chocolateriehenri4.com/index.php/politique-de-confidentialite/','70:cf41d68b328422d3d214dbc6780b7df5',3,'post','page',1,0,NULL,NULL,'Politique de confidentialité','publish',NULL,0,NULL,NULL,NULL,NULL,NULL,0,0,NULL,0,NULL,NULL,NULL,NULL,NULL,NULL,NULL,NULL,NULL,NULL,NULL,NULL,NULL,NULL,0,NULL,NULL,'2021-01-17 11:08:21','2021-11-16 17:31:58',1,NULL,NULL,NULL,NULL,0,NULL,2,'2020-11-14 16:08:49','2020-11-06 17:40:21',NULL),(16,'https://chocolateriehenri4.com/index.php/bakery-home-nederlands/','64:a2cad75923e1eebc6214a5accaec7433',1783,'post','page',1,0,NULL,NULL,'Welkom &#8211; Nederlands','publish',NULL,0,NULL,NULL,NULL,NULL,NULL,0,0,NULL,0,NULL,NULL,NULL,NULL,NULL,NULL,NULL,NULL,NULL,NULL,NULL,NULL,NULL,NULL,0,NULL,NULL,'2021-01-17 11:08:21','2021-11-19 00:54:53',1,NULL,NULL,NULL,NULL,0,NULL,2,'2020-11-11 15:04:58','2020-11-07 06:35:37',NULL),(19,'https://chocolateriehenri4.com/index.php/product/ganaches-coffret/','66:dcc70a477875132289fd9b2bc4f458ec',3177,'post','product',1,0,NULL,'Des ganaches d\'exception réalisées par le Maître chocolatier de la Chocolaterie Henri IV. Fabrication traditionnelle, 100% pur beurre de cacao.','Ganaches en coffret','publish',NULL,0,NULL,NULL,NULL,NULL,NULL,90,0,NULL,0,NULL,NULL,NULL,NULL,'https://chocolateriehenri4.com/wp-content/uploads/2021/12/IMG_8286-scaled.jpg',NULL,'4251','featured-image',NULL,NULL,'https://chocolateriehenri4.com/wp-content/uploads/2021/12/IMG_8286-scaled.jpg','4251','featured-image','{\"width\":1707,\"height\":2560,\"url\":\"https://chocolateriehenri4.com/wp-content/uploads/2021/12/IMG_8286-scaled.jpg\",\"path\":\"/home/chocolg/www/wp-content/uploads/2021/12/IMG_8286-scaled.jpg\",\"size\":\"full\",\"id\":4251,\"alt\":\"\",\"pixels\":4369920,\"type\":\"image/jpeg\"}',0,20,NULL,'2021-01-17 11:14:45','2021-12-27 07:42:46',1,NULL,NULL,NULL,NULL,0,NULL,2,'2021-12-27 08:42:46','2021-12-27 06:28:20',NULL),(20,'https://chocolateriehenri4.com/index.php/product/ballotin-125-g/','64:d781d89d6f91afc9c70a964b8fe409aa',1145,'post','product',1,0,NULL,'Ballotin de pralines réalisées par l\'artisan chocolatier de la Chocolaterie Henri IV','Pralines traditionnelles en ballotin','publish',NULL,0,NULL,NULL,NULL,NULL,NULL,90,0,NULL,0,NULL,NULL,NULL,NULL,'https://chocolateriehenri4.com/wp-content/uploads/2020/11/Ballotins-scaled.jpg',NULL,'3980','featured-image',NULL,NULL,'https://chocolateriehenri4.com/wp-content/uploads/2020/11/Ballotins-scaled.jpg','3980','featured-image','{\"width\":1920,\"height\":2560,\"url\":\"https://chocolateriehenri4.com/wp-content/uploads/2020/11/Ballotins-scaled.jpg\",\"path\":\"/home/chocolg/www/wp-content/uploads/2020/11/Ballotins-scaled.jpg\",\"size\":\"full\",\"id\":3980,\"alt\":\"Ballotins\",\"pixels\":4915200,\"type\":\"image/jpeg\"}',0,22,NULL,'2021-01-17 11:14:45','2024-12-23 19:41:48',1,NULL,NULL,NULL,NULL,0,1,2,'2024-12-23 20:41:48','2021-12-27 06:05:51',0),(32,NULL,NULL,NULL,'system-page','404',NULL,NULL,'Page non trouvée %%sep%% %%sitename%%',NULL,'Erreur 404 : Page introuvable',NULL,NULL,0,NULL,NULL,NULL,NULL,NULL,NULL,0,1,0,0,0,0,NULL,NULL,NULL,NULL,NULL,NULL,NULL,NULL,NULL,NULL,NULL,NULL,NULL,NULL,'2021-01-17 13:18:49','2021-01-17 12:18:49',1,NULL,NULL,NULL,NULL,0,NULL,1,NULL,NULL,NULL),(44,'https://chocolateriehenri4.com/index.php/product/bon-cadeau/','60:a262c27c592d83ff46255056b91a8dac',3190,'post','product',1,0,NULL,NULL,'Bon cadeau','publish',NULL,0,NULL,NULL,NULL,NULL,NULL,0,0,NULL,0,NULL,NULL,NULL,NULL,'https://chocolateriehenri4.com/wp-content/uploads/2020/11/Bon-cadeau-2-scaled.jpg',NULL,'3432','featured-image',NULL,NULL,'https://chocolateriehenri4.com/wp-content/uploads/2020/11/Bon-cadeau-2-scaled.jpg','3432','featured-image','{\"width\":1920,\"height\":2560,\"url\":\"https://chocolateriehenri4.com/wp-content/uploads/2020/11/Bon-cadeau-2-scaled.jpg\",\"path\":\"/home/chocolg/www/wp-content/uploads/2020/11/Bon-cadeau-2-scaled.jpg\",\"size\":\"full\",\"id\":3432,\"alt\":\"Bon cadeau\",\"pixels\":4915200,\"type\":\"image/jpeg\"}',0,8,NULL,'2021-01-18 09:30:00','2021-11-17 05:17:28',1,NULL,NULL,NULL,NULL,0,NULL,2,'2021-01-14 05:48:45','2020-11-14 14:36:08',NULL),(56,'https://chocolateriehenri4.com/index.php/conditions-generales/','62:1d59552ed4662809989a33a7d7aa9f16',3735,'post','page',1,0,NULL,NULL,'Conditions générales','publish',NULL,0,NULL,NULL,NULL,NULL,NULL,30,0,NULL,0,NULL,NULL,NULL,NULL,NULL,NULL,NULL,NULL,NULL,NULL,NULL,NULL,NULL,NULL,0,NULL,NULL,'2021-01-27 04:56:54','2021-11-16 17:27:59',1,NULL,NULL,NULL,NULL,0,4,2,'2021-01-27 04:57:47','2021-01-27 04:57:47',NULL),(74,NULL,NULL,NULL,'system-page','search-result',NULL,NULL,'Vous avez cherché %%searchphrase%% %%page%% %%sep%% %%sitename%%',NULL,NULL,NULL,NULL,0,NULL,NULL,NULL,NULL,NULL,NULL,0,1,0,0,0,0,NULL,NULL,NULL,NULL,NULL,NULL,NULL,NULL,NULL,NULL,NULL,NULL,NULL,NULL,'2021-01-27 08:53:34','2021-01-27 07:53:34',1,NULL,NULL,NULL,NULL,0,NULL,1,NULL,NULL,NULL),(77,'https://chocolateriehenri4.com/?page_id=3765','44:3981f8490a6b063549fbbb23ac710b37',3765,'post','page',1,0,'Chocolaterie Artisanale Henri IV %%sep%% Artisan Chocolatier','Chocolaterie artisanale Henri IV ✓ 100% belge ✓ Pralines et ganaches ✓ Large gamme produits locaux ✓ Boutique à Schaerbeek ✓ Webshop','ACCUEIL NL','draft',0,0,NULL,NULL,NULL,'Chocolaterie artisanale Henri IV',69,90,0,NULL,0,NULL,NULL,NULL,NULL,NULL,NULL,NULL,NULL,NULL,NULL,NULL,NULL,NULL,NULL,11,NULL,NULL,'2021-02-06 16:13:43','2021-12-19 07:07:47',1,NULL,NULL,NULL,NULL,0,21,2,'2021-02-06 16:13:58','2021-02-06 16:13:43',NULL),(78,'https://chocolateriehenri4.com/?page_id=3766','44:2078a94ab2dda76ff75f016ed609b0c4',3766,'post','page',1,0,'Chocolaterie Artisanale Henri IV %%sep%% Artisan Chocolatier','Chocolaterie artisanale Henri IV ✓ 100% belge ✓ Pralines et ganaches ✓ Large gamme produits locaux ✓ Boutique à Schaerbeek ✓ Webshop','ACCUEIL ENG','draft',0,0,NULL,NULL,NULL,'Chocolaterie artisanale Henri IV',69,90,0,NULL,0,NULL,NULL,NULL,NULL,NULL,NULL,NULL,NULL,NULL,NULL,NULL,NULL,NULL,NULL,11,NULL,NULL,'2021-02-06 16:13:48','2021-12-19 07:07:47',1,NULL,NULL,NULL,NULL,0,21,2,'2021-02-06 16:14:07','2021-02-06 16:13:48',NULL),(98,'https://chocolateriehenri4.com/index.php/mentions-legales/','58:f4d88594139bad440c0afaa2cfcd83ec',3793,'post','page',1,0,NULL,NULL,'Mentions légales','publish',NULL,0,NULL,NULL,NULL,NULL,NULL,60,0,NULL,0,NULL,NULL,NULL,NULL,NULL,NULL,NULL,NULL,NULL,NULL,NULL,NULL,NULL,NULL,0,NULL,NULL,'2021-02-07 07:12:38','2021-11-17 05:14:10',1,NULL,NULL,NULL,NULL,0,1,2,'2021-02-07 07:15:57','2021-02-07 07:15:57',NULL),(99,'https://chocolateriehenri4.com/index.php/category/non-classe/','61:fe3855afed85d431416f70b287abfdaf',1,'term','category',NULL,NULL,NULL,NULL,'Non classé',NULL,NULL,0,NULL,NULL,NULL,NULL,NULL,NULL,0,NULL,NULL,NULL,NULL,NULL,NULL,NULL,NULL,NULL,NULL,NULL,NULL,NULL,NULL,NULL,NULL,0,2,NULL,'2021-02-07 07:47:08','2021-12-11 12:28:43',1,NULL,NULL,NULL,NULL,0,NULL,2,NULL,NULL,NULL),(100,'https://chocolateriehenri4.com/index.php/category/non-classe-nl/','64:171b6f81a570769c94b6243facd9e9cb',13,'term','category',NULL,NULL,NULL,NULL,'Non classé',NULL,NULL,0,NULL,NULL,NULL,NULL,NULL,NULL,0,NULL,NULL,NULL,NULL,NULL,NULL,NULL,NULL,NULL,NULL,NULL,NULL,NULL,NULL,NULL,NULL,0,NULL,NULL,'2021-02-07 07:47:08','2021-12-11 12:28:43',1,NULL,NULL,NULL,NULL,0,NULL,2,NULL,NULL,NULL),(101,'https://chocolateriehenri4.com/index.php/category/non-classe-en/','64:013c00f31911fb35c010b816e928cab4',17,'term','category',NULL,NULL,NULL,NULL,'Non classé',NULL,NULL,0,NULL,NULL,NULL,NULL,NULL,NULL,0,NULL,NULL,NULL,NULL,NULL,NULL,NULL,NULL,NULL,NULL,NULL,NULL,NULL,NULL,NULL,NULL,0,NULL,NULL,'2021-02-07 07:47:08','2021-12-11 12:28:43',1,NULL,NULL,NULL,NULL,0,NULL,2,NULL,NULL,NULL),(102,'https://chocolateriehenri4.com/index.php/element_category/sections/','67:7f25e609e5ac4959324f7f7dc0275d25',54,'term','element_category',NULL,NULL,NULL,NULL,'sections',NULL,NULL,0,NULL,NULL,NULL,NULL,NULL,NULL,0,NULL,NULL,NULL,NULL,NULL,NULL,NULL,NULL,NULL,NULL,NULL,NULL,NULL,NULL,NULL,NULL,0,NULL,NULL,'2021-02-07 07:47:08','2021-12-19 07:17:27',1,NULL,NULL,NULL,NULL,0,NULL,2,'2021-12-19 08:17:27','2019-11-21 02:42:08',NULL),(103,'https://chocolateriehenri4.com/index.php/product-category/uncategorized/','72:05bc624b60f633398fe51ac7562a00ae',81,'term','product_cat',NULL,NULL,NULL,NULL,'Uncategorized',NULL,NULL,0,NULL,NULL,NULL,NULL,NULL,NULL,0,NULL,NULL,NULL,NULL,NULL,NULL,NULL,NULL,NULL,NULL,NULL,NULL,NULL,NULL,NULL,NULL,0,NULL,NULL,'2021-02-07 07:47:08','2021-12-11 12:28:43',1,NULL,NULL,NULL,NULL,0,NULL,2,NULL,NULL,NULL),(104,'https://chocolateriehenri4.com/index.php/category/bakery/','57:9b07eecf1b37530b71f6cd368561f030',82,'term','category',NULL,NULL,NULL,NULL,'Bakery',NULL,NULL,0,NULL,NULL,NULL,NULL,NULL,NULL,0,NULL,NULL,NULL,NULL,NULL,NULL,NULL,NULL,NULL,NULL,NULL,NULL,NULL,NULL,NULL,NULL,0,2,NULL,'2021-02-07 07:47:08','2021-12-11 12:28:43',1,NULL,NULL,NULL,NULL,0,NULL,2,NULL,NULL,NULL),(105,'https://chocolateriehenri4.com/index.php/category/healthy/','58:64ecc0cf845c6cd1185a4ee3fb5a35a2',84,'term','category',NULL,NULL,NULL,NULL,'Healthy',NULL,NULL,0,NULL,NULL,NULL,NULL,NULL,NULL,0,NULL,NULL,NULL,NULL,NULL,NULL,NULL,NULL,NULL,NULL,NULL,NULL,NULL,NULL,NULL,NULL,0,2,NULL,'2021-02-07 07:47:08','2021-12-11 12:28:43',1,NULL,NULL,NULL,NULL,0,NULL,2,NULL,NULL,NULL),(106,'https://chocolateriehenri4.com/index.php/category/news/','55:f95acba292d312d3b02c804c6e574639',86,'term','category',NULL,NULL,NULL,NULL,'News',NULL,NULL,0,NULL,NULL,NULL,NULL,NULL,NULL,0,NULL,NULL,NULL,NULL,NULL,NULL,NULL,NULL,NULL,NULL,NULL,NULL,NULL,NULL,NULL,NULL,0,2,NULL,'2021-02-07 07:47:08','2021-12-11 12:28:43',1,NULL,NULL,NULL,NULL,0,NULL,2,NULL,NULL,NULL),(107,'https://chocolateriehenri4.com/index.php/category/recipes/','58:ef13684116dff12ab4b4f3ba60843115',88,'term','category',NULL,NULL,NULL,NULL,'Recipes',NULL,NULL,0,NULL,NULL,NULL,NULL,NULL,NULL,0,NULL,NULL,NULL,NULL,NULL,NULL,NULL,NULL,NULL,NULL,NULL,NULL,NULL,NULL,NULL,NULL,0,2,NULL,'2021-02-07 07:47:08','2021-12-11 12:28:43',1,NULL,NULL,NULL,NULL,0,NULL,2,NULL,NULL,NULL),(108,'https://chocolateriehenri4.com/index.php/element_category/columns/','66:507a0cddf4d49cc326fe14a5f8c97046',92,'term','element_category',NULL,NULL,NULL,NULL,'columns',NULL,NULL,0,NULL,NULL,NULL,NULL,NULL,NULL,0,NULL,NULL,NULL,NULL,NULL,NULL,NULL,NULL,NULL,NULL,NULL,NULL,NULL,NULL,NULL,NULL,0,NULL,NULL,'2021-02-07 07:47:08','2021-12-11 12:28:43',1,NULL,NULL,NULL,NULL,0,NULL,2,NULL,NULL,NULL),(109,'https://chocolateriehenri4.com/index.php/product-category/pralines-groupantes/','78:85ebeb8a1f39031768185197f887b2b5',98,'term','product_cat',NULL,NULL,NULL,NULL,'Pralines gourmandes: ballotin',NULL,NULL,0,NULL,NULL,NULL,NULL,NULL,NULL,0,NULL,NULL,NULL,NULL,NULL,NULL,NULL,NULL,NULL,NULL,NULL,NULL,NULL,NULL,NULL,NULL,0,2,NULL,'2021-02-07 07:47:08','2024-12-23 19:41:48',1,NULL,NULL,NULL,NULL,0,NULL,2,'2024-12-23 20:41:48','2020-11-24 21:05:51',NULL),(110,'https://chocolateriehenri4.com/index.php/product-category/collection-prestige-les-ganaches/','91:e30d5c5003f17ba8d520cd3057aa1dae',99,'term','product_cat',NULL,NULL,NULL,NULL,'Collection Prestige: les ganaches',NULL,NULL,0,NULL,NULL,NULL,NULL,NULL,NULL,0,NULL,NULL,NULL,NULL,NULL,NULL,NULL,NULL,NULL,NULL,NULL,NULL,NULL,NULL,NULL,NULL,0,1,NULL,'2021-02-07 07:47:08','2021-12-27 07:42:46',1,NULL,NULL,NULL,NULL,0,NULL,2,'2021-12-27 08:42:46','2020-11-23 14:28:20',NULL),(111,'https://chocolateriehenri4.com/index.php/product-category/cafe/','63:71dfe94fd2721c7953f2522088371510',100,'term','product_cat',NULL,NULL,NULL,NULL,'Café',NULL,NULL,0,NULL,NULL,NULL,NULL,NULL,NULL,0,NULL,NULL,NULL,NULL,NULL,NULL,NULL,NULL,NULL,NULL,NULL,NULL,NULL,NULL,NULL,NULL,0,NULL,NULL,'2021-02-07 07:47:08','2021-12-11 12:28:43',1,NULL,NULL,NULL,NULL,0,NULL,2,NULL,NULL,NULL),(112,'https://chocolateriehenri4.com/index.php/product-category/miel/','63:8c9f1eea45e904b5a46d433b355d14d7',102,'term','product_cat',NULL,NULL,NULL,NULL,'Les miels',NULL,NULL,0,NULL,NULL,NULL,NULL,NULL,NULL,0,NULL,NULL,NULL,NULL,NULL,NULL,NULL,NULL,NULL,NULL,NULL,NULL,NULL,NULL,NULL,NULL,0,NULL,NULL,'2021-02-07 07:47:08','2021-12-11 12:28:43',1,NULL,NULL,NULL,NULL,0,NULL,2,NULL,NULL,NULL),(113,'https://chocolateriehenri4.com/index.php/product-category/pate-a-tartiner/','74:b9a82fa8af10953fe7206e33ef2fcb22',103,'term','product_cat',NULL,NULL,NULL,NULL,'Les confitures et pâtes à tartiner',NULL,NULL,0,NULL,NULL,NULL,NULL,NULL,NULL,0,NULL,NULL,NULL,NULL,NULL,NULL,NULL,NULL,NULL,NULL,NULL,NULL,NULL,NULL,NULL,NULL,0,NULL,NULL,'2021-02-07 07:47:08','2021-12-11 12:28:43',1,NULL,NULL,NULL,NULL,0,NULL,2,NULL,NULL,NULL),(114,'https://chocolateriehenri4.com/index.php/product-category/bon-cadeau/','69:d4fbe7bb74ee0125d36e1d0ddc025c31',105,'term','product_cat',NULL,NULL,NULL,NULL,'Bon cadeau',NULL,NULL,0,NULL,NULL,NULL,NULL,NULL,NULL,0,NULL,NULL,NULL,NULL,NULL,NULL,NULL,NULL,NULL,NULL,NULL,NULL,NULL,NULL,NULL,NULL,0,NULL,NULL,'2021-02-07 07:47:08','2021-11-17 05:17:28',1,NULL,NULL,NULL,NULL,0,NULL,2,'2021-01-14 05:48:45','2020-11-14 14:36:08',NULL),(115,'https://chocolateriehenri4.com/index.php/product-category/les-tablettes/','72:56fd129d2ce46061e6cc14b1354b824c',106,'term','product_cat',NULL,NULL,NULL,NULL,'Les tablettes',NULL,NULL,0,NULL,NULL,NULL,NULL,NULL,NULL,0,NULL,NULL,NULL,NULL,NULL,NULL,NULL,NULL,NULL,NULL,NULL,NULL,NULL,NULL,NULL,NULL,0,NULL,NULL,'2021-02-07 07:47:08','2021-12-11 12:28:43',1,NULL,NULL,NULL,NULL,0,NULL,2,NULL,NULL,NULL),(116,'https://chocolateriehenri4.com/index.php/product-category/les-carres-gourmands/','79:0865bdf57d70fcff30dc2ea12651c7ff',107,'term','product_cat',NULL,NULL,NULL,NULL,'Les carrés gourmands',NULL,NULL,0,NULL,NULL,NULL,NULL,NULL,NULL,0,NULL,NULL,NULL,NULL,NULL,NULL,NULL,NULL,NULL,NULL,NULL,NULL,NULL,NULL,NULL,NULL,0,NULL,NULL,'2021-02-07 07:47:08','2021-12-11 12:28:43',1,NULL,NULL,NULL,NULL,0,NULL,2,NULL,NULL,NULL),(117,'https://chocolateriehenri4.com/index.php/product-category/les-blocs-a-casser/','77:c4258e3ed6e4b56c32dd72e4391c71f2',108,'term','product_cat',NULL,NULL,NULL,NULL,'Les blocs à casser',NULL,NULL,0,NULL,NULL,NULL,NULL,NULL,NULL,0,NULL,NULL,NULL,NULL,NULL,NULL,NULL,NULL,NULL,NULL,NULL,NULL,NULL,NULL,NULL,NULL,0,NULL,NULL,'2021-02-07 07:47:08','2021-12-11 12:28:43',1,NULL,NULL,NULL,NULL,0,NULL,2,NULL,NULL,NULL),(118,'https://chocolateriehenri4.com/index.php/product-category/sels-aux-epices/','74:42aae2cc735726bf10137f633c45f704',109,'term','product_cat',NULL,NULL,NULL,NULL,'Les sels aux épices',NULL,NULL,0,NULL,NULL,NULL,NULL,NULL,NULL,0,NULL,NULL,NULL,NULL,NULL,NULL,NULL,NULL,NULL,NULL,NULL,NULL,NULL,NULL,NULL,NULL,0,NULL,NULL,'2021-02-07 07:47:08','2021-12-11 12:28:43',1,NULL,NULL,NULL,NULL,0,NULL,2,NULL,NULL,NULL),(119,'https://chocolateriehenri4.com/index.php/product-category/vinaigres/','68:5f629138fad6b2a64ca3e745f5cd5e1c',110,'term','product_cat',NULL,NULL,NULL,NULL,'Les vinaigres',NULL,NULL,0,NULL,NULL,NULL,NULL,NULL,NULL,0,NULL,NULL,NULL,NULL,NULL,NULL,NULL,NULL,NULL,NULL,NULL,NULL,NULL,NULL,NULL,NULL,0,NULL,NULL,'2021-02-07 07:47:08','2021-12-11 12:28:43',1,NULL,NULL,NULL,NULL,0,NULL,2,NULL,NULL,NULL),(120,'https://chocolateriehenri4.com/index.php/product-category/macarons/','67:ae55a482e17378349380e3c0a2b0e432',113,'term','product_cat',NULL,NULL,NULL,NULL,'Glaces, sorbets, macarons',NULL,NULL,0,NULL,NULL,NULL,NULL,NULL,NULL,0,NULL,NULL,NULL,NULL,NULL,NULL,NULL,NULL,NULL,NULL,NULL,NULL,NULL,NULL,NULL,NULL,0,NULL,NULL,'2021-02-07 07:47:08','2021-12-11 12:28:43',1,NULL,NULL,NULL,NULL,0,NULL,2,NULL,NULL,NULL),(121,'https://chocolateriehenri4.com/index.php/product-category/produits-artisanaux-la-selection/','91:25ad340c3487c3e63d887ec5c6c203cc',114,'term','product_cat',NULL,NULL,NULL,NULL,'Produits artisanaux: la sélection',NULL,NULL,0,NULL,NULL,NULL,NULL,NULL,NULL,0,NULL,NULL,NULL,NULL,NULL,NULL,NULL,NULL,NULL,NULL,NULL,NULL,NULL,NULL,NULL,NULL,0,NULL,NULL,'2021-02-07 07:47:08','2021-12-11 12:28:43',1,NULL,NULL,NULL,NULL,0,NULL,2,NULL,NULL,NULL),(122,'https://chocolateriehenri4.com/index.php/product-category/tisanes/','66:235607d0cf305bb801ac105acdfc7865',115,'term','product_cat',NULL,NULL,NULL,NULL,'Les tisanes',NULL,NULL,0,NULL,NULL,NULL,NULL,NULL,NULL,0,NULL,NULL,NULL,NULL,NULL,NULL,NULL,NULL,NULL,NULL,NULL,NULL,NULL,NULL,NULL,NULL,0,NULL,NULL,'2021-02-07 07:47:08','2021-12-11 12:28:43',1,NULL,NULL,NULL,NULL,0,NULL,2,NULL,NULL,NULL),(123,'https://chocolateriehenri4.com/index.php/slide-page/banner/','59:49434d3afd454580309fe9320c16c042',116,'term','slide-page',NULL,NULL,NULL,NULL,'banner',NULL,NULL,0,NULL,NULL,NULL,NULL,NULL,NULL,0,NULL,NULL,NULL,NULL,NULL,NULL,NULL,NULL,NULL,NULL,NULL,NULL,NULL,NULL,NULL,NULL,0,NULL,NULL,'2021-02-07 07:47:08','2021-12-11 12:28:43',1,NULL,NULL,NULL,NULL,0,NULL,2,'2021-01-16 13:25:08','2021-01-16 13:21:50',NULL),(365,'https://chocolateriehenri4.com/index.php/slide/banner/','54:8042721afeaef1e7e308ab27c9aca69e',3614,'post','slide',1,0,NULL,NULL,'banner','publish',NULL,0,NULL,NULL,NULL,NULL,NULL,0,0,NULL,0,NULL,NULL,NULL,NULL,'https://chocolateriehenri4.com/wp-content/uploads/2020/09/enseigne-horiz-scaled.jpg',NULL,'3610','featured-image',NULL,NULL,'https://chocolateriehenri4.com/wp-content/uploads/2020/09/enseigne-horiz-scaled.jpg','3610','featured-image','{\"width\":2560,\"height\":328,\"url\":\"https://chocolateriehenri4.com/wp-content/uploads/2020/09/enseigne-horiz-scaled.jpg\",\"path\":\"/home/chocolg/www/wp-content/uploads/2020/09/enseigne-horiz-scaled.jpg\",\"size\":\"full\",\"id\":3610,\"alt\":\"Chocolaterie Henri IV\",\"pixels\":839680,\"type\":\"image/jpeg\"}',0,NULL,NULL,'2021-02-07 07:47:31','2023-02-24 07:36:57',1,NULL,NULL,NULL,NULL,0,NULL,2,'2021-01-16 13:25:08','2021-01-16 13:21:50',NULL),(366,'https://chocolateriehenri4.com/index.php/la-boutique/','53:3391251f46aa0f755a753f4833279c19',NULL,'post-type-archive','product',NULL,NULL,'%%pt_plural%% Archive %%page%% %%sep%% %%sitename%%','','Produits',NULL,1,0,NULL,NULL,NULL,NULL,NULL,NULL,0,0,0,0,0,0,NULL,NULL,NULL,NULL,NULL,NULL,NULL,NULL,NULL,NULL,NULL,NULL,NULL,NULL,'2021-02-07 07:47:33','2024-12-23 19:41:48',1,NULL,NULL,NULL,NULL,0,NULL,2,'2024-12-23 20:41:48','2020-11-13 14:56:59',NULL),(367,'https://chocolateriehenri4.com/index.php/portfolio-items/','57:7f41047bccb3cad42fbf2511ea8c1b6c',NULL,'post-type-archive','avada_portfolio',NULL,NULL,'%%pt_plural%% Archive %%page%% %%sep%% %%sitename%%','','Portfolio',NULL,1,0,NULL,NULL,NULL,NULL,NULL,NULL,0,0,0,0,0,0,NULL,NULL,NULL,NULL,NULL,NULL,NULL,NULL,NULL,NULL,NULL,NULL,NULL,NULL,'2021-02-07 07:47:33','2021-11-20 21:35:56',1,NULL,NULL,NULL,NULL,0,NULL,2,NULL,NULL,NULL),(368,'https://chocolateriehenri4.com/index.php/faq-items/','51:48cf82bbaa0ac3df8c25119a47372782',NULL,'post-type-archive','avada_faq',NULL,NULL,'%%pt_plural%% Archive %%page%% %%sep%% %%sitename%%','','FAQs',NULL,1,0,NULL,NULL,NULL,NULL,NULL,NULL,0,0,0,0,0,0,NULL,NULL,NULL,NULL,NULL,NULL,NULL,NULL,NULL,NULL,NULL,NULL,NULL,NULL,'2021-02-07 07:47:33','2021-11-23 05:27:03',1,NULL,NULL,NULL,NULL,0,NULL,2,NULL,NULL,NULL),(369,NULL,NULL,NULL,'date-archive',NULL,NULL,NULL,'%%date%% %%page%% %%sep%% %%sitename%%','',NULL,NULL,0,0,NULL,NULL,NULL,NULL,NULL,NULL,0,1,0,0,0,0,NULL,NULL,NULL,NULL,NULL,NULL,NULL,NULL,NULL,NULL,NULL,NULL,NULL,NULL,'2021-02-07 07:47:35','2021-02-07 06:47:35',1,NULL,NULL,NULL,NULL,0,NULL,1,NULL,NULL,NULL),(399,'https://chocolateriehenri4.com/index.php/product-category/carte/','64:4be4b2b95d3e93e105b8408e83597388',119,'term','product_cat',NULL,NULL,NULL,NULL,'Carte',NULL,NULL,0,NULL,NULL,NULL,NULL,NULL,NULL,0,NULL,NULL,NULL,NULL,NULL,NULL,NULL,NULL,NULL,NULL,NULL,NULL,NULL,NULL,NULL,NULL,0,NULL,NULL,'2021-02-07 10:17:36','2021-11-17 05:17:36',1,NULL,NULL,NULL,NULL,0,NULL,2,'2021-02-13 06:32:22','2020-11-13 14:56:59',NULL),(402,'https://chocolateriehenri4.com/index.php/product/card-message/','62:8301f7df0522cf2001261f2742b1ec71',3859,'post','product',1,0,NULL,NULL,'Carte message','publish',NULL,0,NULL,NULL,NULL,NULL,NULL,60,0,NULL,0,NULL,NULL,NULL,NULL,'https://chocolateriehenri4.com/wp-content/uploads/2021/01/Cartes-chocolaterie-1-1.jpg',NULL,'3858','featured-image',NULL,NULL,'https://chocolateriehenri4.com/wp-content/uploads/2021/01/Cartes-chocolaterie-1-1.jpg','3858','featured-image','{\"width\":1024,\"height\":744,\"url\":\"https://chocolateriehenri4.com/wp-content/uploads/2021/01/Cartes-chocolaterie-1-1.jpg\",\"path\":\"/home/chocolg/www/wp-content/uploads/2021/01/Cartes-chocolaterie-1-1.jpg\",\"size\":\"full\",\"id\":3858,\"alt\":\"\",\"pixels\":761856,\"type\":\"image/jpeg\"}',0,1,NULL,'2021-02-07 14:57:00','2021-11-17 05:17:36',1,NULL,NULL,NULL,NULL,0,1,2,'2021-02-13 06:32:22','2020-11-13 14:56:59',NULL),(425,'https://chocolateriehenri4.com/index.php/product/coeur/','55:3393498c8194dfa36bc568790dc00f7a',3893,'post','product',1,0,NULL,NULL,'Coeur','publish',NULL,0,NULL,NULL,NULL,NULL,NULL,90,0,NULL,0,NULL,NULL,NULL,NULL,'https://chocolateriehenri4.com/wp-content/uploads/2021/02/Grand-coeur-scaled.jpg',NULL,'3901','featured-image',NULL,NULL,'https://chocolateriehenri4.com/wp-content/uploads/2021/02/Grand-coeur-scaled.jpg','3901','featured-image','{\"width\":2560,\"height\":2560,\"url\":\"https://chocolateriehenri4.com/wp-content/uploads/2021/02/Grand-coeur-scaled.jpg\",\"path\":\"/home/chocolg/www/wp-content/uploads/2021/02/Grand-coeur-scaled.jpg\",\"size\":\"full\",\"id\":3901,\"alt\":\"\",\"pixels\":6553600,\"type\":\"image/jpeg\"}',0,2,NULL,'2021-02-12 04:54:17','2021-11-17 05:13:38',1,NULL,NULL,NULL,NULL,0,NULL,2,'2021-02-12 05:39:39','2020-11-22 04:54:17',NULL),(433,'https://chocolateriehenri4.com/index.php/product-category/occasions-speciales-et-fetes/','87:750df028e3bb1ba9b3d6e5860562dd68',120,'term','product_cat',NULL,NULL,NULL,NULL,'Occasions spéciales et fêtes',NULL,NULL,0,NULL,NULL,NULL,NULL,NULL,NULL,0,NULL,NULL,NULL,NULL,NULL,NULL,NULL,NULL,NULL,NULL,NULL,NULL,NULL,NULL,NULL,NULL,0,4,NULL,'2021-02-12 05:01:09','2022-01-22 11:55:27',1,NULL,NULL,NULL,NULL,0,NULL,2,'2022-01-22 12:55:27','2020-11-22 04:54:17',NULL),(480,'https://chocolateriehenri4.com/index.php/product/ballotin-decouverte/','69:a5a4b52ca5813731fbe11f2fef893473',3985,'post','product',1,0,NULL,NULL,'Ballotin Découverte','publish',NULL,0,NULL,NULL,NULL,NULL,NULL,90,0,NULL,0,NULL,NULL,NULL,NULL,'https://chocolateriehenri4.com/wp-content/uploads/2021/03/decouverte-10E-scaled.jpg',NULL,'3984','featured-image',NULL,NULL,'https://chocolateriehenri4.com/wp-content/uploads/2021/03/decouverte-10E-scaled.jpg','3984','featured-image','{\"width\":1920,\"height\":2560,\"url\":\"https://chocolateriehenri4.com/wp-content/uploads/2021/03/decouverte-10E-scaled.jpg\",\"path\":\"/home/chocolg/www/wp-content/uploads/2021/03/decouverte-10E-scaled.jpg\",\"size\":\"full\",\"id\":3984,\"alt\":\"Ballotin D\\u00e9couverte\",\"pixels\":4915200,\"type\":\"image/jpeg\"}',0,NULL,NULL,'2021-03-07 17:08:43','2021-12-27 07:42:06',1,NULL,NULL,NULL,NULL,0,1,2,'2021-12-27 08:42:06','2021-12-27 06:09:00',NULL),(505,'https://chocolateriehenri4.com/index.php/product-category/assortiment-paques/','77:a084a13ae862491781fcd718fb3702fb',121,'term','product_cat',NULL,NULL,'%%term_title%% %%page%% %%sep%% %%sitename%%','La Chocolaterie Henri IV vous propose une large gamme de produits pour les fêtes de Pâques: oeuf de Pâques garni, petits oeufs fourrés, sachet surprise de Pâques...','Assortiment Pâques',NULL,NULL,0,NULL,NULL,NULL,'Assortiment Pâques',38,0,0,NULL,NULL,NULL,NULL,NULL,NULL,NULL,NULL,NULL,NULL,NULL,NULL,NULL,NULL,NULL,NULL,0,1,NULL,'2021-03-24 04:45:28','2021-11-16 22:03:33',1,NULL,NULL,NULL,NULL,0,NULL,2,'2021-03-26 06:03:54','2021-03-24 04:47:46',NULL),(580,'https://chocolateriehenri4.com/index.php/product/fetes-des-mamans/','66:a2e34345c88f31a51bef93599fb0daf4',4163,'post','product',1,0,NULL,'Atelier de la Rose x Chocolaterie Henri IV: Un joli bouquet champêtre composé de fleurs de saison accompagné d’un panier de gourmandises du moment : 79€','Bouquet champêtre et panier gourmandises','publish',NULL,0,NULL,NULL,NULL,'Fête des mamans',27,90,0,NULL,0,NULL,NULL,NULL,NULL,'https://chocolateriehenri4.com/wp-content/uploads/2021/04/Formule-2.jpg',NULL,'4170','featured-image',NULL,NULL,'https://chocolateriehenri4.com/wp-content/uploads/2021/04/Formule-2.jpg','4170','featured-image','{\"width\":1440,\"height\":1920,\"url\":\"https://chocolateriehenri4.com/wp-content/uploads/2021/04/Formule-2.jpg\",\"path\":\"/home/chocolg/www/wp-content/uploads/2021/04/Formule-2.jpg\",\"size\":\"full\",\"id\":4170,\"alt\":\"F\\u00eate des mamans formule 2\",\"pixels\":2764800,\"type\":\"image/jpeg\"}',0,2,NULL,'2021-04-26 18:21:40','2021-11-17 05:12:23',1,NULL,NULL,NULL,NULL,0,1,2,'2021-04-26 18:39:07','2021-04-26 18:21:40',NULL),(587,'https://chocolateriehenri4.com/index.php/product-category/fete-des-mamans/','74:428a1e9a455b9dc698082463f3bcb735',122,'term','product_cat',NULL,NULL,NULL,NULL,'Fête des mamans',NULL,NULL,0,NULL,NULL,NULL,NULL,NULL,NULL,0,NULL,NULL,NULL,NULL,NULL,NULL,NULL,NULL,NULL,NULL,NULL,NULL,NULL,NULL,NULL,NULL,0,3,NULL,'2021-04-26 18:24:12','2021-11-17 05:12:23',1,NULL,NULL,NULL,NULL,0,NULL,2,'2021-04-26 18:39:33','2021-04-26 18:21:40',NULL),(591,'https://chocolateriehenri4.com/index.php/product/formule-3-bouquet-signature-et-panier-gourmandises/','100:a4cd83dc68780d59c4439073c0f98726',4173,'post','product',1,0,NULL,'Atelier de la Rose x Chocolaterie Henri IV - Un superbe bouquet signature accompagné d’un panier de gourmandises du moment: 99 €','Bouquet signature et panier gourmandises','publish',NULL,0,NULL,NULL,NULL,'Fête des mamans',25,60,0,NULL,0,NULL,NULL,NULL,NULL,'https://chocolateriehenri4.com/wp-content/uploads/2021/04/Formule-3-.jpg',NULL,'4176','featured-image',NULL,NULL,'https://chocolateriehenri4.com/wp-content/uploads/2021/04/Formule-3-.jpg','4176','featured-image','{\"width\":1440,\"height\":1920,\"url\":\"https://chocolateriehenri4.com/wp-content/uploads/2021/04/Formule-3-.jpg\",\"path\":\"/home/chocolg/www/wp-content/uploads/2021/04/Formule-3-.jpg\",\"size\":\"full\",\"id\":4176,\"alt\":\"Formule 3-bouquet signature et panier gourmand\",\"pixels\":2764800,\"type\":\"image/jpeg\"}',0,2,NULL,'2021-04-26 18:28:58','2021-11-17 05:12:13',1,NULL,NULL,NULL,NULL,0,1,2,'2021-04-26 18:38:17','2021-04-26 18:28:58',NULL),(595,'https://chocolateriehenri4.com/index.php/product/formule-1-box-roses-eternelles-et-chocolats/','93:2194073e8277426f830d03114cd3fd2a',4177,'post','product',1,0,NULL,'Atelier de la Rose x Chocolaterie Henri IV - Box roses éternelles et chocolats: 145 €','Box roses éternelles et chocolats','publish',NULL,0,NULL,NULL,NULL,'Fête des mamans',23,60,0,NULL,0,NULL,NULL,NULL,NULL,'https://chocolateriehenri4.com/wp-content/uploads/2021/04/Formule-1.jpg',NULL,'4180','featured-image',NULL,NULL,'https://chocolateriehenri4.com/wp-content/uploads/2021/04/Formule-1.jpg','4180','featured-image','{\"width\":1440,\"height\":1920,\"url\":\"https://chocolateriehenri4.com/wp-content/uploads/2021/04/Formule-1.jpg\",\"path\":\"/home/chocolg/www/wp-content/uploads/2021/04/Formule-1.jpg\",\"size\":\"full\",\"id\":4180,\"alt\":\"Formule 1 - roses \\u00e9ternelles et chocolats\",\"pixels\":2764800,\"type\":\"image/jpeg\"}',0,2,NULL,'2021-04-26 18:33:03','2021-11-16 22:43:22',1,NULL,NULL,NULL,NULL,0,1,2,'2021-04-26 18:39:33','2021-04-26 18:33:03',NULL),(615,'https://chocolateriehenri4.com/index.php/product/bouquet-ganaches/','66:dbd35b5d7fd2d9ddfd459c0bf7ced67e',4208,'post','product',1,0,NULL,'Bouquet de fleurs et ballotin de pralines ou coffret de ganaches','Bouquet et pralines/ganaches','publish',NULL,0,NULL,NULL,NULL,'bouquet et chocolat',33,90,0,NULL,0,NULL,NULL,NULL,NULL,'https://chocolateriehenri4.com/wp-content/uploads/2021/12/IMG_8407-scaled.jpg',NULL,'4220','featured-image',NULL,NULL,'https://chocolateriehenri4.com/wp-content/uploads/2021/12/IMG_8407-scaled.jpg','4220','featured-image','{\"width\":1707,\"height\":2560,\"url\":\"https://chocolateriehenri4.com/wp-content/uploads/2021/12/IMG_8407-scaled.jpg\",\"path\":\"/home/chocolg/www/wp-content/uploads/2021/12/IMG_8407-scaled.jpg\",\"size\":\"full\",\"id\":4220,\"alt\":\"\",\"pixels\":4369920,\"type\":\"image/jpeg\"}',0,2,NULL,'2021-12-11 13:29:07','2021-12-27 07:54:55',1,NULL,NULL,NULL,NULL,0,NULL,2,'2021-12-27 08:54:55','2021-12-11 13:29:07',NULL),(623,'https://chocolateriehenri4.com/index.php/product-category/occasions-speciales-et-fetes/bouquet-et-pralines-ganaches/','116:9abb40253ab80ce584b8e5f2ae167cf5',123,'term','product_cat',NULL,NULL,NULL,NULL,'bouquet et pralines/ganaches',NULL,NULL,0,NULL,NULL,NULL,NULL,NULL,NULL,0,NULL,NULL,NULL,NULL,NULL,NULL,NULL,NULL,NULL,NULL,NULL,NULL,NULL,NULL,NULL,NULL,0,1,NULL,'2021-12-11 13:30:20','2021-12-27 07:54:55',1,NULL,NULL,NULL,NULL,1,NULL,2,'2021-12-27 08:54:55',NULL,NULL),(629,'https://chocolateriehenri4.com/index.php/product/paniers-gourmands/','67:89c2de5dada3ca21b0ffeac1b3708a60',4221,'post','product',1,0,NULL,'Paniers gourmands et bouquets de fleurs','Paniers gourmands X Atelier de la Rose','publish',NULL,0,NULL,NULL,NULL,'paniers gourmands',44,90,0,NULL,0,NULL,NULL,NULL,NULL,'https://chocolateriehenri4.com/wp-content/uploads/2021/12/IMG_8383-scaled.jpg',NULL,'4226','featured-image',NULL,NULL,'https://chocolateriehenri4.com/wp-content/uploads/2021/12/IMG_8383-scaled.jpg','4226','featured-image','{\"width\":1707,\"height\":2560,\"url\":\"https://chocolateriehenri4.com/wp-content/uploads/2021/12/IMG_8383-scaled.jpg\",\"path\":\"/home/chocolg/www/wp-content/uploads/2021/12/IMG_8383-scaled.jpg\",\"size\":\"full\",\"id\":4226,\"alt\":\"\",\"pixels\":4369920,\"type\":\"image/jpeg\"}',0,2,NULL,'2021-12-11 13:41:02','2021-12-19 08:08:24',1,NULL,NULL,NULL,NULL,0,NULL,2,'2021-12-11 13:50:51','2021-12-11 13:41:02',NULL),(632,'https://chocolateriehenri4.com/index.php/product-category/panier-gourmand-et-bouquet/','85:ff2e669e124a40e157998cb5c97e12f8',124,'term','product_cat',NULL,NULL,NULL,NULL,'panier gourmand et bouquet',NULL,NULL,0,NULL,NULL,NULL,NULL,NULL,NULL,0,NULL,NULL,NULL,NULL,NULL,NULL,NULL,NULL,NULL,NULL,NULL,NULL,NULL,NULL,NULL,NULL,0,1,NULL,'2021-12-11 13:46:20','2022-01-22 11:55:27',1,NULL,NULL,NULL,NULL,0,NULL,2,'2022-01-22 12:55:27',NULL,NULL),(638,'https://chocolateriehenri4.com/?post_type=product&p=4230','56:e19f76ec4d863c20e5165f0aa2b3cf8e',4230,'post','product',1,0,NULL,'Paniers gourmands','Orangettes/citronnetes/gingembrettes','draft',0,0,NULL,NULL,NULL,'paniers gourmands',31,0,0,NULL,0,NULL,NULL,NULL,NULL,NULL,NULL,NULL,NULL,NULL,NULL,NULL,NULL,NULL,NULL,0,NULL,NULL,'2021-12-11 13:52:13','2021-12-19 07:14:01',1,NULL,NULL,NULL,NULL,0,0,2,'2021-12-19 08:14:01','2021-12-11 13:52:13',NULL),(641,'https://chocolateriehenri4.com/index.php/product-category/panier-gourmand/','74:504b5017bae366df8995203da1608424',125,'term','product_cat',NULL,NULL,NULL,NULL,'panier gourmand',NULL,NULL,0,NULL,NULL,NULL,NULL,NULL,NULL,0,NULL,NULL,NULL,NULL,NULL,NULL,NULL,NULL,NULL,NULL,NULL,NULL,NULL,NULL,NULL,NULL,0,1,NULL,'2021-12-11 13:52:54','2021-12-19 08:08:24',1,NULL,NULL,NULL,NULL,0,NULL,2,'2021-12-11 14:52:54',NULL,NULL),(650,'https://chocolateriehenri4.com/index.php/product-category/orangettes-citronnetes-gingembrettes/','95:96c89a3c3801143721551e91e21e2764',126,'term','product_cat',NULL,NULL,NULL,NULL,'orangettes/citronnetes/gingembrettes',NULL,NULL,0,NULL,NULL,NULL,NULL,NULL,NULL,0,NULL,NULL,NULL,NULL,NULL,NULL,NULL,NULL,NULL,NULL,NULL,NULL,NULL,NULL,NULL,NULL,0,1,NULL,'2021-12-11 14:01:30','2021-12-19 08:08:24',1,NULL,NULL,NULL,NULL,0,NULL,2,'2021-12-11 15:01:30',NULL,NULL),(651,'https://chocolateriehenri4.com/index.php/product/paniers-gourmands-3/','69:4aa52ff0f5f365a65f12948c0e42bc93',4242,'post','product',1,0,NULL,'Paniers gourmands','Paniers gourmands','publish',NULL,0,NULL,NULL,NULL,'paniers gourmands',39,90,0,NULL,0,NULL,NULL,NULL,NULL,'https://chocolateriehenri4.com/wp-content/uploads/2021/12/IMG_8323-1-scaled.jpg',NULL,'4237','featured-image',NULL,NULL,'https://chocolateriehenri4.com/wp-content/uploads/2021/12/IMG_8323-1-scaled.jpg','4237','featured-image','{\"width\":1707,\"height\":2560,\"url\":\"https://chocolateriehenri4.com/wp-content/uploads/2021/12/IMG_8323-1-scaled.jpg\",\"path\":\"/home/chocolg/www/wp-content/uploads/2021/12/IMG_8323-1-scaled.jpg\",\"size\":\"full\",\"id\":4237,\"alt\":\"\",\"pixels\":4369920,\"type\":\"image/jpeg\"}',0,2,NULL,'2021-12-11 14:07:23','2021-12-19 08:08:24',1,NULL,NULL,NULL,NULL,0,NULL,2,'2021-12-11 14:12:22','2021-12-11 14:07:23',NULL),(666,'https://chocolateriehenri4.com/index.php/product/st-valentin-chocolaterie-henri-iv-x-atelier-de-la-rose/','104:bff1a6afa59cbd8ee0e1600dfaba7ba9',4266,'post','product',1,0,NULL,'Fleurs et chocolats','St Valentin: Chocolaterie Henri IV X Atelier de la Rose','publish',NULL,0,NULL,NULL,NULL,'paniers gourmands',24,90,0,NULL,0,NULL,NULL,NULL,NULL,'https://chocolateriehenri4.com/wp-content/uploads/2022/01/ChocolaterieHenriIV-AtelierdelaRose1-scaled.jpg',NULL,'4264','featured-image',NULL,NULL,'https://chocolateriehenri4.com/wp-content/uploads/2022/01/ChocolaterieHenriIV-AtelierdelaRose1-scaled.jpg','4264','featured-image','{\"width\":1920,\"height\":2560,\"url\":\"https://chocolateriehenri4.com/wp-content/uploads/2022/01/ChocolaterieHenriIV-AtelierdelaRose1-scaled.jpg\",\"path\":\"/home/chocolg/www/wp-content/uploads/2022/01/ChocolaterieHenriIV-AtelierdelaRose1-scaled.jpg\",\"size\":\"full\",\"id\":4264,\"alt\":\"\",\"pixels\":4915200,\"type\":\"image/jpeg\"}',0,NULL,NULL,'2022-01-21 05:57:43','2022-01-21 05:02:00',1,NULL,NULL,NULL,NULL,0,NULL,2,'2022-01-21 06:02:00','2022-01-21 05:57:43',NULL),(669,'https://chocolateriehenri4.com/index.php/product-category/st-valentin/','70:03276ee916ad10fea9e9c33af8ed8cc3',127,'term','product_cat',NULL,NULL,NULL,NULL,'St Valentin',NULL,NULL,0,NULL,NULL,NULL,NULL,NULL,NULL,0,NULL,NULL,NULL,NULL,NULL,NULL,NULL,NULL,NULL,NULL,NULL,NULL,NULL,NULL,NULL,NULL,0,NULL,NULL,'2022-01-21 06:01:17','2022-01-22 11:55:27',1,NULL,NULL,NULL,NULL,0,NULL,2,'2022-01-22 12:55:27',NULL,NULL),(670,'https://chocolateriehenri4.com/?page_id=4308','44:dea1a88f64265c1256dbe1b9a3a12c69',4308,'post','page',1,0,NULL,NULL,'Politique en matière de remboursements et de retours','draft',0,0,NULL,NULL,NULL,NULL,NULL,0,0,NULL,0,NULL,NULL,NULL,NULL,NULL,NULL,NULL,NULL,NULL,NULL,NULL,NULL,NULL,NULL,NULL,NULL,NULL,'2025-06-09 17:41:38','2025-06-09 15:41:38',1,NULL,NULL,NULL,NULL,0,NULL,2,'0000-00-00 00:00:00','0000-00-00 00:00:00',0);

--
-- Table structure for table `mod279_yoast_indexable_hierarchy`
--

CREATE TABLE `mod279_yoast_indexable_hierarchy` (
  `indexable_id` int unsigned NOT NULL DEFAULT '0',
  `ancestor_id` int unsigned NOT NULL DEFAULT '0',
  `depth` int unsigned DEFAULT NULL,
  `blog_id` bigint NOT NULL DEFAULT '1',
  PRIMARY KEY (`indexable_id`,`ancestor_id`),
  KEY `indexable_id` (`indexable_id`),
  KEY `ancestor_id` (`ancestor_id`),
  KEY `depth` (`depth`)
) ENGINE=InnoDB DEFAULT CHARSET=utf8mb4 COLLATE=utf8mb4_unicode_520_ci;

--
-- Dumping data for table `mod279_yoast_indexable_hierarchy`
--

INSERT INTO `mod279_yoast_indexable_hierarchy` VALUES (2,0,0,1),(3,0,0,1),(4,0,0,1),(5,4,1,1),(6,4,1,1),(7,0,0,1),(8,0,0,1),(9,0,0,1),(10,0,0,1),(11,0,0,1),(12,0,0,1),(13,0,0,1),(14,0,0,1),(15,0,0,1),(16,0,0,1),(19,0,0,1),(20,0,0,1),(44,0,0,1),(56,0,0,1),(74,0,0,1),(77,0,0,1),(78,0,0,1),(98,0,0,1),(99,0,0,1),(100,0,0,1),(101,0,0,1),(102,0,0,1),(103,0,0,1),(104,0,0,1),(105,0,0,1),(106,0,0,1),(107,0,0,1),(108,0,0,1),(109,0,0,1),(110,0,0,1),(111,0,0,1),(112,0,0,1),(113,0,0,1),(114,0,0,1),(115,0,0,1),(116,0,0,1),(117,0,0,1),(118,0,0,1),(119,0,0,1),(120,0,0,1),(121,0,0,1),(122,0,0,1),(123,0,0,1),(365,0,0,1),(366,0,0,1),(367,0,0,1),(368,0,0,1),(399,0,0,1),(402,0,0,1),(425,0,0,1),(433,0,0,1),(480,0,0,1),(505,0,0,1),(580,0,0,1),(587,0,0,1),(591,0,0,1),(595,0,0,1),(615,0,0,1),(623,433,1,1),(629,0,0,1),(632,0,0,1),(638,0,0,1),(641,0,0,1),(651,0,0,1),(666,0,0,1),(669,0,0,1),(670,0,0,1);

--
-- Table structure for table `mod279_yoast_migrations`
--

CREATE TABLE `mod279_yoast_migrations` (
  `id` int unsigned NOT NULL AUTO_INCREMENT,
  `version` varchar(191) COLLATE utf8mb4_unicode_520_ci DEFAULT NULL,
  PRIMARY KEY (`id`),
  UNIQUE KEY `mod279_yoast_migrations_version` (`version`)
) ENGINE=InnoDB AUTO_INCREMENT=25 DEFAULT CHARSET=utf8mb4 COLLATE=utf8mb4_unicode_520_ci;

--
-- Dumping data for table `mod279_yoast_migrations`
--

INSERT INTO `mod279_yoast_migrations` VALUES (1,'20171228151840'),(2,'20171228151841'),(3,'20190529075038'),(4,'20191011111109'),(5,'20200408101900'),(6,'20200420073606'),(7,'20200428123747'),(8,'20200428194858'),(9,'20200429105310'),(10,'20200430075614'),(11,'20200430150130'),(12,'20200507054848'),(13,'20200513133401'),(14,'20200609154515'),(15,'20200616130143'),(16,'20200617122511'),(17,'20200702141921'),(18,'20200728095334'),(19,'20201202144329'),(20,'20201216124002'),(21,'20201216141134'),(22,'20210817092415'),(23,'20211020091404'),(24,'20230417083836');

--
-- Table structure for table `mod279_yoast_primary_term`
--

CREATE TABLE `mod279_yoast_primary_term` (
  `id` int unsigned NOT NULL AUTO_INCREMENT,
  `post_id` bigint DEFAULT NULL,
  `term_id` bigint DEFAULT NULL,
  `taxonomy` varchar(32) COLLATE utf8mb4_unicode_520_ci NOT NULL,
  `created_at` datetime DEFAULT NULL,
  `updated_at` timestamp NOT NULL DEFAULT CURRENT_TIMESTAMP ON UPDATE CURRENT_TIMESTAMP,
  `blog_id` bigint NOT NULL DEFAULT '1',
  PRIMARY KEY (`id`),
  KEY `post_taxonomy` (`post_id`,`taxonomy`),
  KEY `post_term` (`post_id`,`term_id`)
) ENGINE=InnoDB AUTO_INCREMENT=17 DEFAULT CHARSET=utf8mb4 COLLATE=utf8mb4_unicode_520_ci;

--
-- Dumping data for table `mod279_yoast_primary_term`
--

INSERT INTO `mod279_yoast_primary_term` VALUES (2,3859,119,'product_cat','2021-02-07 15:01:47','2021-11-17 05:17:36',1),(3,3893,120,'product_cat','2021-02-12 05:06:42','2021-11-17 05:13:38',1),(5,3985,98,'product_cat','2021-03-07 17:12:05','2021-12-27 07:42:06',1),(9,4163,122,'product_cat','2021-04-26 18:28:46','2021-11-17 05:12:23',1),(10,4173,122,'product_cat','2021-04-26 18:28:58','2021-11-17 05:12:13',1),(11,4177,122,'product_cat','2021-04-26 18:33:03','2021-11-16 22:43:22',1),(12,4208,123,'product_cat','2021-12-11 13:35:40','2021-12-27 07:54:55',1),(13,4221,124,'product_cat','2021-12-11 13:41:03','2021-12-11 12:50:52',1),(14,4230,120,'product_cat','2021-12-11 13:52:14','2021-12-19 07:14:01',1),(15,4242,120,'product_cat','2021-12-11 14:07:24','2021-12-11 13:12:22',1),(16,4266,124,'product_cat','2022-01-21 05:57:43','2022-01-21 05:02:00',1);

--
-- Table structure for table `mod279_yoast_seo_links`
--

CREATE TABLE `mod279_yoast_seo_links` (
  `id` bigint unsigned NOT NULL AUTO_INCREMENT,
  `url` varchar(255) DEFAULT NULL,
  `post_id` bigint unsigned DEFAULT NULL,
  `target_post_id` bigint unsigned DEFAULT NULL,
  `type` varchar(8) DEFAULT NULL,
  `indexable_id` int unsigned DEFAULT NULL,
  `target_indexable_id` int unsigned DEFAULT NULL,
  `height` int unsigned DEFAULT NULL,
  `width` int unsigned DEFAULT NULL,
  `size` int unsigned DEFAULT NULL,
  `language` varchar(32) DEFAULT NULL,
  `region` varchar(32) DEFAULT NULL,
  PRIMARY KEY (`id`),
  KEY `link_direction` (`post_id`,`type`),
  KEY `indexable_link_direction` (`indexable_id`,`type`)
) ENGINE=InnoDB AUTO_INCREMENT=4660 DEFAULT CHARSET=utf8mb3;

--
-- Dumping data for table `mod279_yoast_seo_links`
--

INSERT INTO `mod279_yoast_seo_links` VALUES (966,'http://chocolg.cluster029.hosting.ovh.net/shop/',3765,NULL,'external',77,NULL,NULL,NULL,NULL,NULL,NULL),(967,'http://chocolg.cluster029.hosting.ovh.net/shop/',3765,NULL,'external',77,NULL,NULL,NULL,NULL,NULL,NULL),(969,'https://chocolateriehenri4.com/index.php/product-category/pralines-groupantes/',3765,NULL,'internal',77,NULL,NULL,NULL,NULL,NULL,NULL),(970,'https://chocolateriehenri4.com/index.php/la-boutique/panier/',3765,345,'internal',77,6,NULL,NULL,NULL,NULL,NULL),(972,'https://chocolateriehenri4.com/index.php/product/ballotin-125-g/',3765,1145,'internal',77,20,NULL,NULL,NULL,NULL,NULL),(973,'https://chocolateriehenri4.com/index.php/product-category/pralines-groupantes/',3765,NULL,'internal',77,NULL,NULL,NULL,NULL,NULL,NULL),(974,'https://chocolateriehenri4.com/index.php/la-boutique/panier/',3765,345,'internal',77,6,NULL,NULL,NULL,NULL,NULL),(975,'https://chocolateriehenri4.com/index.php/product/ballotin-125-g/',3765,1145,'internal',77,20,NULL,NULL,NULL,NULL,NULL),(976,'https://chocolateriehenri4.com/index.php/la-boutique/panier/',3765,345,'internal',77,6,NULL,NULL,NULL,NULL,NULL),(977,'https://chocolateriehenri4.com/index.php/product/ganaches-coffret/',3765,3177,'internal',77,19,NULL,NULL,NULL,NULL,NULL),(978,'http://chocolg.cluster029.hosting.ovh.net/locations/',3765,NULL,'external',77,NULL,NULL,NULL,NULL,NULL,NULL),(979,'#',3765,NULL,'internal',77,NULL,NULL,NULL,NULL,NULL,NULL),(980,'https://http//bit.ly/383Vh7n',3765,NULL,'external',77,NULL,NULL,NULL,NULL,NULL,NULL),(981,'https://http//bit.ly/383Vh7n',3765,NULL,'external',77,NULL,NULL,NULL,NULL,NULL,NULL),(982,'http://chocolg.cluster029.hosting.ovh.net/shop/',3765,NULL,'external',77,NULL,NULL,NULL,NULL,NULL,NULL),(983,'https://chocolateriehenri4.com/wp-content/uploads/2021/01/Henri-IV-fonddore-1-200x200.jpg',3765,3726,'image-in',77,NULL,850,850,109613,NULL,NULL),(984,'https://chocolateriehenri4.com/wp-content/uploads/2019/11/ballotin-5-700x933.jpg',3765,3335,'image-in',77,NULL,1600,1200,194155,NULL,NULL),(985,'https://chocolateriehenri4.com/wp-content/uploads/2020/11/coffret-a-la-folie-30-ganaches-700x933.jpg',3765,3339,'image-in',77,NULL,1024,768,139016,NULL,NULL),(986,'https://chocolateriehenri4.com/wp-content/uploads/2021/01/chocolaterie-Henri-IV-la-boutique-1.jpg',3765,3437,'image-in',77,NULL,780,640,105479,NULL,NULL),(987,'https://chocolateriehenri4.com/wp-content/uploads/2020/09/Capture-decran-2020-11-12-a-12.44.51.png',3765,3153,'image-in',77,NULL,422,1280,248506,NULL,NULL),(988,'http://chocolg.cluster029.hosting.ovh.net/shop/',3766,NULL,'external',78,NULL,NULL,NULL,NULL,NULL,NULL),(989,'http://chocolg.cluster029.hosting.ovh.net/shop/',3766,NULL,'external',78,NULL,NULL,NULL,NULL,NULL,NULL),(991,'https://chocolateriehenri4.com/index.php/product-category/pralines-groupantes/',3766,NULL,'internal',78,NULL,NULL,NULL,NULL,NULL,NULL),(992,'https://chocolateriehenri4.com/index.php/la-boutique/panier/',3766,345,'internal',78,6,NULL,NULL,NULL,NULL,NULL),(994,'https://chocolateriehenri4.com/index.php/product/ballotin-125-g/',3766,1145,'internal',78,20,NULL,NULL,NULL,NULL,NULL),(995,'https://chocolateriehenri4.com/index.php/product-category/pralines-groupantes/',3766,NULL,'internal',78,NULL,NULL,NULL,NULL,NULL,NULL),(996,'https://chocolateriehenri4.com/index.php/la-boutique/panier/',3766,345,'internal',78,6,NULL,NULL,NULL,NULL,NULL),(997,'https://chocolateriehenri4.com/index.php/product/ballotin-125-g/',3766,1145,'internal',78,20,NULL,NULL,NULL,NULL,NULL),(998,'https://chocolateriehenri4.com/index.php/la-boutique/panier/',3766,345,'internal',78,6,NULL,NULL,NULL,NULL,NULL),(999,'https://chocolateriehenri4.com/index.php/product/ganaches-coffret/',3766,3177,'internal',78,19,NULL,NULL,NULL,NULL,NULL),(1000,'http://chocolg.cluster029.hosting.ovh.net/locations/',3766,NULL,'external',78,NULL,NULL,NULL,NULL,NULL,NULL),(1001,'#',3766,NULL,'internal',78,NULL,NULL,NULL,NULL,NULL,NULL),(1002,'https://http//bit.ly/383Vh7n',3766,NULL,'external',78,NULL,NULL,NULL,NULL,NULL,NULL),(1003,'https://http//bit.ly/383Vh7n',3766,NULL,'external',78,NULL,NULL,NULL,NULL,NULL,NULL),(1004,'http://chocolg.cluster029.hosting.ovh.net/shop/',3766,NULL,'external',78,NULL,NULL,NULL,NULL,NULL,NULL),(1005,'https://chocolateriehenri4.com/wp-content/uploads/2021/01/Henri-IV-fonddore-1-200x200.jpg',3766,3726,'image-in',78,NULL,850,850,109613,NULL,NULL),(1006,'https://chocolateriehenri4.com/wp-content/uploads/2019/11/ballotin-5-700x933.jpg',3766,3335,'image-in',78,NULL,1600,1200,194155,NULL,NULL),(1007,'https://chocolateriehenri4.com/wp-content/uploads/2020/11/coffret-a-la-folie-30-ganaches-700x933.jpg',3766,3339,'image-in',78,NULL,1024,768,139016,NULL,NULL),(1008,'https://chocolateriehenri4.com/wp-content/uploads/2021/01/chocolaterie-Henri-IV-la-boutique-1.jpg',3766,3437,'image-in',78,NULL,780,640,105479,NULL,NULL),(1009,'https://chocolateriehenri4.com/wp-content/uploads/2020/09/Capture-decran-2020-11-12-a-12.44.51.png',3766,3153,'image-in',78,NULL,422,1280,248506,NULL,NULL),(1059,'https://bemyweb.be/',3793,NULL,'external',98,NULL,NULL,NULL,NULL,NULL,NULL),(1164,'http://chocolg.cluster029.hosting.ovh.net/shop/',3025,NULL,'external',11,NULL,NULL,NULL,NULL,NULL,NULL),(1165,'http://chocolg.cluster029.hosting.ovh.net/shop/',3025,NULL,'external',11,NULL,NULL,NULL,NULL,NULL,NULL),(1166,'https://chocolateriehenri4.com/index.php/product/ballotin-125-g/',3025,1145,'internal',11,20,NULL,NULL,NULL,NULL,NULL),(1167,'https://chocolateriehenri4.com/index.php/product/ballotin-125-g/',3025,1145,'internal',11,20,NULL,NULL,NULL,NULL,NULL),(1168,'https://chocolateriehenri4.com/index.php/product/ballotin-125-g/',3025,1145,'internal',11,20,NULL,NULL,NULL,NULL,NULL),(1169,'https://chocolateriehenri4.com/index.php/product/ballotin-125-g/',3025,1145,'internal',11,20,NULL,NULL,NULL,NULL,NULL),(1170,'https://chocolateriehenri4.com/index.php/product/ganaches-coffret/',3025,3177,'internal',11,19,NULL,NULL,NULL,NULL,NULL),(1171,'https://chocolateriehenri4.com/index.php/product/ganaches-coffret/',3025,3177,'internal',11,19,NULL,NULL,NULL,NULL,NULL),(1172,'https://chocolateriehenri4.com/index.php/product/ganaches-coffret/',3025,3177,'internal',11,19,NULL,NULL,NULL,NULL,NULL),(1173,'https://chocolateriehenri4.com/index.php/product/ganaches-coffret/',3025,3177,'internal',11,19,NULL,NULL,NULL,NULL,NULL),(1174,'http://chocolg.cluster029.hosting.ovh.net/shop/',3025,NULL,'external',11,NULL,NULL,NULL,NULL,NULL,NULL),(1175,'http://chocolg.cluster029.hosting.ovh.net/shop/',3025,NULL,'external',11,NULL,NULL,NULL,NULL,NULL,NULL),(1176,'http://chocolg.cluster029.hosting.ovh.net/about/',3025,NULL,'external',11,NULL,NULL,NULL,NULL,NULL,NULL),(1180,'https://chocolateriehenri4.com/index.php/product/ballotin-125-g/',3025,1145,'internal',11,20,NULL,NULL,NULL,NULL,NULL),(1181,'https://chocolateriehenri4.com/index.php/product/ballotin-125-g/',3025,1145,'internal',11,20,NULL,NULL,NULL,NULL,NULL),(1182,'https://chocolateriehenri4.com/index.php/product/ballotin-125-g/',3025,1145,'internal',11,20,NULL,NULL,NULL,NULL,NULL),(1183,'https://chocolateriehenri4.com/index.php/product/ballotin-125-g/',3025,1145,'internal',11,20,NULL,NULL,NULL,NULL,NULL),(1184,'https://chocolateriehenri4.com/index.php/product/ganaches-coffret/',3025,3177,'internal',11,19,NULL,NULL,NULL,NULL,NULL),(1185,'https://chocolateriehenri4.com/index.php/product/ganaches-coffret/',3025,3177,'internal',11,19,NULL,NULL,NULL,NULL,NULL),(1186,'https://chocolateriehenri4.com/index.php/product/ganaches-coffret/',3025,3177,'internal',11,19,NULL,NULL,NULL,NULL,NULL),(1187,'https://chocolateriehenri4.com/index.php/product/ganaches-coffret/',3025,3177,'internal',11,19,NULL,NULL,NULL,NULL,NULL),(1188,'https://chocolateriehenri4.com/index.php/product/bon-cadeau/',3025,3190,'internal',11,44,NULL,NULL,NULL,NULL,NULL),(1189,'https://chocolateriehenri4.com/index.php/product/bon-cadeau/',3025,3190,'internal',11,44,NULL,NULL,NULL,NULL,NULL),(1190,'https://chocolateriehenri4.com/index.php/product/bon-cadeau/',3025,3190,'internal',11,44,NULL,NULL,NULL,NULL,NULL),(1191,'https://chocolateriehenri4.com/index.php/product/bon-cadeau/',3025,3190,'internal',11,44,NULL,NULL,NULL,NULL,NULL),(1192,'http://chocolg.cluster029.hosting.ovh.net/shop/',3025,NULL,'external',11,NULL,NULL,NULL,NULL,NULL,NULL),(1195,'https://chocolateriehenri4.com/index.php/category/non-classe/',3025,NULL,'internal',11,99,NULL,NULL,NULL,NULL,NULL),(1199,'https://chocolateriehenri4.com/index.php/category/non-classe/',3025,NULL,'internal',11,99,NULL,NULL,NULL,NULL,NULL),(1202,'https://chocolateriehenri4.com/index.php/category/bakery/',3025,NULL,'internal',11,104,NULL,NULL,NULL,NULL,NULL),(1203,'https://chocolateriehenri4.com/index.php/category/healthy/',3025,NULL,'internal',11,105,NULL,NULL,NULL,NULL,NULL),(1204,'https://chocolateriehenri4.com/index.php/category/news/',3025,NULL,'internal',11,106,NULL,NULL,NULL,NULL,NULL),(1205,'https://chocolateriehenri4.com/index.php/category/recipes/',3025,NULL,'internal',11,107,NULL,NULL,NULL,NULL,NULL),(1209,'https://chocolateriehenri4.com/index.php/category/bakery/',3025,NULL,'internal',11,104,NULL,NULL,NULL,NULL,NULL),(1210,'https://chocolateriehenri4.com/index.php/category/healthy/',3025,NULL,'internal',11,105,NULL,NULL,NULL,NULL,NULL),(1211,'https://chocolateriehenri4.com/index.php/category/news/',3025,NULL,'internal',11,106,NULL,NULL,NULL,NULL,NULL),(1212,'https://chocolateriehenri4.com/index.php/category/recipes/',3025,NULL,'internal',11,107,NULL,NULL,NULL,NULL,NULL),(1213,'https://http//bit.ly/383Vh7n',3025,NULL,'external',11,NULL,NULL,NULL,NULL,NULL,NULL),(1214,'https://http//bit.ly/383Vh7n',3025,NULL,'external',11,NULL,NULL,NULL,NULL,NULL,NULL),(1215,'http://chocolg.cluster029.hosting.ovh.net/shop/',3025,NULL,'external',11,NULL,NULL,NULL,NULL,NULL,NULL),(1216,'http://chocolg.cluster029.hosting.ovh.net/wp-content/uploads/2019/11/feature-bakery-1-2.png',3025,NULL,'image-ex',11,NULL,NULL,NULL,NULL,NULL,NULL),(1217,'http://chocolg.cluster029.hosting.ovh.net/wp-content/uploads/2019/11/feature-bakery-2-2.png',3025,NULL,'image-ex',11,NULL,NULL,NULL,NULL,NULL,NULL),(1218,'https://s.w.org/images/core/emoji/12.0.0-1/svg/1f64c-1f3fc.svg',3025,NULL,'image-ex',11,NULL,NULL,NULL,NULL,NULL,NULL),(1219,'https://s.w.org/images/core/emoji/12.0.0-1/svg/1f95e.svg',3025,NULL,'image-ex',11,NULL,NULL,NULL,NULL,NULL,NULL),(1220,'https://s.w.org/images/core/emoji/12.0.0-1/svg/2764.svg',3025,NULL,'image-ex',11,NULL,NULL,NULL,NULL,NULL,NULL),(1221,'https://chocolateriehenri4.com/wp-content/uploads/2019/11/ballotin-5.jpg',3025,3335,'image-in',11,NULL,1600,1200,194155,NULL,NULL),(1222,'https://chocolateriehenri4.com/wp-content/uploads/2020/11/coffret-a-la-folie-30-ganaches.jpg',3025,3339,'image-in',11,NULL,1024,768,139016,NULL,NULL),(1223,'http://chocolg.cluster029.hosting.ovh.net/wp-content/uploads/2019/11/feature-bakery-1-2.png',3025,NULL,'image-ex',11,NULL,NULL,NULL,NULL,NULL,NULL),(1224,'http://chocolg.cluster029.hosting.ovh.net/wp-content/uploads/2019/11/feat-bakery-bread.jpg',3025,NULL,'image-ex',11,NULL,NULL,NULL,NULL,NULL,NULL),(1225,'http://chocolg.cluster029.hosting.ovh.net/wp-content/uploads/2019/11/feature-pastrie.jpg',3025,NULL,'image-ex',11,NULL,NULL,NULL,NULL,NULL,NULL),(1226,'http://chocolg.cluster029.hosting.ovh.net/wp-content/uploads/2019/11/feature-bakery-2-2.png',3025,NULL,'image-ex',11,NULL,NULL,NULL,NULL,NULL,NULL),(1227,'https://chocolateriehenri4.com/wp-content/uploads/2019/11/ballotin-5-500x667.jpg',3025,3335,'image-in',11,NULL,1600,1200,194155,NULL,NULL),(1228,'https://chocolateriehenri4.com/wp-content/uploads/2020/11/coffret-a-la-folie-30-ganaches-500x667.jpg',3025,3339,'image-in',11,NULL,1024,768,139016,NULL,NULL),(1229,'https://chocolateriehenri4.com/wp-content/uploads/2020/11/Bon-cadeau-2-500x667.jpg',3025,NULL,'image-in',11,NULL,NULL,NULL,NULL,NULL,NULL),(1231,'http://chocolg.cluster029.hosting.ovh.net/shop/',180,NULL,'external',10,NULL,NULL,NULL,NULL,NULL,NULL),(1232,'http://chocolg.cluster029.hosting.ovh.net/about/',180,NULL,'external',10,NULL,NULL,NULL,NULL,NULL,NULL),(1233,'https://chocolateriehenri4.com/index.php/product/ballotin-125-g/',180,1145,'internal',10,20,NULL,NULL,NULL,NULL,NULL),(1234,'https://chocolateriehenri4.com/index.php/product/ballotin-125-g/',180,1145,'internal',10,20,NULL,NULL,NULL,NULL,NULL),(1235,'https://chocolateriehenri4.com/index.php/product/ballotin-125-g/',180,1145,'internal',10,20,NULL,NULL,NULL,NULL,NULL),(1236,'https://chocolateriehenri4.com/index.php/product/ballotin-125-g/',180,1145,'internal',10,20,NULL,NULL,NULL,NULL,NULL),(1237,'https://chocolateriehenri4.com/index.php/product/ganaches-coffret/',180,3177,'internal',10,19,NULL,NULL,NULL,NULL,NULL),(1238,'https://chocolateriehenri4.com/index.php/product/ganaches-coffret/',180,3177,'internal',10,19,NULL,NULL,NULL,NULL,NULL),(1239,'https://chocolateriehenri4.com/index.php/product/ganaches-coffret/',180,3177,'internal',10,19,NULL,NULL,NULL,NULL,NULL),(1240,'https://chocolateriehenri4.com/index.php/product/ganaches-coffret/',180,3177,'internal',10,19,NULL,NULL,NULL,NULL,NULL),(1244,'https://chocolateriehenri4.com/index.php/product/ballotin-125-g/',180,1145,'internal',10,20,NULL,NULL,NULL,NULL,NULL),(1245,'https://chocolateriehenri4.com/index.php/product/ballotin-125-g/',180,1145,'internal',10,20,NULL,NULL,NULL,NULL,NULL),(1246,'https://chocolateriehenri4.com/index.php/product/ballotin-125-g/',180,1145,'internal',10,20,NULL,NULL,NULL,NULL,NULL),(1247,'https://chocolateriehenri4.com/index.php/product/ballotin-125-g/',180,1145,'internal',10,20,NULL,NULL,NULL,NULL,NULL),(1248,'https://chocolateriehenri4.com/index.php/product/ganaches-coffret/',180,3177,'internal',10,19,NULL,NULL,NULL,NULL,NULL),(1249,'https://chocolateriehenri4.com/index.php/product/ganaches-coffret/',180,3177,'internal',10,19,NULL,NULL,NULL,NULL,NULL),(1250,'https://chocolateriehenri4.com/index.php/product/ganaches-coffret/',180,3177,'internal',10,19,NULL,NULL,NULL,NULL,NULL),(1251,'https://chocolateriehenri4.com/index.php/product/ganaches-coffret/',180,3177,'internal',10,19,NULL,NULL,NULL,NULL,NULL),(1252,'https://chocolateriehenri4.com/index.php/product/bon-cadeau/',180,3190,'internal',10,44,NULL,NULL,NULL,NULL,NULL),(1253,'https://chocolateriehenri4.com/index.php/product/bon-cadeau/',180,3190,'internal',10,44,NULL,NULL,NULL,NULL,NULL),(1254,'https://chocolateriehenri4.com/index.php/product/bon-cadeau/',180,3190,'internal',10,44,NULL,NULL,NULL,NULL,NULL),(1255,'https://chocolateriehenri4.com/index.php/product/bon-cadeau/',180,3190,'internal',10,44,NULL,NULL,NULL,NULL,NULL),(1256,'https://http//bit.ly/383Vh7n',180,NULL,'external',10,NULL,NULL,NULL,NULL,NULL,NULL),(1257,'https://http//bit.ly/383Vh7n',180,NULL,'external',10,NULL,NULL,NULL,NULL,NULL,NULL),(1258,'https://http//bit.ly/383Vh7n',180,NULL,'external',10,NULL,NULL,NULL,NULL,NULL,NULL),(1259,'http://chocolg.cluster029.hosting.ovh.net/shop/',180,NULL,'external',10,NULL,NULL,NULL,NULL,NULL,NULL),(1274,'https://http//bit.ly/383Vh7n',180,NULL,'external',10,NULL,NULL,NULL,NULL,NULL,NULL),(1275,'https://http//bit.ly/383Vh7n',180,NULL,'external',10,NULL,NULL,NULL,NULL,NULL,NULL),(1276,'https://http//bit.ly/383Vh7n',180,NULL,'external',10,NULL,NULL,NULL,NULL,NULL,NULL),(1277,'https://http//bit.ly/383Vh7n',180,NULL,'external',10,NULL,NULL,NULL,NULL,NULL,NULL),(1278,'http://chocolg.cluster029.hosting.ovh.net/shop/',180,NULL,'external',10,NULL,NULL,NULL,NULL,NULL,NULL),(1279,'https://chocolateriehenri4.com/wp-content/uploads/2019/11/ballotin-5.jpg',180,3335,'image-in',10,NULL,1600,1200,194155,NULL,NULL),(1280,'https://chocolateriehenri4.com/wp-content/uploads/2020/11/coffret-a-la-folie-30-ganaches.jpg',180,3339,'image-in',10,NULL,1024,768,139016,NULL,NULL),(1281,'https://chocolateriehenri4.com/wp-content/uploads/2019/11/ballotin-5-500x667.jpg',180,3335,'image-in',10,NULL,1600,1200,194155,NULL,NULL),(1282,'https://chocolateriehenri4.com/wp-content/uploads/2020/11/coffret-a-la-folie-30-ganaches-500x667.jpg',180,3339,'image-in',10,NULL,1024,768,139016,NULL,NULL),(1283,'https://chocolateriehenri4.com/wp-content/uploads/2020/11/Bon-cadeau-2-500x667.jpg',180,NULL,'image-in',10,NULL,NULL,NULL,NULL,NULL,NULL),(1286,'https://chocolateriehenri4.com/wp-content/uploads/2019/11/gallery-offer-3.jpg',180,1050,'image-in',10,NULL,284,360,14928,NULL,NULL),(1289,'http://chocolg.cluster029.hosting.ovh.net/wp-content/uploads/2019/11/avada-recipes-book.jpg',180,NULL,'image-ex',10,NULL,NULL,NULL,NULL,NULL,NULL),(1290,'http://chocolg.cluster029.hosting.ovh.net/wp-content/uploads/2019/11/decorating-masterclass.jpg',180,NULL,'image-ex',10,NULL,NULL,NULL,NULL,NULL,NULL),(1291,'http://chocolg.cluster029.hosting.ovh.net/wp-content/uploads/2019/11/download-app.png',180,NULL,'image-ex',10,NULL,NULL,NULL,NULL,NULL,NULL),(3911,'https://chocolateriehenri4.com/index.php/contact/',341,359,'internal',4,8,NULL,NULL,NULL,NULL,NULL),(4256,'https://www.1030.be/fr/culture-loisirs/fetes-traditions/folklore-traditions/cite-des-anes',342,NULL,'external',12,NULL,NULL,NULL,NULL,NULL,NULL),(4257,'https://chocolateriehenri4.com/index.php/la-boutique/',342,341,'internal',12,4,NULL,NULL,NULL,NULL,NULL),(4258,'https://chocolateriehenri4.com/index.php/la-boutique/',342,341,'internal',12,4,NULL,NULL,NULL,NULL,NULL),(4356,'https://chocolateriehenri4.com/index.php/contact/',3191,359,'internal',13,8,NULL,NULL,NULL,NULL,NULL),(4358,'https://chocolateriehenri4.com/index.php/product/card-message/',3191,3859,'internal',13,402,NULL,NULL,NULL,NULL,NULL),(4359,'https://chocolateriehenri4.com/index.php/la-boutique/',3191,341,'internal',13,4,NULL,NULL,NULL,NULL,NULL),(4361,'http://chocolg.cluster029.hosting.ovh.net/locations/',359,NULL,'external',8,NULL,NULL,NULL,NULL,NULL,NULL),(4362,'https://chocolateriehenri4.com/index.php/la-boutique/',359,341,'internal',8,4,NULL,NULL,NULL,NULL,NULL),(4363,'https://chocolateriehenri4.com/wp-content/uploads/2021/01/chocolaterie-Henri-IV-la-boutique-1.jpg',359,3437,'image-in',8,NULL,780,640,105479,NULL,NULL),(4596,'https://chocolateriehenri4.com/index.php/la-boutique/',340,341,'internal',2,4,NULL,NULL,NULL,NULL,NULL),(4597,'https://chocolateriehenri4.com/index.php/la-boutique/',340,341,'internal',2,4,NULL,NULL,NULL,NULL,NULL),(4598,'https://chocolateriehenri4.com/index.php/product/formule-1-box-roses-eternelles-et-chocolats/',340,4177,'internal',2,595,NULL,NULL,NULL,NULL,NULL),(4599,'https://chocolateriehenri4.com/index.php/product-category/fete-des-mamans/',340,NULL,'internal',2,587,NULL,NULL,NULL,NULL,NULL),(4600,'https://chocolateriehenri4.com/index.php/product-category/occasions-speciales-et-fetes/',340,NULL,'internal',2,433,NULL,NULL,NULL,NULL,NULL),(4602,'https://chocolateriehenri4.com/index.php/product/formule-1-box-roses-eternelles-et-chocolats/',340,4177,'internal',2,595,NULL,NULL,NULL,NULL,NULL),(4603,'https://chocolateriehenri4.com/index.php/product/formule-3-bouquet-signature-et-panier-gourmandises/',340,4173,'internal',2,591,NULL,NULL,NULL,NULL,NULL),(4604,'https://chocolateriehenri4.com/index.php/product-category/fete-des-mamans/',340,NULL,'internal',2,587,NULL,NULL,NULL,NULL,NULL),(4605,'https://chocolateriehenri4.com/index.php/product-category/occasions-speciales-et-fetes/',340,NULL,'internal',2,433,NULL,NULL,NULL,NULL,NULL),(4607,'https://chocolateriehenri4.com/index.php/product/formule-3-bouquet-signature-et-panier-gourmandises/',340,4173,'internal',2,591,NULL,NULL,NULL,NULL,NULL),(4608,'https://chocolateriehenri4.com/index.php/product/fetes-des-mamans/',340,4163,'internal',2,580,NULL,NULL,NULL,NULL,NULL),(4609,'https://chocolateriehenri4.com/index.php/product-category/fete-des-mamans/',340,NULL,'internal',2,587,NULL,NULL,NULL,NULL,NULL),(4610,'https://chocolateriehenri4.com/index.php/product-category/occasions-speciales-et-fetes/',340,NULL,'internal',2,433,NULL,NULL,NULL,NULL,NULL),(4612,'https://chocolateriehenri4.com/index.php/product/fetes-des-mamans/',340,4163,'internal',2,580,NULL,NULL,NULL,NULL,NULL),(4613,'https://chocolateriehenri4.com/index.php/product/ballotin-125-g/',340,1145,'internal',2,20,NULL,NULL,NULL,NULL,NULL),(4614,'https://chocolateriehenri4.com/index.php/product-category/pralines-groupantes/',340,NULL,'internal',2,109,NULL,NULL,NULL,NULL,NULL),(4616,'https://chocolateriehenri4.com/index.php/product/ballotin-125-g/',340,1145,'internal',2,20,NULL,NULL,NULL,NULL,NULL),(4617,'https://chocolateriehenri4.com/index.php/product/ganaches-coffret/',340,3177,'internal',2,19,NULL,NULL,NULL,NULL,NULL),(4618,'https://chocolateriehenri4.com/index.php/product-category/collection-prestige-les-ganaches/',340,NULL,'internal',2,110,NULL,NULL,NULL,NULL,NULL),(4620,'https://chocolateriehenri4.com/index.php/product/ganaches-coffret/',340,3177,'internal',2,19,NULL,NULL,NULL,NULL,NULL),(4621,'https://chocolateriehenri4.com/index.php/product/coeur/',340,3893,'internal',2,425,NULL,NULL,NULL,NULL,NULL),(4622,'https://chocolateriehenri4.com/index.php/product-category/occasions-speciales-et-fetes/',340,NULL,'internal',2,433,NULL,NULL,NULL,NULL,NULL),(4624,'https://chocolateriehenri4.com/index.php/product/coeur/',340,3893,'internal',2,425,NULL,NULL,NULL,NULL,NULL),(4625,'https://www.1030.be/fr/culture-loisirs/fetes-traditions/folklore-traditions/cite-des-anes',340,NULL,'external',2,NULL,NULL,NULL,NULL,NULL,NULL),(4626,'https://chocolateriehenri4.com/index.php/la-chocolaterie/',340,342,'internal',2,12,NULL,NULL,NULL,NULL,NULL),(4627,'https://chocolateriehenri4.com/index.php/product-category/pralines-groupantes/',340,NULL,'internal',2,109,NULL,NULL,NULL,NULL,NULL),(4628,'http://chocolg.cluster029.hosting.ovh.net/locations/',340,NULL,'external',2,NULL,NULL,NULL,NULL,NULL,NULL),(4629,'https://mapstr.com/place/DOLAOzaveeg',340,NULL,'external',2,NULL,NULL,NULL,NULL,NULL,NULL),(4630,'https://shop1030.be/:185',340,NULL,'external',2,NULL,NULL,NULL,NULL,NULL,NULL),(4631,'https://atelierdelarose.com/',340,NULL,'external',2,NULL,NULL,NULL,NULL,NULL,NULL),(4632,'https://www.instagram.com/chocolaterie_henri4/',340,NULL,'external',2,NULL,NULL,NULL,NULL,NULL,NULL),(4633,'https://www.facebook.com/chocolateriehenri4/',340,NULL,'external',2,NULL,NULL,NULL,NULL,NULL,NULL),(4634,'https://chocolateriehenri4.com/index.php/la-boutique/',340,341,'internal',2,4,NULL,NULL,NULL,NULL,NULL),(4635,'https://chocolateriehenri4.com/wp-content/uploads/2021/01/Henri-IV-fonddore-1-200x200.jpg',340,3726,'image-in',2,NULL,850,850,109613,NULL,NULL),(4636,'https://chocolateriehenri4.com/wp-content/uploads/2021/04/Formule-1-700x933.jpg',340,4180,'image-in',2,NULL,1920,1440,327577,NULL,NULL),(4637,'https://chocolateriehenri4.com/wp-content/uploads/2021/04/Formule-3--700x933.jpg',340,4176,'image-in',2,NULL,1920,1440,430724,NULL,NULL),(4638,'https://chocolateriehenri4.com/wp-content/uploads/2021/04/Formule-2-700x933.jpg',340,4170,'image-in',2,NULL,1920,1440,375832,NULL,NULL),(4639,'https://chocolateriehenri4.com/wp-content/uploads/2020/11/Ballotins-700x933.jpg',340,NULL,'image-in',2,NULL,NULL,NULL,NULL,NULL,NULL),(4641,'https://chocolateriehenri4.com/wp-content/uploads/2021/02/Grand-coeur-scaled-700x700.jpg',340,3901,'image-in',2,NULL,2560,2560,732300,NULL,NULL),(4642,'https://chocolateriehenri4.com/wp-content/uploads/2021/01/chocolaterie-Henri-IV-la-boutique-1.jpg',340,3437,'image-in',2,NULL,780,640,105479,NULL,NULL),(4643,'https://chocolateriehenri4.com/wp-content/uploads/2021/03/Capture-decran-2021-03-20-a-10.04.18.png',340,4024,'image-in',2,NULL,560,1202,285519,NULL,NULL),(4644,'https://chocolateriehenri4.com/wp-content/uploads/2020/09/2021_01_30_Shooting-Chocolat-Selena-4C-38-scaled.jpg',340,3817,'image-in',2,NULL,2560,1920,592703,NULL,NULL),(4645,'https://chocolateriehenri4.com/wp-content/uploads/2020/09/2021_01_30_Shooting-Chocolat-Selena-4C-05-scaled.jpg',340,3816,'image-in',2,NULL,2560,1920,1029214,NULL,NULL),(4646,'https://chocolateriehenri4.com/index.php/product/paniers-gourmands-3/',340,4242,'internal',2,651,NULL,NULL,NULL,NULL,NULL),(4647,'https://chocolateriehenri4.com/index.php/product-category/panier-gourmand/',340,NULL,'internal',2,641,NULL,NULL,NULL,NULL,NULL),(4648,'https://chocolateriehenri4.com/index.php/product/paniers-gourmands-3/',340,4242,'internal',2,651,NULL,NULL,NULL,NULL,NULL),(4649,'https://chocolateriehenri4.com/index.php/product-category/orangettes-citronnetes-gingembrettes/',340,NULL,'internal',2,650,NULL,NULL,NULL,NULL,NULL),(4650,'https://chocolateriehenri4.com/index.php/product/paniers-gourmands/',340,4221,'internal',2,629,NULL,NULL,NULL,NULL,NULL),(4651,'https://chocolateriehenri4.com/index.php/product-category/panier-gourmand-et-bouquet/',340,NULL,'internal',2,632,NULL,NULL,NULL,NULL,NULL),(4652,'https://chocolateriehenri4.com/index.php/product/paniers-gourmands/',340,4221,'internal',2,629,NULL,NULL,NULL,NULL,NULL),(4653,'https://chocolateriehenri4.com/index.php/product/bouquet-ganaches/',340,4208,'internal',2,615,NULL,NULL,NULL,NULL,NULL),(4654,'https://chocolateriehenri4.com/index.php/product-category/occasions-speciales-et-fetes/bouquet-et-pralines-ganaches/',340,NULL,'internal',2,623,NULL,NULL,NULL,NULL,NULL),(4655,'https://chocolateriehenri4.com/index.php/product/bouquet-ganaches/',340,4208,'internal',2,615,NULL,NULL,NULL,NULL,NULL),(4656,'https://chocolateriehenri4.com/wp-content/uploads/2021/12/IMG_8323-1-700x1050.jpg',340,4237,'image-in',2,NULL,2560,1707,760365,NULL,NULL),(4657,'https://chocolateriehenri4.com/wp-content/uploads/2021/12/IMG_8383-700x1050.jpg',340,4226,'image-in',2,NULL,2560,1707,746882,NULL,NULL),(4658,'https://chocolateriehenri4.com/wp-content/uploads/2021/12/IMG_8407-700x1050.jpg',340,4220,'image-in',2,NULL,2560,1707,773811,NULL,NULL),(4659,'https://chocolateriehenri4.com/wp-content/uploads/2021/12/IMG_8286-700x1050.jpg',340,4251,'image-in',2,NULL,2560,1707,492618,NULL,NULL);


